{"id":29247,"date":"2026-03-18T13:20:55","date_gmt":"2026-03-18T13:20:55","guid":{"rendered":"https:\/\/soydeaqui.ddns.net\/pachuca\/index.php\/producto\/torniquete-central-para-ampliar-carriles-con-12-pares-de-detectores-ir-para-validacion-de-permisos-soporta-terminal-de-reconocimiento-facial-audio-personalizable\/"},"modified":"2026-03-18T13:20:56","modified_gmt":"2026-03-18T13:20:56","slug":"torniquete-central-para-ampliar-carriles-con-12-pares-de-detectores-ir-para-validacion-de-permisos-soporta-terminal-de-reconocimiento-facial-audio-personalizable","status":"publish","type":"product","link":"https:\/\/soydeaqui.ddns.net\/pachuca\/index.php\/producto\/torniquete-central-para-ampliar-carriles-con-12-pares-de-detectores-ir-para-validacion-de-permisos-soporta-terminal-de-reconocimiento-facial-audio-personalizable\/","title":{"rendered":"Torniquete Central para ampliar carriles \/Con 12 pares de detectores IR para validaci\u00f3n de permisos\/ Soporta Terminal de reconocimiento facial\/ audio personalizable."},"content":{"rendered":"<div style='width: 100%; max-width: 1200px; margin: 0 auto; font-family: sans-serif; line-height: 1.6; color: inherit; background-color: transparent;'> <img style='width: 100%; height: auto; border: 1px solid rgba(150&comma;150&comma;150&comma;0.3); border-radius: 8px;' src='http:\/\/ftp3.syscom.mx\/usuarios\/jdelafuente\/HIKVISION\/hikvision%20logo%20complete.png' alt=''> <\/p>\n<div style='display: flex; flex-wrap: wrap; gap: 30px; margin: 30px 0;'>\n<div style='flex: 1 1 300px; min-width: 280px;'>\n<div style='position: relative; padding-bottom: 56.25%; height: 0; overflow: hidden; margin-bottom: 30px;'>   <\/div>\n<\/p><\/div>\n<div style='flex: 1 1 300px; min-width: 280px;'>\n<div style='position: relative; padding-bottom: 56.25%; height: 0; overflow: hidden; margin-bottom: 30px;'>   <\/div>\n<\/p><\/div>\n<div style='flex: 1 1 300px; min-width: 280px;'>\n<div style='position: relative; padding-bottom: 56.25%; height: 0; overflow: hidden; margin-bottom: 30px;'>   <\/div>\n<\/p><\/div>\n<\/p><\/div>\n<div style='display: flex; flex-wrap: wrap; gap: 30px; margin-bottom: 30px;'>\n<div style='flex: 1 1 300px; min-width: 280px;'>\n<h3 style='font-size: 22px; border-bottom: 2px solid currentColor; padding-bottom: 5px; margin-top: 0; color: inherit; opacity: 0.8;'>Caracter\u00edsticas Principales<\/h3>\n<ul style='padding-left: 20px; font-size: 15px; color: inherit;'>\n<li style='margin-bottom: 5px;'>LED indicador de direcci\u00f3n de paso<\/li>\n<li style='margin-bottom: 5px;'>Throughput: 30 a 60 personas por minuto<\/li>\n<li style='margin-bottom: 5px;'>Manejo mediante control remoto<\/li>\n<li style='margin-bottom: 5px;'>Auto detecci\u00f3n&comma; auto diagn\u00f3stico y alarma autom\u00e1tica<\/li>\n<li style='margin-bottom: 5px;'>La alarma sonora y visual incluye: Alarma de intrusi\u00f3n&comma; alarma de marcha atr\u00e1s y alarma de cambio de posici\u00f3n<\/li>\n<li style='margin-bottom: 5px;'>Configuraci\u00f3n de estado de barrera para entrada y salida<\/li>\n<li style='margin-bottom: 5px;'>Gesti\u00f3n a trav\u00e9s del cliente iVMS-4200<\/li>\n<\/ul><\/div>\n<div style='flex: 1 1 300px; min-width: 280px;'>\n<h3 style='font-size: 22px; border-bottom: 2px solid currentColor; padding-bottom: 5px; margin-top: 0; color: inherit; opacity: 0.8;'>Caracter\u00edsticas F\u00edsicas y El\u00e9ctricas<\/h3>\n<ul style='padding-left: 20px; font-size: 15px; color: inherit;'>\n<li style='margin-bottom: 5px;'>Material: Acero inoxidable<\/li>\n<li style='margin-bottom: 5px;'>Voltaje de operaci\u00f3n: 100 to 240 VAC; 50 to 60 Hz<\/li>\n<li style='margin-bottom: 5px;'>Temperatura de operaci\u00f3n: -25 \u00b0C to 70 \u00b0C (-13 \u00b0F to 158 \u00b0F)<\/li>\n<li style='margin-bottom: 5px;'>Dimensiones: 1500x 200 \u00d7 990 mm (59.06\u201d \u00d7 7.87\u201d \u00d7 38.98\u201d)<\/li>\n<li style='margin-bottom: 5px;'>Peso: 110kg<\/li>\n<\/ul><\/div>\n<div style='flex: 1 1 300px; min-width: 280px;'>\n<h3 style='font-size: 22px; border-bottom: 2px solid currentColor; padding-bottom: 5px; margin-top: 0; color: inherit; opacity: 0.8;'>Caracter\u00edsticas Destacadas<\/h3>\n<div style='font-size: 15px; color: inherit;'>\n<p>Esta barrera corresponde al CENTRAL Opcion Ampliacion de Carriles&comma; cuenta con detecci\u00f3n anti-fuerza esto hace que la barrera se bloquee autom\u00e1ticamente al detectar el acceso a la fuerza.<\/p>\n<p>La puerta permanece abierta cuando se dispara la alarma de incendio.<\/p>\n<\/p><\/div>\n<\/p><\/div>\n<\/p><\/div>\n<\/p><\/div>\n","protected":false},"excerpt":{"rendered":"<p>Torniquete Central para ampliar carriles \/Con 12 pares de detectores IR para validaci\u00f3n de permisos\/ Soporta Terminal de reconocimiento facial\/ audio personalizable.<\/p>\n","protected":false},"featured_media":29246,"comment_status":"open","ping_status":"closed","template":"","meta":[],"product_brand":[],"product_cat":[774],"product_tag":[54,775,759],"class_list":{"0":"post-29247","1":"product","2":"type-product","3":"status-publish","4":"has-post-thumbnail","6":"product_cat-puertas-de-cortesia","7":"product_tag-hikvision","8":"product_tag-puertas-de-cortesia","9":"product_tag-torniquetes-y-puertas-de-cortesia","11":"first","12":"outofstock","13":"sale","14":"shipping-taxable","15":"purchasable","16":"product-type-simple"},"_links":{"self":[{"href":"https:\/\/soydeaqui.ddns.net\/pachuca\/index.php\/wp-json\/wp\/v2\/product\/29247","targetHints":{"allow":["GET"]}}],"collection":[{"href":"https:\/\/soydeaqui.ddns.net\/pachuca\/index.php\/wp-json\/wp\/v2\/product"}],"about":[{"href":"https:\/\/soydeaqui.ddns.net\/pachuca\/index.php\/wp-json\/wp\/v2\/types\/product"}],"replies":[{"embeddable":true,"href":"https:\/\/soydeaqui.ddns.net\/pachuca\/index.php\/wp-json\/wp\/v2\/comments?post=29247"}],"wp:featuredmedia":[{"embeddable":true,"href":"https:\/\/soydeaqui.ddns.net\/pachuca\/index.php\/wp-json\/wp\/v2\/media\/29246"}],"wp:attachment":[{"href":"https:\/\/soydeaqui.ddns.net\/pachuca\/index.php\/wp-json\/wp\/v2\/media?parent=29247"}],"wp:term":[{"taxonomy":"product_brand","embeddable":true,"href":"https:\/\/soydeaqui.ddns.net\/pachuca\/index.php\/wp-json\/wp\/v2\/product_brand?post=29247"},{"taxonomy":"product_cat","embeddable":true,"href":"https:\/\/soydeaqui.ddns.net\/pachuca\/index.php\/wp-json\/wp\/v2\/product_cat?post=29247"},{"taxonomy":"product_tag","embeddable":true,"href":"https:\/\/soydeaqui.ddns.net\/pachuca\/index.php\/wp-json\/wp\/v2\/product_tag?post=29247"}],"curies":[{"name":"wp","href":"https:\/\/api.w.org\/{rel}","templated":true}]}}