{"id":29237,"date":"2026-03-18T13:20:44","date_gmt":"2026-03-18T13:20:44","guid":{"rendered":"https:\/\/soydeaqui.ddns.net\/pachuca\/index.php\/producto\/alcohol-isopropilico-para-limpieza-de-equipos-de-video-fibra-optica-computo-y-equipo-telefonico-1000-ml\/"},"modified":"2026-03-18T13:20:46","modified_gmt":"2026-03-18T13:20:46","slug":"alcohol-isopropilico-para-limpieza-de-equipos-de-video-fibra-optica-computo-y-equipo-telefonico-1000-ml","status":"publish","type":"product","link":"https:\/\/soydeaqui.ddns.net\/pachuca\/index.php\/producto\/alcohol-isopropilico-para-limpieza-de-equipos-de-video-fibra-optica-computo-y-equipo-telefonico-1000-ml\/","title":{"rendered":"Alcohol Isopropilico para limpieza de equipos de v\u00eddeo, fibra \u00f3ptica, c\u00f3mputo, y equipo telef\u00f3nico 1000 mL"},"content":{"rendered":"<div style='width: 100%; max-width: 1200px; margin: 0 auto; font-family: sans-serif; line-height: 1.6; color: inherit; background-color: transparent;'>\n<div style='display: flex; flex-direction: column; gap: 30px;'>\n<div style='width: 100%;'> <img style='width: 100%; height: auto; border: 1px solid rgba(150&comma;150&comma;150&comma;0.3); border-radius: 8px;' src='https:\/\/ftp3.syscom.mx\/usuarios\/fotos\/ALCOHOL\/164414-silimexup.jpg' alt=''> <\/div>\n<div style='display: flex; flex-wrap: wrap; gap: 30px;'>\n<div style='flex: 1 1 300px; min-width: 280px;'>\n<h3 style='font-size: 22px; border-bottom: 2px solid currentColor; padding-bottom: 5px; margin-top: 0; color: inherit; opacity: 0.8;'>Descripci\u00f3n<\/h3>\n<p style='font-size: 15px; color: inherit; margin: 15px 0;'> Alcohol isoprop\u00edlico&comma; limpiador liquido auxiliar para remover cualquier tipo de impureza org\u00e1nica. <\/p>\n<\/p><\/div>\n<div style='flex: 1 1 300px; min-width: 280px;'>\n<h3 style='font-size: 22px; border-bottom: 2px solid currentColor; padding-bottom: 5px; margin-top: 0; color: inherit; opacity: 0.8;'>Indicaciones de uso<\/h3>\n<ul style='padding-left: 20px; font-size: 15px; color: inherit;'>\n<li style='margin-bottom: 5px;'>No necesita agitarlo antes de usar.<\/li>\n<li style='margin-bottom: 5px;'>Debe aplicar el producto a una distancia de 15 a 20 cm para evitar el choque t\u00e9rmico.<\/li>\n<li style='margin-bottom: 5px;'>Puede auxiliarse de una brocha si hay exceso de suciedad.<\/li>\n<li style='margin-bottom: 5px;'>Este producto se evapora a los pocos minutos y deja una capa protectora repelente al polvo.<\/li>\n<li style='margin-bottom: 5px;'>Debido a su alta resistencia diel\u00e9ctrica puede usarlo con toda seguridad en equipos de funcionamiento continuo.<\/li>\n<\/ul><\/div>\n<div style='flex: 1 1 300px; min-width: 280px;'>\n<h3 style='font-size: 22px; border-bottom: 2px solid currentColor; padding-bottom: 5px; margin-top: 0; color: inherit; opacity: 0.8;'>Precauciones de uso<\/h3>\n<ul style='padding-left: 20px; font-size: 15px; color: inherit;'>\n<li style='margin-bottom: 5px;'>Mantenga el envase en un lugar fresco y ventilado.<\/li>\n<li style='margin-bottom: 5px;'>Al\u00e9jese de fuentes de calor.<\/li>\n<li style='margin-bottom: 5px;'>No se ingiera&comma; en caso de ingesta&comma; consulte al m\u00e9dico.<\/li>\n<li style='margin-bottom: 5px;'>Producto flamable&comma; no se deje destapado.<\/li>\n<li style='margin-bottom: 5px;'>Evite el contacto con los ojos&comma; no se deje al alcance de los ni\u00f1os.<\/li>\n<\/ul><\/div>\n<div style='flex: 1 1 300px; min-width: 280px;'>\n<h3 style='font-size: 22px; border-bottom: 2px solid currentColor; padding-bottom: 5px; margin-top: 0; color: inherit; opacity: 0.8;'>Presentaci\u00f3n<\/h3>\n<p style='font-size: 15px; color: inherit; margin: 15px 0;'> Envase de 1000 mL. <\/p>\n<\/p><\/div>\n<\/p><\/div>\n<div style='width: 100%;'>\n<div style='position: relative; padding-bottom: 56.25%; height: 0; overflow: hidden; margin-bottom: 30px;'>   <\/div>\n<\/p><\/div>\n<div style='width: 100%;'> <img style='width: 100%; height: auto; border: 1px solid rgba(150&comma;150&comma;150&comma;0.3); border-radius: 8px;' src='https:\/\/ftp3.syscom.mx\/usuarios\/fotos\/ALCOHOL\/164414-linkdn.png' alt=''> <\/div>\n<\/p><\/div>\n<\/p><\/div>\n","protected":false},"excerpt":{"rendered":"<p>Alcohol Isopropilico para limpieza de equipos de v\u00eddeo, fibra \u00f3ptica, c\u00f3mputo, y equipo telef\u00f3nico 1000 mL<\/p>\n","protected":false},"featured_media":29236,"comment_status":"open","ping_status":"closed","template":"","meta":[],"product_brand":[],"product_cat":[434],"product_tag":[26,25,607],"class_list":{"0":"post-29237","1":"product","2":"type-product","3":"status-publish","4":"has-post-thumbnail","6":"product_cat-accesorios-de-instalacion-herramientas-automatizacion-e-intrusion","7":"product_tag-accesorios-de-instalacion","8":"product_tag-herramientas","9":"product_tag-silimex","11":"first","12":"instock","13":"sale","14":"shipping-taxable","15":"purchasable","16":"product-type-simple"},"_links":{"self":[{"href":"https:\/\/soydeaqui.ddns.net\/pachuca\/index.php\/wp-json\/wp\/v2\/product\/29237","targetHints":{"allow":["GET"]}}],"collection":[{"href":"https:\/\/soydeaqui.ddns.net\/pachuca\/index.php\/wp-json\/wp\/v2\/product"}],"about":[{"href":"https:\/\/soydeaqui.ddns.net\/pachuca\/index.php\/wp-json\/wp\/v2\/types\/product"}],"replies":[{"embeddable":true,"href":"https:\/\/soydeaqui.ddns.net\/pachuca\/index.php\/wp-json\/wp\/v2\/comments?post=29237"}],"wp:featuredmedia":[{"embeddable":true,"href":"https:\/\/soydeaqui.ddns.net\/pachuca\/index.php\/wp-json\/wp\/v2\/media\/29236"}],"wp:attachment":[{"href":"https:\/\/soydeaqui.ddns.net\/pachuca\/index.php\/wp-json\/wp\/v2\/media?parent=29237"}],"wp:term":[{"taxonomy":"product_brand","embeddable":true,"href":"https:\/\/soydeaqui.ddns.net\/pachuca\/index.php\/wp-json\/wp\/v2\/product_brand?post=29237"},{"taxonomy":"product_cat","embeddable":true,"href":"https:\/\/soydeaqui.ddns.net\/pachuca\/index.php\/wp-json\/wp\/v2\/product_cat?post=29237"},{"taxonomy":"product_tag","embeddable":true,"href":"https:\/\/soydeaqui.ddns.net\/pachuca\/index.php\/wp-json\/wp\/v2\/product_tag?post=29237"}],"curies":[{"name":"wp","href":"https:\/\/api.w.org\/{rel}","templated":true}]}}