{"id":29086,"date":"2026-03-18T13:17:11","date_gmt":"2026-03-18T13:17:11","guid":{"rendered":"https:\/\/soydeaqui.ddns.net\/pachuca\/index.php\/producto\/auricular-para-sistema-klpd410-y-kip120\/"},"modified":"2026-03-18T13:17:13","modified_gmt":"2026-03-18T13:17:13","slug":"auricular-para-sistema-klpd410-y-kip120","status":"publish","type":"product","link":"https:\/\/soydeaqui.ddns.net\/pachuca\/index.php\/producto\/auricular-para-sistema-klpd410-y-kip120\/","title":{"rendered":"Auricular para sistema KLPD410 y KIP120"},"content":{"rendered":"<div style='width: 100%; max-width: 1200px; margin: 0 auto; font-family: sans-serif; line-height: 1.6; color: inherit; background-color: transparent;'>\n<div style='display: flex; flex-wrap: wrap; gap: 30px; margin-bottom: 30px;'>\n<div style='flex: 1 1 300px; min-width: 280px;'>\n<h3 style='font-size: 22px; border-bottom: 2px solid currentColor; padding-bottom: 5px; margin-top: 0; color: inherit; opacity: 0.8;'>Caracter\u00edsticas principales<\/h3>\n<ul style='padding-left: 20px; font-size: 15px; color: inherit;'>\n<li style='margin-bottom: 5px;'><span style='color: inherit; font-size: 14px;'>Compatible con <a style='color: inherit; text-decoration: underline; font-weight: 600;' href='https:\/\/www.syscom.mx\/producto\/KLPD410-KOCOM-163249.html'>KLPD410<\/a> y estaci\u00f3n de guardia <a style='color: inherit; text-decoration: underline; font-weight: 600;' href='https:\/\/www.syscom.mx\/producto\/KIP120-KOCOM-163239.html'>KIP120<\/a><\/span><\/li>\n<li style='margin-bottom: 5px;'><span style='color: inherit; font-size: 14px;'>Uso para interior<\/span><\/li>\n<li style='margin-bottom: 5px;'><span style='color: inherit; font-size: 14px;'>Cableado de 5 hilos<\/span><\/li>\n<li style='margin-bottom: 5px;'><span style='color: inherit; font-size: 14px;'>Funci\u00f3n de apertura de puerta<\/span><\/li>\n<li style='margin-bottom: 5px;'><span style='color: inherit; font-size: 14px;'>Sonido electr\u00f3nico<\/span><\/li>\n<\/ul><\/div>\n<div style='flex: 1 1 300px; min-width: 280px;'>\n<h3 style='font-size: 22px; border-bottom: 2px solid currentColor; padding-bottom: 5px; margin-top: 0; color: inherit; opacity: 0.8;'>Caracter\u00edsticas F\u00edsicas y El\u00e9ctricas<\/h3>\n<ul style='padding-left: 20px; font-size: 15px; color: inherit;'>\n<li style='margin-bottom: 5px;'><span style='color: inherit; font-size: 14px;'>Temperatura de operaci\u00f3n de 0 &#8211; 50\u00b0C<\/span><\/li>\n<li style='margin-bottom: 5px;'><span style='color: inherit; font-size: 14px;'>Consumo de corriente de 30 mA<\/span><\/li>\n<li style='margin-bottom: 5px;'><span style='color: inherit; font-size: 14px;'>Compatible solo con <a style='color: inherit; text-decoration: underline; font-weight: 600;' href='http:\/\/www.syscom.mx\/producto\/KLP1000-SYSCOM-BY-KOCOM-20620.html'>KLPD410<\/a><\/span><\/li>\n<li style='margin-bottom: 5px;'><span style='color: inherit; font-size: 14px;'>Montaje de pared<\/span><\/li>\n<li style='margin-bottom: 5px;'><span style='color: inherit; font-size: 14px;'>Dimensiones: 92(W) x 210(H) x 57(D) mm<\/span><\/li>\n<li style='margin-bottom: 5px;'><span style='color: inherit; font-size: 14px;'>2 A\u00f1os de Garant\u00eda<\/span><\/li>\n<\/ul><\/div>\n<div style='flex: 1 1 300px; min-width: 280px;'>\n<h3 style='font-size: 22px; border-bottom: 2px solid currentColor; padding-bottom: 5px; margin-top: 0; color: inherit; opacity: 0.8;'>Caracter\u00edsticas Destacadas<\/h3>\n<div style='color: inherit; font-size: 14px; margin-bottom: 15px;'>\n<p style='margin: 0 0 10px;'>Los sistemas de audioporteros KLPD-410 son muy redituables ya que al ser equipos anal\u00f3gicos es muy sencilla y fiable su instalaci\u00f3n&comma; para estos equipos se recomienda usar cable calibre 18 100% cobre de preferencia blindado para tener la mayor distancia y calidad de audio.<\/p>\n<p style='margin: 0 0 10px;'><strong>Cables sugeridos:<\/strong><\/p>\n<p style='margin: 0 0 10px;'> <a style='color: inherit; text-decoration: underline; font-weight: 600;' href='https:\/\/www.syscom.mx\/principal\/searchcont?route=9274-VIAKON-183319&#038;autodetect=calibre_18'>9274<\/a> <a style='color: inherit; text-decoration: underline; font-weight: 600;' href='https:\/\/www.syscom.mx\/principal\/searchcont?route=1119-5501\/500-HONEYWELL-HOME-RESIDEO-74981&#038;autodetect=111955'>1119-5501\/500<\/a> n <a style='color: inherit; text-decoration: underline; font-weight: 600;' href='https:\/\/www.syscom.mx\/principal\/searchcont?route=92-70-VIAKON-78789&#038;autodetect=calibre_18'>92-70<\/a> <a style='color: inherit; text-decoration: underline; font-weight: 600;' href='https:\/\/www.syscom.mx\/principal\/searchcont?route=ACCESS-184\/500-AccessPRO-166995&#038;autodetect=ACCESS184'>ACCESS-184\/500<\/a> <\/p>\n<p style='margin: 0 0 10px; font-weight: bold; color: #18bc9b; text-decoration: underline;'>Notas:<\/p>\n<ul style='padding-left: 20px; margin: 0;'>\n<li style='margin-bottom: 5px;'><span style='color: inherit; font-size: 14px;'><strong style='color: inherit;'>\u2022<\/strong> La conexi\u00f3n de los dispositivos es en cascada&comma; <span style='color: #e74c3c;'>no es posible conectar en estrella<\/span><\/span><\/li>\n<li style='margin-bottom: 5px;'><span style='color: inherit; font-size: 14px;'><strong style='color: inherit;'>\u2022<\/strong> La distancia m\u00e1xima es de 300m desde el frente de calle al \u00faltimo auricular<\/span><\/li>\n<\/ul><\/div>\n<\/p><\/div>\n<\/p><\/div>\n<p> <!-- Imagen --> <\/p>\n<div style='width: 100%; margin: 30px 0;'> <img style='width: 100%; height: auto; border: 1px solid rgba(150&comma;150&comma;150&comma;0.3); border-radius: 8px;' src='https:\/\/ftp3.syscom.mx\/usuarios\/amesta\/KOCOM\/kdp603.JPG' alt=''> <\/div>\n<p> <!-- Separador --> <\/p>\n<hr style='border: 0; border-top: 1px solid rgba(150&comma; 150&comma; 150&comma; 0.3); margin: 30px 0;'> <\/div>\n","protected":false},"excerpt":{"rendered":"<p>Auricular para sistema KLPD410 y KIP120<\/p>\n","protected":false},"featured_media":29085,"comment_status":"open","ping_status":"closed","template":"","meta":[],"product_brand":[],"product_cat":[907],"product_tag":[908,799,557],"class_list":{"0":"post-29086","1":"product","2":"type-product","3":"status-publish","4":"has-post-thumbnail","6":"product_cat-interfones","7":"product_tag-interfones","8":"product_tag-kocom","9":"product_tag-videoporteros-e-interfonos","11":"first","12":"instock","13":"sale","14":"shipping-taxable","15":"purchasable","16":"product-type-simple"},"_links":{"self":[{"href":"https:\/\/soydeaqui.ddns.net\/pachuca\/index.php\/wp-json\/wp\/v2\/product\/29086","targetHints":{"allow":["GET"]}}],"collection":[{"href":"https:\/\/soydeaqui.ddns.net\/pachuca\/index.php\/wp-json\/wp\/v2\/product"}],"about":[{"href":"https:\/\/soydeaqui.ddns.net\/pachuca\/index.php\/wp-json\/wp\/v2\/types\/product"}],"replies":[{"embeddable":true,"href":"https:\/\/soydeaqui.ddns.net\/pachuca\/index.php\/wp-json\/wp\/v2\/comments?post=29086"}],"wp:featuredmedia":[{"embeddable":true,"href":"https:\/\/soydeaqui.ddns.net\/pachuca\/index.php\/wp-json\/wp\/v2\/media\/29085"}],"wp:attachment":[{"href":"https:\/\/soydeaqui.ddns.net\/pachuca\/index.php\/wp-json\/wp\/v2\/media?parent=29086"}],"wp:term":[{"taxonomy":"product_brand","embeddable":true,"href":"https:\/\/soydeaqui.ddns.net\/pachuca\/index.php\/wp-json\/wp\/v2\/product_brand?post=29086"},{"taxonomy":"product_cat","embeddable":true,"href":"https:\/\/soydeaqui.ddns.net\/pachuca\/index.php\/wp-json\/wp\/v2\/product_cat?post=29086"},{"taxonomy":"product_tag","embeddable":true,"href":"https:\/\/soydeaqui.ddns.net\/pachuca\/index.php\/wp-json\/wp\/v2\/product_tag?post=29086"}],"curies":[{"name":"wp","href":"https:\/\/api.w.org\/{rel}","templated":true}]}}