{"id":29060,"date":"2026-03-18T13:16:38","date_gmt":"2026-03-18T13:16:38","guid":{"rendered":"https:\/\/soydeaqui.ddns.net\/pachuca\/index.php\/producto\/frente-de-calle-multipartamentos-solo-audio-soporta-255-auriculares\/"},"modified":"2026-03-18T13:16:44","modified_gmt":"2026-03-18T13:16:44","slug":"frente-de-calle-multipartamentos-solo-audio-soporta-255-auriculares","status":"publish","type":"product","link":"https:\/\/soydeaqui.ddns.net\/pachuca\/index.php\/producto\/frente-de-calle-multipartamentos-solo-audio-soporta-255-auriculares\/","title":{"rendered":"Frente de calle Multipartamentos Solo Audio \/ Soporta 255 auriculares"},"content":{"rendered":"<div style='width: 100%; max-width: 1200px; margin: 0 auto; font-family: sans-serif; line-height: 1.6; color: inherit; background-color: transparent;'> <!-- Secci\u00f3n de caracter\u00edsticas --> <\/p>\n<div style='display: flex; flex-wrap: wrap; gap: 30px; margin-bottom: 30px;'>\n<div style='flex: 1 1 300px; min-width: 280px;'>\n<h3 style='font-size: 22px; border-bottom: 2px solid currentColor; padding-bottom: 5px; margin-top: 0; color: inherit; opacity: 0.8;'>Caracter\u00edsticas principales<\/h3>\n<ul style='padding-left: 20px; font-size: 15px; color: inherit;'>\n<li style='margin-bottom: 5px;'>Ideal para villas&comma; condominios&comma; apartamentos en edificio.<\/li>\n<li style='margin-bottom: 5px;'>Compatible con la estaci\u00f3n de guardia <a style='color: inherit; text-decoration: none; font-size: 12px; font-weight: 600;' href='https:\/\/www.syscom.mx\/principal\/searchcont?route=KIP120-KOCOM-163239&#038;autodetect=klpd410'>KIP120<\/a> <strong>solo<\/strong> con auriculares <a style='color: inherit; text-decoration: none; font-size: 12px; font-weight: 600;' href='https:\/\/www.syscom.mx\/principal\/searchcont?route=KDP603-KOCOM-163237&#038;autodetect=klpd410'>KDP603<\/a><\/li>\n<li style='margin-bottom: 5px;'>Compatible solo con los auriculares modelos <a style='color: inherit; text-decoration: none; font-size: 12px; font-weight: 600;' href='https:\/\/www.syscom.mx\/principal\/searchcont?route=KDP603-KOCOM-163237&#038;autodetect=kdp603'>KDP603<\/a> o <a style='color: inherit; text-decoration: none; font-size: 12px; font-weight: 600;' href='https:\/\/www.syscom.mx\/principal\/searchcont?route=KIP603-KOCOM-163238&#038;autodetect=kdp603'>KIP603<\/a> (no combinables)<\/li>\n<li style='margin-bottom: 5px;'>Soporta 255 auriculares<\/li>\n<li style='margin-bottom: 5px;'>Distancia m\u00e1xima de 300m desde el frente de calle hasta el \u00faltimo apartamento en conexi\u00f3n en cascada<\/li>\n<li style='margin-bottom: 5px;'>Conversaci\u00f3n de audio con el visitante<\/li>\n<li style='margin-bottom: 5px;'>Liberaci\u00f3n de puerta desde el auricular<\/li>\n<li style='margin-bottom: 5px;'>Liberaci\u00f3n de puerta con c\u00f3digo desde el frente de calle<\/li>\n<li style='margin-bottom: 5px;'>Frente de calle Pl\u00e1stico ABS. Para uso en exterior protegido<\/li>\n<li style='margin-bottom: 5px;'>Instalaci\u00f3n para empotrar<\/li>\n<li style='margin-bottom: 5px;'>Comunicador digital (<strong>6 hilos&comma; calibre 18<\/strong>)<\/li>\n<li style='margin-bottom: 5px;'>Para uso con chapa magn\u00e9tica requiere relevador adicional <a style='color: inherit; text-decoration: none; font-size: 12px; font-weight: 600;' href='https:\/\/www.syscom.mx\/principal\/searchcont?route=PRORELAY-AccessPRO-70020&#038;autodetect=prorelay'>PRORELAY<\/a><\/li>\n<li style='margin-bottom: 5px;'>La chapa magn\u00e9tica o contrachapa el\u00e9ctrica requiere alimentaci\u00f3n adicional<\/li>\n<\/ul><\/div>\n<div style='flex: 1 1 300px; min-width: 280px;'>\n<h3 style='font-size: 22px; border-bottom: 2px solid currentColor; padding-bottom: 5px; margin-top: 0; color: inherit; opacity: 0.8;'>Caracter\u00edsticas F\u00edsicas y El\u00e9ctricas<\/h3>\n<ul style='padding-left: 20px; font-size: 15px; color: inherit;'>\n<li style='margin-bottom: 5px;'>Alimentaci\u00f3n: 15 Vcc (no incluido) (requiere de PSM2 \u00f3 <a style='color: inherit; text-decoration: none; font-size: 12px; font-weight: 600;' href='https:\/\/www.syscom.mx\/principal\/searchcont?route=PS-12-DC-4C-EPCOM-POWERLINE-61107&#038;autodetect=PS12DC4C'>PS-12-DC-4C<\/a>)<\/li>\n<li style='margin-bottom: 5px;'>Peso: 1 Kg<\/li>\n<li style='margin-bottom: 5px;'>Consumo de corriente en reposo 0.3 W y en comunicaci\u00f3n<\/li>\n<li style='margin-bottom: 5px;'>Salida de Voltaje 15 Vcc&comma; 500 mA (normalmente abierta para uso con contrachapas el\u00e9ctricas&comma; se recomienda utilizar el <a style='color: inherit; text-decoration: none; font-size: 12px; font-weight: 600;' href='https:\/\/www.syscom.mx\/principal\/searchcont?route=PRORELAY-AccessPRO-70020&#038;autodetect=prorelay'>PRORELAY<\/a>)<\/li>\n<li style='margin-bottom: 5px;'>Dimensiones (W)174 X (H)263 X (D)15 (mm)<\/li>\n<li style='margin-bottom: 5px;'>Incluye Kit de instalaci\u00f3n<\/li>\n<\/ul><\/div>\n<div style='flex: 1 1 300px; min-width: 280px;'>\n<h3 style='font-size: 22px; border-bottom: 2px solid currentColor; padding-bottom: 5px; margin-top: 0; color: inherit; opacity: 0.8;'>Caracter\u00edsticas Destacadas<\/h3>\n<p style='font-size: 15px; color: inherit; margin-bottom: 15px;'>Los sistemas de audioporteros KLPD-410 son muy redituables ya que al ser equipos anal\u00f3gicos es muy sencilla y fiable su instalaci\u00f3n&comma; para estos equipos se recomienda usar cable calibre 18 100% cobre de preferencia blindado para tener la mayor distancia y calidad de audio.<\/p>\n<h4 style='font-size: 18px; margin-top: 20px; margin-bottom: 10px; color: inherit;'>Cables sugeridos<\/h4>\n<ul style='padding-left: 20px; font-size: 15px; color: inherit;'>\n<li style='margin-bottom: 5px;'><a href='https:\/\/syscom.pro\/products\/227396'>3116-1012<\/a><\/li>\n<li style='margin-bottom: 5px;'><a href='https:\/\/syscom.pro\/products\/237906'>3216-1012<\/a><\/li>\n<\/ul><\/div>\n<\/p><\/div>\n<p> <!-- Secci\u00f3n de videos --> <\/p>\n<div style='display: flex; flex-wrap: wrap; gap: 30px; margin-bottom: 30px;'>\n<div style='flex: 1 1 400px; min-width: 300px;'>\n<div style='position: relative; padding-bottom: 56.25%; height: 0; overflow: hidden; margin-bottom: 30px;'>   <\/div>\n<\/p><\/div>\n<div style='flex: 1 1 400px; min-width: 300px;'>\n<div style='position: relative; padding-bottom: 56.25%; height: 0; overflow: hidden; margin-bottom: 30px;'>   <\/div>\n<\/p><\/div>\n<\/p><\/div>\n<p> <!-- Secci\u00f3n de imagen --> <\/p>\n<div style='margin-bottom: 30px; text-align: center;'> <img style='width: 100%; max-width: 700px; height: auto; border: 1px solid rgba(150&comma;150&comma;150&comma;0.3); border-radius: 8px;' src='https:\/\/ftp3.syscom.mx\/usuarios\/amesta\/KOCOM\/anuncio.jpg' alt=''> <\/div>\n<p> <!-- Secci\u00f3n de notas --> <\/p>\n<div style='display: flex; flex-wrap: wrap; gap: 30px; margin-bottom: 30px;'>\n<div style='flex: 1 1 300px; min-width: 280px;'>\n<div style='border: 1px solid rgba(150&comma; 150&comma; 150&comma; 0.4); border-radius: 8px; overflow: hidden;'>\n<div style='padding: 15px; border-bottom: 1px solid rgba(150&comma; 150&comma; 150&comma; 0.2); font-weight: bold; font-size: 18px; color: inherit; background-color: rgba(240&comma; 240&comma; 240&comma; 0.1);'>Notas importantes<\/div>\n<div style='padding: 15px; color: inherit;'>\n<ul style='padding-left: 20px; margin: 0; font-size: 14px; list-style-type: disc;'>\n<li style='margin-bottom: 5px;'><strong>Nota 1:<\/strong> En caso de utilizar la fuente <a style='color: inherit; text-decoration: none; font-size: 12px; font-weight: 600;' href='https:\/\/www.syscom.mx\/principal\/searchcont?route=PS-12-DC-4C-EPCOM-POWERLINE-61107&#038;autodetect=PS12DC4C'>PS-12-DC-4C<\/a> ajustar potenci\u00f3metro para salida de 15Vcc<\/li>\n<li style='margin-bottom: 5px;'><strong>Nota 2:<\/strong> No combinar KDP603 con KIP603 en la instalaci\u00f3n<\/li>\n<li style='margin-bottom: 5px;'><strong>Nota 3:<\/strong> Si solo se desea colocar un auricular por apartamento&comma; utilizar el KLPD410 con los auriculares KDP603<\/li>\n<li style='margin-bottom: 5px;'><strong>Nota 4:<\/strong> Si alg\u00fan apartamento requiere de m\u00e1s de 1 auricular&comma; utilizar el KLPD410 con los auriculares KIP603 (m\u00e1ximo 3 auriculares por apartamento)<\/li>\n<li style='margin-bottom: 5px;'><strong>Nota 5:<\/strong> Para la alimentaci\u00f3n de los auriculares se requieren fuentes de alimentaci\u00f3n aparte&comma; depender\u00e1 de la distancia y cantidad de auriculares<\/li>\n<li style='margin-bottom: 5px;'><strong>Nota 6:<\/strong> La conexi\u00f3n de los dispositivos es de 300m en cascada&comma; <span style='color: #e74c3c;'>no es posible conectar en estrella<\/span><\/li>\n<\/ul><\/div>\n<\/p><\/div>\n<\/p><\/div>\n<\/p><\/div>\n<p> <!-- Enlace a gu\u00eda de dimensionamiento --> <\/p>\n<div style='text-align: center; margin: 30px 0;'> <a style='color: inherit; text-decoration: none; font-size: 18px; font-weight: bold;' href='http:\/\/soporte.syscom.mx\/es\/articles\/5333334-kocom-como-dimensionar-proyecto-de-audioportero-multiapartamental'> C\u00f3mo dimensionar proyecto con KLPD410 (clic aqu\u00ed) <\/a> <\/div>\n<p> <!-- Garant\u00eda --> <\/p>\n<div style='text-align: center; margin: 30px 0;'> *2 A\u00f1os de Garant\u00eda <\/div>\n<\/p><\/div>\n","protected":false},"excerpt":{"rendered":"<p>Frente de calle Multipartamentos Solo Audio \/ Soporta 255 auriculares<\/p>\n","protected":false},"featured_media":29059,"comment_status":"open","ping_status":"closed","template":"","meta":[],"product_brand":[],"product_cat":[819],"product_tag":[799,820,557],"class_list":{"0":"post-29060","1":"product","2":"type-product","3":"status-publish","4":"has-post-thumbnail","6":"product_cat-multiapartamentos","7":"product_tag-kocom","8":"product_tag-multiapartamentos","9":"product_tag-videoporteros-e-interfonos","11":"first","12":"instock","13":"sale","14":"shipping-taxable","15":"purchasable","16":"product-type-simple"},"_links":{"self":[{"href":"https:\/\/soydeaqui.ddns.net\/pachuca\/index.php\/wp-json\/wp\/v2\/product\/29060","targetHints":{"allow":["GET"]}}],"collection":[{"href":"https:\/\/soydeaqui.ddns.net\/pachuca\/index.php\/wp-json\/wp\/v2\/product"}],"about":[{"href":"https:\/\/soydeaqui.ddns.net\/pachuca\/index.php\/wp-json\/wp\/v2\/types\/product"}],"replies":[{"embeddable":true,"href":"https:\/\/soydeaqui.ddns.net\/pachuca\/index.php\/wp-json\/wp\/v2\/comments?post=29060"}],"wp:featuredmedia":[{"embeddable":true,"href":"https:\/\/soydeaqui.ddns.net\/pachuca\/index.php\/wp-json\/wp\/v2\/media\/29059"}],"wp:attachment":[{"href":"https:\/\/soydeaqui.ddns.net\/pachuca\/index.php\/wp-json\/wp\/v2\/media?parent=29060"}],"wp:term":[{"taxonomy":"product_brand","embeddable":true,"href":"https:\/\/soydeaqui.ddns.net\/pachuca\/index.php\/wp-json\/wp\/v2\/product_brand?post=29060"},{"taxonomy":"product_cat","embeddable":true,"href":"https:\/\/soydeaqui.ddns.net\/pachuca\/index.php\/wp-json\/wp\/v2\/product_cat?post=29060"},{"taxonomy":"product_tag","embeddable":true,"href":"https:\/\/soydeaqui.ddns.net\/pachuca\/index.php\/wp-json\/wp\/v2\/product_tag?post=29060"}],"curies":[{"name":"wp","href":"https:\/\/api.w.org\/{rel}","templated":true}]}}