{"id":29031,"date":"2026-03-18T13:16:00","date_gmt":"2026-03-18T13:16:00","guid":{"rendered":"https:\/\/soydeaqui.ddns.net\/pachuca\/index.php\/producto\/motor-para-puerta-abatible-4-8-mts-360-kgs-uso-continuo-energia-solar-bateria-de-respaldo\/"},"modified":"2026-03-18T13:16:10","modified_gmt":"2026-03-18T13:16:10","slug":"motor-para-puerta-abatible-4-8-mts-360-kgs-uso-continuo-energia-solar-bateria-de-respaldo","status":"publish","type":"product","link":"https:\/\/soydeaqui.ddns.net\/pachuca\/index.php\/producto\/motor-para-puerta-abatible-4-8-mts-360-kgs-uso-continuo-energia-solar-bateria-de-respaldo\/","title":{"rendered":"Motor para puerta abatible \/ 4.8 mts \/ 360 kgs \/ Uso Continuo \/Energia solar \/ Bater\u00eda de respaldo"},"content":{"rendered":"<div style='width: 100%; max-width: 1200px; margin: 0 auto; font-family: sans-serif; line-height: 1.6; color: inherit; background-color: transparent;'> <!-- Galer\u00eda de im\u00e1genes --> <\/p>\n<div style='display: flex; flex-wrap: wrap; gap: 30px; margin-bottom: 30px;'>\n<div style='flex: 1 1 300px; min-width: 280px;'> <img style='width: 100%; height: auto; border: 1px solid rgba(150&comma;150&comma;150&comma;0.3); border-radius: 8px;' src='https:\/\/ftp3.syscom.mx\/usuarios\/fotos\/6550380\/164540-doorking_6550-1ss.jpg' alt=''> <\/div>\n<div style='flex: 1 1 300px; min-width: 280px;'> <img style='width: 100%; height: auto; border: 1px solid rgba(150&comma;150&comma;150&comma;0.3); border-radius: 8px;' src='https:\/\/ftp3.syscom.mx\/usuarios\/fotos\/6550380\/164540-6500_gate_operator_03_lg_0ss.jpg' alt=''> <\/div>\n<\/p><\/div>\n<p> <!-- Secciones de caracter\u00edsticas --> <\/p>\n<div style='display: flex; flex-wrap: wrap; gap: 30px; margin-bottom: 30px;'>\n<div style='flex: 1 1 300px; min-width: 280px;'>\n<div style='border-left: 5px solid #0091ff; border-radius: 5px; padding: 5px; box-shadow: 2px 2px 10px rgba(216&comma;216&comma;216&comma;0.4);'> <strong style='font-size: 16px; display: block; margin-bottom: 10px; color: inherit;'>Caracter\u00edsticas principales:<\/strong> <\/p>\n<ul style='padding-left: 20px; font-size: 15px; color: inherit; list-style-type: disc;'>\n<li style='margin-bottom: 5px;'>Equipo de uso continuo<\/li>\n<li style='margin-bottom: 5px;'>5 a\u00f1os de garant\u00eda<\/li>\n<li style='margin-bottom: 5px;'>Transmisi\u00f3n de uso rudo para mayor durabilidad<\/li>\n<\/ul><\/div>\n<\/p><\/div>\n<div style='flex: 1 1 300px; min-width: 280px;'>\n<div style='border-left: 5px solid #0091ff; border-radius: 5px; padding: 5px; box-shadow: 2px 2px 10px rgba(216&comma;216&comma;216&comma;0.4);'> <strong style='font-size: 16px; display: block; margin-bottom: 10px; color: inherit;'>Caracter\u00edsticas F\u00edsicas y El\u00e9ctricas:<\/strong> <\/p>\n<ul style='padding-left: 20px; font-size: 15px; color: inherit; list-style-type: disc;'>\n<li style='margin-bottom: 5px;'>Alimentaci\u00f3n 115 Vac<\/li>\n<li style='margin-bottom: 5px;'>Consumo de energ\u00eda 1.8 A<\/li>\n<li style='margin-bottom: 5px;'>Potencia del motor 0.5 Hp<\/li>\n<\/ul><\/div>\n<\/p><\/div>\n<div style='flex: 1 1 300px; min-width: 280px;'>\n<div style='border-left: 5px solid #0091ff; border-radius: 5px; padding: 5px; box-shadow: 2px 2px 10px rgba(216&comma;216&comma;216&comma;0.4);'> <strong style='font-size: 16px; display: block; margin-bottom: 10px; color: inherit;'>Caracter\u00edsticas Destacadas:<\/strong> <\/p>\n<p style='font-size: 15px; color: inherit; margin: 0;'>La serie 6524 de operadores abatibles DKS es perfecto para esas situaciones donde el respaldo de energ\u00eda es cr\u00edtico&comma; ya que seguir\u00e1n operando a\u00fan con una p\u00e9rdida temporal de la alimentaci\u00f3n general.<\/p>\n<\/p><\/div>\n<\/p><\/div>\n<\/p><\/div>\n<p> <!-- Secci\u00f3n de caracter\u00edsticas detalladas --> <\/p>\n<div style='display: flex; flex-wrap: wrap; gap: 30px; margin-bottom: 30px;'>\n<div style='flex: 1 1 300px; min-width: 280px;'> <img style='width: 100%; height: auto; border: 1px solid rgba(150&comma;150&comma;150&comma;0.3); border-radius: 8px;' src='https:\/\/ftp3.syscom.mx\/usuarios\/anavarrete\/Doorking\/6524%20medidas.png' alt=''> <\/div>\n<div style='flex: 1 1 300px; min-width: 280px;'>\n<h3 style='font-size: 20px; border-bottom: 2px solid currentColor; padding-bottom: 5px; margin-top: 0; color: inherit; opacity: 0.8;'>Caracter\u00edsticas<\/h3>\n<ul style='padding-left: 20px; font-size: 14px; color: inherit; list-style-type: disc;'>\n<li style='margin-bottom: 5px;'><strong style='color: inherit;'>Transmisi\u00f3n de uso rudo<\/strong><\/li>\n<li style='margin-bottom: 5px;'><strong style='color: inherit;'>Armaz\u00f3n de acero que provee estabilidad y suave operaci\u00f3n.<\/strong><\/li>\n<li style='margin-bottom: 5px;'><strong style='color: inherit;'>Incluye bater\u00eda de 7.2 Ah.<\/strong> (Opcional bajo pedido&comma; 18 Ah)<\/li>\n<li style='margin-bottom: 5px;'><strong style='color: inherit;'>Switches de final de carrera f\u00e1cilmente ajustables<\/strong><\/li>\n<li style='margin-bottom: 5px;'><strong style='color: inherit;'>Temporizador de cierre autom\u00e1tico configurable de 1 a 30 segundos<\/strong><\/li>\n<li style='margin-bottom: 5px;'><strong style='color: inherit;'>Funci\u00f3n configurable para operaci\u00f3n en puertas dobles<\/strong><\/li>\n<li style='margin-bottom: 5px;'><strong style='color: inherit;'>Funciones para lazo magn\u00e9tico seleccionables<\/strong> (Shadow\/Reverse)<\/li>\n<li style='margin-bottom: 5px;'><strong style='color: inherit;'>Switch individual para apagar cuando trabaja con corriente directa (DC)<\/strong><\/li>\n<li style='margin-bottom: 5px;'><strong style='color: inherit;'>Circuito de protecci\u00f3n de bater\u00edas<\/strong><\/li>\n<li style='margin-bottom: 5px;'><strong style='color: inherit;'>Puertos integrados para sensores de masa DKS<\/strong><\/li>\n<li style='margin-bottom: 5px;'><strong style='color: inherit;'>Compatible con &#8216;Gate Tracker&#8217;<\/strong>&comma; permite al operador reportar datos sobre el estado del motor a los sistemas de acceso DKS 1833&comma;1835&comma;1837&comma;1838<\/li>\n<\/ul><\/div>\n<\/p><\/div>\n<p> <!-- Especificaciones t\u00e9cnicas --> <\/p>\n<div style='display: flex; flex-wrap: wrap; gap: 30px; margin-bottom: 30px;'>\n<div style='flex: 1 1 300px; min-width: 280px;'>\n<h3 style='font-size: 20px; border-bottom: 2px solid currentColor; padding-bottom: 5px; margin-top: 0; color: inherit; opacity: 0.8;'>Especificaciones t\u00e9cnicas<\/h3>\n<p style='margin-bottom: 15px; font-size: 15px; color: inherit;'><strong style='color: inherit;'>Consumo en corriente alterna:<\/strong><\/p>\n<ul style='padding-left: 20px; font-size: 15px; color: inherit; list-style-type: disc; margin-bottom: 15px;'>\n<li style='margin-bottom: 5px;'>115 Vca<\/li>\n<li style='margin-bottom: 5px;'>Incluye apagador individual<\/li>\n<li style='margin-bottom: 5px;'>Salida de voltaje para cerradura magn\u00e9tica<\/li>\n<\/ul>\n<p style='margin-bottom: 15px; font-size: 15px; color: inherit;'><strong style='color: inherit;'>Consumo en corriente directa:<\/strong><\/p>\n<ul style='padding-left: 20px; font-size: 15px; color: inherit; list-style-type: disc; margin-bottom: 15px;'>\n<li style='margin-bottom: 5px;'>24 vdc<\/li>\n<li style='margin-bottom: 5px;'>0.0 Amp SBPD (patente en proceso)&comma; el operador est\u00e1 optimizado para consumir el m\u00ednimo de energ\u00eda al estar en reposo&comma; maximizando la vida de las bater\u00edas.<\/li>\n<\/ul>\n<p style='margin-bottom: 15px; font-size: 15px; color: inherit;'><strong style='color: inherit;'>Especificaciones:<\/strong><\/p>\n<ul style='padding-left: 20px; font-size: 15px; color: inherit; list-style-type: disc;'>\n<li style='margin-bottom: 5px;'>Longitud m\u00e1xima de la puerta: 4.8 mts<\/li>\n<li style='margin-bottom: 5px;'>Peso m\u00e1ximo de la puerta: 360 Kgs (Asumiendo que la puerta se encuentra correctamente nivelada&comma; con bisagras de buena calidad&comma; movimiento y en buenas condiciones)<\/li>\n<li style='margin-bottom: 5px;'>Consumo 115 Vac&comma; 1.8 A. (Entrada AC)<\/li>\n<li style='margin-bottom: 5px;'>Aplicaciones de Clase I&comma; II&comma; III y IV<\/li>\n<li style='margin-bottom: 5px;'>Certificado por UL<\/li>\n<\/ul><\/div>\n<div style='flex: 1 1 300px; min-width: 280px;'> <img style='width: 100%; height: auto; border: 1px solid rgba(150&comma;150&comma;150&comma;0.3); border-radius: 8px;' src='https:\/\/ftp3.syscom.mx\/usuarios\/fotos\/6524380\/163460-6500_gate_operator_08_lg_0.jpg' alt=''> <\/div>\n<\/p><\/div>\n<p> <!-- Galer\u00eda de im\u00e1genes 2 --> <\/p>\n<div style='display: flex; flex-wrap: wrap; gap: 30px; margin-bottom: 30px;'>\n<div style='flex: 1 1 300px; min-width: 280px;'> <img style='width: 100%; height: auto; border: 1px solid rgba(150&comma;150&comma;150&comma;0.3); border-radius: 8px;' src='https:\/\/ftp3.syscom.mx\/usuarios\/fotos\/6550380\/164540-doorking_6550-2.jpg' alt=''> <\/div>\n<div style='flex: 1 1 300px; min-width: 280px;'> <img style='width: 100%; height: auto; border: 1px solid rgba(150&comma;150&comma;150&comma;0.3); border-radius: 8px;' src='https:\/\/ftp3.syscom.mx\/usuarios\/fotos\/6550380\/164540-doorking_6550-3.jpg' alt=''> <\/div>\n<\/p><\/div>\n<p> <!-- Videos de YouTube --> <\/p>\n<div style='display: flex; flex-wrap: wrap; gap: 30px; margin-bottom: 30px;'>\n<div style='flex: 1 1 300px; min-width: 280px;'>\n<div style='position: relative; padding-bottom: 56.25%; height: 0; overflow: hidden;'>   <\/div>\n<\/p><\/div>\n<div style='flex: 1 1 300px; min-width: 280px;'>\n<div style='position: relative; padding-bottom: 56.25%; height: 0; overflow: hidden;'>   <\/div>\n<\/p><\/div>\n<div style='flex: 1 1 300px; min-width: 280px;'>\n<div style='position: relative; padding-bottom: 56.25%; height: 0; overflow: hidden;'>   <\/div>\n<\/p><\/div>\n<\/p><\/div>\n<p> <!-- Nota importante --> <\/p>\n<div style='margin: 30px 0; padding: 20px; border-left: 5px solid #0091ff; background-color: rgba(150&comma;150&comma;150&comma;0.05);'>\n<p style='font-size: 15px; color: inherit; margin: 0; text-align: center;'>Es importante tener en cuenta la resistencia que el viento puede generar en los portones sin ranuras de ventilaci\u00f3n al operar los motores en apertura y cierre de puertas abatibles. Recomendamos considerar la instalaci\u00f3n de rejillas que permitan la adecuada ventilaci\u00f3n para facilitar el correcto funcionamiento de los dispositivos.<\/p>\n<\/p><\/div>\n<\/p><\/div>\n","protected":false},"excerpt":{"rendered":"<p>Motor para puerta abatible \/ 4.8 mts \/ 360 kgs \/ Uso Continuo \/Energia solar \/ Bater\u00eda de respaldo<\/p>\n","protected":false},"featured_media":29030,"comment_status":"open","ping_status":"closed","template":"","meta":[],"product_brand":[],"product_cat":[821],"product_tag":[401,781,822],"class_list":{"0":"post-29031","1":"product","2":"type-product","3":"status-publish","4":"has-post-thumbnail","6":"product_cat-puertas-abatibles","7":"product_tag-acceso-vehicular","8":"product_tag-dks-doorking","9":"product_tag-puertas-abatibles","11":"first","12":"instock","13":"sale","14":"shipping-taxable","15":"purchasable","16":"product-type-simple"},"_links":{"self":[{"href":"https:\/\/soydeaqui.ddns.net\/pachuca\/index.php\/wp-json\/wp\/v2\/product\/29031","targetHints":{"allow":["GET"]}}],"collection":[{"href":"https:\/\/soydeaqui.ddns.net\/pachuca\/index.php\/wp-json\/wp\/v2\/product"}],"about":[{"href":"https:\/\/soydeaqui.ddns.net\/pachuca\/index.php\/wp-json\/wp\/v2\/types\/product"}],"replies":[{"embeddable":true,"href":"https:\/\/soydeaqui.ddns.net\/pachuca\/index.php\/wp-json\/wp\/v2\/comments?post=29031"}],"wp:featuredmedia":[{"embeddable":true,"href":"https:\/\/soydeaqui.ddns.net\/pachuca\/index.php\/wp-json\/wp\/v2\/media\/29030"}],"wp:attachment":[{"href":"https:\/\/soydeaqui.ddns.net\/pachuca\/index.php\/wp-json\/wp\/v2\/media?parent=29031"}],"wp:term":[{"taxonomy":"product_brand","embeddable":true,"href":"https:\/\/soydeaqui.ddns.net\/pachuca\/index.php\/wp-json\/wp\/v2\/product_brand?post=29031"},{"taxonomy":"product_cat","embeddable":true,"href":"https:\/\/soydeaqui.ddns.net\/pachuca\/index.php\/wp-json\/wp\/v2\/product_cat?post=29031"},{"taxonomy":"product_tag","embeddable":true,"href":"https:\/\/soydeaqui.ddns.net\/pachuca\/index.php\/wp-json\/wp\/v2\/product_tag?post=29031"}],"curies":[{"name":"wp","href":"https:\/\/api.w.org\/{rel}","templated":true}]}}