{"id":2903,"date":"2026-03-18T06:02:10","date_gmt":"2026-03-18T06:02:10","guid":{"rendered":"https:\/\/soydeaqui.ddns.net\/pachuca\/index.php\/producto\/cubierta-protectora-de-policarbonato-serie-stopper-ii-con-bocina-sin-espaciador-montaje-empotrado-sin-etiqueta\/"},"modified":"2026-03-18T06:02:10","modified_gmt":"2026-03-18T06:02:10","slug":"cubierta-protectora-de-policarbonato-serie-stopper-ii-con-bocina-sin-espaciador-montaje-empotrado-sin-etiqueta","status":"publish","type":"product","link":"https:\/\/soydeaqui.ddns.net\/pachuca\/index.php\/producto\/cubierta-protectora-de-policarbonato-serie-stopper-ii-con-bocina-sin-espaciador-montaje-empotrado-sin-etiqueta\/","title":{"rendered":"Cubierta Protectora de Policarbonato Serie Stopper II?, Con Bocina, Sin Espaciador, Montaje Empotrado, Sin Etiqueta"},"content":{"rendered":"<div style='width: 100%; max-width: 1200px; margin: 0 auto; font-family: sans-serif; line-height: 1.6; color: inherit; background-color: transparent;'> <!-- Secci\u00f3n de introducci\u00f3n --> <\/p>\n<div style='margin-bottom: 30px;'>\n<h2 style='font-size: 24px; text-align: center; margin-top: 0; margin-bottom: 15px; color: inherit;'>Cubiertas Serie Stopper II\u00ae<\/h2>\n<h3 style='font-size: 18px; text-align: center; margin-top: 0; margin-bottom: 15px; color: inherit; font-weight: bold; opacity: 0.8;'>Ayuda a prevenir las falsas alarmas de incendio<\/h3>\n<p style='font-size: 14px; text-align: justify; color: inherit; margin-top: 0;'> Esta exclusiva cubierta de estaci\u00f3n manual ha ayudado a prevenir falsas alarmas de incendio en todo el mundo durante m\u00e1s de 40 a\u00f1os sin restringir el funcionamiento leg\u00edtimo de los dispositivos. Ideal para escuelas&comma; universidades&comma; hospitales&comma; residencias de ancianos&comma; hoteles y todos los edificios p\u00fablicos&comma; la cubierta de alarma contra incendios ayuda a detener la activaci\u00f3n falsa donde existe un historial o amenaza de uso indebido. <\/p>\n<\/p><\/div>\n<p> <!-- Secci\u00f3n de caracter\u00edsticas generales --> <\/p>\n<div style='margin-bottom: 30px;'>\n<h3 style='font-size: 20px; margin-top: 0; margin-bottom: 15px; border-bottom: 2px solid currentColor; padding-bottom: 5px; color: inherit; opacity: 0.8;'>Caracter\u00edsticas Generales Serie Stopper II\u00ae<\/h3>\n<ul style='padding-left: 20px; font-size: 14px; color: inherit;'>\n<li style='margin-bottom: 5px;'><span style='color: inherit;'>Cubierta protectora de policarbonato super resistente.<\/span><\/li>\n<li style='margin-bottom: 5px;'><span style='color: inherit;'>Ayuda a detener las falsas alarmas.<\/span><\/li>\n<li style='margin-bottom: 5px;'><span style='color: inherit;'>Bocina de advertencia de 95 o 105 dB (verificar modelo compatible).<\/span><\/li>\n<li style='margin-bottom: 5px;'><span style='color: inherit; font-weight: bold;'>Listado UL\/cUL&comma; cumple con ADA.<\/span><\/li>\n<li style='margin-bottom: 5px;'><span style='color: inherit;'>Cuando cubra una estaci\u00f3n manual en el exterior&comma; UL requiere que las estaciones est\u00e9n listadas para uso en exteriores.<\/span><\/li>\n<li style='margin-bottom: 5px;'><span style='color: inherit;'>Las propiedades de trabajo t\u00edpicas del policarbonato son -40 a 121\u00baC.<\/span><\/li>\n<li style='margin-bottom: 5px;'><span style='color: inherit;'>Las unidades rojas est\u00e1ndar tienen la etiqueta &#8216;En caso de incendio&#8217;&comma; a menos que se especifique con <strong style='color: inherit;'>NR<\/strong> (sin etiqueta) o <strong style='color: inherit;'>CR<\/strong> (etiqueta personalizada).<\/span><\/li>\n<li style='margin-bottom: 5px;'><span style='color: inherit;'>Eficacia comprobada por m\u00e1s de 40 a\u00f1os para ayudar a detener las falsas alarmas de incendio.<\/span><\/li>\n<li style='margin-bottom: 5px;'><span style='color: inherit; font-weight: bold;'>Tres a\u00f1os de garant\u00eda contra rotura del policarbonato en uso normal<\/span> (un a\u00f1o en componentes electromec\u00e1nicos y electr\u00f3nicos).<\/li>\n<\/ul><\/div>\n<p> <!-- Secci\u00f3n de especificaciones --> <\/p>\n<div style='margin-bottom: 30px;'>\n<h3 style='font-size: 20px; margin-top: 0; margin-bottom: 15px; border-bottom: 2px solid currentColor; padding-bottom: 5px; color: inherit; opacity: 0.8;'>Caracter\u00edsticas de cubierta STI-1100<\/h3>\n<ul style='padding-left: 20px; font-size: 14px; color: inherit;'>\n<li style='margin-bottom: 5px;'><span style='color: inherit; font-weight: bold;'>Bocina de advertencia aut\u00f3noma de 95 o 105 dB se activa cuando se levanta la cubierta. (Bater\u00eda 9 V)<\/span><\/li>\n<li style='margin-bottom: 5px;'><span style='color: inherit;'>Montaje empotrado.<\/span><\/li>\n<li style='margin-bottom: 5px;'><span style='color: inherit;'>Dimensiones: 6.2&#8242; (158 mm) altura x 5&#8242; (127 mm) ancho x 5.2&#8242; (132 mm) profundidad.<\/span><\/li>\n<\/ul><\/div>\n<p> <!-- Separador --> <\/p>\n<hr style='border: 0; border-top: 1px solid rgba(150&comma; 150&comma; 150&comma; 0.3); margin: 30px 0;'> <!-- Secci\u00f3n de videos --> <\/p>\n<div style='margin-bottom: 30px;'>\n<h3 style='font-size: 18px; text-align: center; margin-top: 0; margin-bottom: 15px; color: inherit; opacity: 0.8;'>Activaci\u00f3n de alarma en cubierta Stopper II\u00ae<\/h3>\n<div style='position: relative; padding-bottom: 56.25%; height: 0; overflow: hidden; margin-bottom: 30px;'>   <\/div>\n<\/p><\/div>\n<div style='margin-bottom: 30px;'>\n<h3 style='font-size: 18px; text-align: center; margin-top: 0; margin-bottom: 15px; color: inherit; opacity: 0.8;'>Reemplazo de bater\u00eda en cubierta Stopper II\u00ae<\/h3>\n<div style='position: relative; padding-bottom: 56.25%; height: 0; overflow: hidden; margin-bottom: 30px;'>   <\/div>\n<\/p><\/div>\n<\/p><\/div>\n","protected":false},"excerpt":{"rendered":"<p>Cubierta Protectora de Policarbonato Serie Stopper II?, Con Bocina, Sin Espaciador, Montaje Empotrado, Sin Etiqueta<\/p>\n","protected":false},"featured_media":2902,"comment_status":"open","ping_status":"closed","template":"","meta":[],"product_brand":[],"product_cat":[199],"product_tag":[201,200,169],"class_list":{"0":"post-2903","1":"product","2":"type-product","3":"status-publish","4":"has-post-thumbnail","6":"product_cat-carcasas","7":"product_tag-carcasas","8":"product_tag-gabinetes-y-carcasas","9":"product_tag-sti","11":"first","12":"outofstock","13":"sale","14":"shipping-taxable","15":"purchasable","16":"product-type-simple"},"_links":{"self":[{"href":"https:\/\/soydeaqui.ddns.net\/pachuca\/index.php\/wp-json\/wp\/v2\/product\/2903","targetHints":{"allow":["GET"]}}],"collection":[{"href":"https:\/\/soydeaqui.ddns.net\/pachuca\/index.php\/wp-json\/wp\/v2\/product"}],"about":[{"href":"https:\/\/soydeaqui.ddns.net\/pachuca\/index.php\/wp-json\/wp\/v2\/types\/product"}],"replies":[{"embeddable":true,"href":"https:\/\/soydeaqui.ddns.net\/pachuca\/index.php\/wp-json\/wp\/v2\/comments?post=2903"}],"wp:featuredmedia":[{"embeddable":true,"href":"https:\/\/soydeaqui.ddns.net\/pachuca\/index.php\/wp-json\/wp\/v2\/media\/2902"}],"wp:attachment":[{"href":"https:\/\/soydeaqui.ddns.net\/pachuca\/index.php\/wp-json\/wp\/v2\/media?parent=2903"}],"wp:term":[{"taxonomy":"product_brand","embeddable":true,"href":"https:\/\/soydeaqui.ddns.net\/pachuca\/index.php\/wp-json\/wp\/v2\/product_brand?post=2903"},{"taxonomy":"product_cat","embeddable":true,"href":"https:\/\/soydeaqui.ddns.net\/pachuca\/index.php\/wp-json\/wp\/v2\/product_cat?post=2903"},{"taxonomy":"product_tag","embeddable":true,"href":"https:\/\/soydeaqui.ddns.net\/pachuca\/index.php\/wp-json\/wp\/v2\/product_tag?post=2903"}],"curies":[{"name":"wp","href":"https:\/\/api.w.org\/{rel}","templated":true}]}}