{"id":29013,"date":"2026-03-18T13:15:38","date_gmt":"2026-03-18T13:15:38","guid":{"rendered":"https:\/\/soydeaqui.ddns.net\/pachuca\/index.php\/producto\/lector-enrolador-de-tarjetas-omnikey-5427ck-multiformato-prox-mifare-iclass-seos-2-anos-garantia\/"},"modified":"2026-03-18T13:15:38","modified_gmt":"2026-03-18T13:15:38","slug":"lector-enrolador-de-tarjetas-omnikey-5427ck-multiformato-prox-mifare-iclass-seos-2-anos-garantia","status":"publish","type":"product","link":"https:\/\/soydeaqui.ddns.net\/pachuca\/index.php\/producto\/lector-enrolador-de-tarjetas-omnikey-5427ck-multiformato-prox-mifare-iclass-seos-2-anos-garantia\/","title":{"rendered":"Lector Enrolador de Tarjetas Omnikey 5427CK \/Multiformato: PROX, Mifare, iClass, SEOS \/ 2 A\u00f1os Garantia"},"content":{"rendered":"<div style='width: 100%; max-width: 1200px; margin: 0 auto; font-family: sans-serif; line-height: 1.6; color: inherit; background-color: transparent;'>\n<div style='display: flex; flex-wrap: wrap; gap: 30px; margin-bottom: 30px;'>\n<div style='flex: 1 1 300px; min-width: 280px;'>\n<h3 style='font-size: 22px; border-bottom: 2px solid currentColor; padding-bottom: 5px; margin-top: 0; color: inherit; opacity: 0.8;'>Descripci\u00f3n<\/h3>\n<p style='font-size: 15px; color: inherit; margin-top: 0; margin-bottom: 15px;'>El lector OMNIKEY\u00ae 5427CK de HID Global funciona pr\u00e1cticamente en cualquier ambiente de PC. Independientemente del sistema operativo y del tipo de uso&comma; la interfaz CCID o Teclado Wedge del lector ofrece la soluci\u00f3n ideal sin la necesidad de instalaci\u00f3n y mantenimiento de drivers. Esto elimina los problemas que entra\u00f1a la gesti\u00f3n del ciclo de vida de softwares complejos en el campo y acelera el plazo de comercializaci\u00f3n.<\/p>\n<\/p><\/div>\n<\/p><\/div>\n<div style='display: flex; flex-wrap: wrap; gap: 20px; margin-bottom: 30px;'>\n<div style='flex: 1 1 250px; border: 1px solid rgba(150&comma; 150&comma; 150&comma; 0.4); border-radius: 8px; overflow: hidden; display: flex; flex-direction: column;'>\n<div style='padding: 15px; border-bottom: 1px solid rgba(150&comma; 150&comma; 150&comma; 0.2); font-weight: bold; font-size: 18px; color: inherit;'>Caracter\u00edsticas<\/div>\n<div style='padding: 15px; color: inherit;'>\n<ul style='padding-left: 20px; margin: 0; font-size: 14px; list-style-type: disc;'>\n<li style='margin-bottom: 5px;'>Comunicaci\u00f3n: USB 2.0 \/ 12 Mbps<\/li>\n<li style='margin-bottom: 5px;'>CCID: Implantaci\u00f3n de CCID nativo&comma; que soporta los sistemas operativos WINDOWS\u00ae&comma; LINUX\u00ae y MAC\u00ae<\/li>\n<li style='margin-bottom: 5px;'>Tecnolog\u00edas: MIFARE \u2122 Classic 1K \/ 4K&comma; Ultra Light&comma; Ultra Light C&comma; Plus&comma; MIFARE \u2122 DESFIRE \u2122 0.6&comma; MIFARE \u2122 DESFIRE\u2122 EV1&comma; iCLASS \u00ae&comma; iCLASS SE\/SR&comma; MIFARE SE&comma; DESFire EV1 SE&comma; T=CL&comma; ISO 14443 A con tasa de transmisi\u00f3n de hasta 848 kbps (dependiendo de la tarjeta1)&comma; ISO 15693 con tasa de transmisi\u00f3n de hasta 26 kbps (dependiendo de la tarjeta)<\/li>\n<li style='margin-bottom: 5px;'>Protecci\u00f3n: IP54<\/li>\n<li style='margin-bottom: 5px;'>Garant\u00eda: 2 a\u00f1os<\/li>\n<li style='margin-bottom: 5px;'>Dimensiones: 71 x 93 x 16 mm<\/li>\n<li style='margin-bottom: 5px;'>Peso: 100 g<\/li>\n<\/ul><\/div>\n<\/p><\/div>\n<\/p><\/div>\n<div style='display: flex; flex-wrap: wrap; gap: 20px; margin-bottom: 30px;'>\n<div style='flex: 1 1 250px; border: 1px solid rgba(150&comma; 150&comma; 150&comma; 0.4); border-radius: 8px; overflow: hidden; display: flex; flex-direction: column;'>\n<div style='padding: 15px; border-bottom: 1px solid rgba(150&comma; 150&comma; 150&comma; 0.2); font-weight: bold; font-size: 18px; color: inherit;'>V\u00eddeos<\/div>\n<div style='padding: 15px; color: inherit;'>\n<ul style='padding-left: 20px; margin: 0; font-size: 14px; list-style-type: disc;'>\n<li style='margin-bottom: 5px;'><a href='https:\/\/www.youtube.com\/watch?v=9iQa3lALvgE' target='_blank' rel='noopener' style='color: inherit; text-decoration: underline; word-break: break-word;'>Omnikey 5427 CK for DESFire CSN<\/a><\/li>\n<li style='margin-bottom: 5px;'><a href='https:\/\/www.youtube.com\/watch?v=ngW3D3l9dIg' target='_blank' rel='noopener' style='color: inherit; text-decoration: underline; word-break: break-word;'>iClass SE Encoder Demostration<\/a><\/li>\n<\/ul><\/div>\n<\/p><\/div>\n<\/p><\/div>\n<div style='display: flex; flex-wrap: wrap; gap: 20px; margin-bottom: 30px;'>\n<div style='flex: 1 1 250px; border: 1px solid rgba(150&comma; 150&comma; 150&comma; 0.4); border-radius: 8px; overflow: hidden; display: flex; flex-direction: column;'>\n<div style='padding: 15px; border-bottom: 1px solid rgba(150&comma; 150&comma; 150&comma; 0.2); font-weight: bold; font-size: 18px; color: inherit;'>Driver para Android<\/div>\n<div style='padding: 15px; color: inherit;'>\n<ul style='padding-left: 20px; margin: 0; font-size: 14px; list-style-type: disc;'>\n<li style='margin-bottom: 5px;'><strong>Link:<\/strong> <a href='https:\/\/play.google.com\/store\/apps\/details?id=com.hidglobal.cardreadermanager' target='_blank' rel='noopener' style='color: inherit; text-decoration: underline; word-break: break-word;'>https:\/\/play.google.com\/store\/apps\/details?id=com.hidglobal.cardreadermanager<\/a><\/li>\n<\/ul><\/div>\n<\/p><\/div>\n<\/p><\/div>\n<hr style='border: 0; border-top: 1px solid rgba(150&comma; 150&comma; 150&comma; 0.3); margin: 30px 0;'> <\/div>\n","protected":false},"excerpt":{"rendered":"<p>Lector Enrolador de Tarjetas Omnikey 5427CK \/Multiformato: PROX, Mifare, iClass, SEOS \/ 2 A\u00f1os Garantia<\/p>\n","protected":false},"featured_media":29012,"comment_status":"open","ping_status":"closed","template":"","meta":[],"product_brand":[],"product_cat":[841],"product_tag":[744,842,814],"class_list":{"0":"post-29013","1":"product","2":"type-product","3":"status-publish","4":"has-post-thumbnail","6":"product_cat-enroladores-y-lectores-usb","7":"product_tag-biometricos","8":"product_tag-enroladores-y-lectores-usb","9":"product_tag-hid","11":"first","12":"instock","13":"sale","14":"shipping-taxable","15":"purchasable","16":"product-type-simple"},"_links":{"self":[{"href":"https:\/\/soydeaqui.ddns.net\/pachuca\/index.php\/wp-json\/wp\/v2\/product\/29013","targetHints":{"allow":["GET"]}}],"collection":[{"href":"https:\/\/soydeaqui.ddns.net\/pachuca\/index.php\/wp-json\/wp\/v2\/product"}],"about":[{"href":"https:\/\/soydeaqui.ddns.net\/pachuca\/index.php\/wp-json\/wp\/v2\/types\/product"}],"replies":[{"embeddable":true,"href":"https:\/\/soydeaqui.ddns.net\/pachuca\/index.php\/wp-json\/wp\/v2\/comments?post=29013"}],"wp:featuredmedia":[{"embeddable":true,"href":"https:\/\/soydeaqui.ddns.net\/pachuca\/index.php\/wp-json\/wp\/v2\/media\/29012"}],"wp:attachment":[{"href":"https:\/\/soydeaqui.ddns.net\/pachuca\/index.php\/wp-json\/wp\/v2\/media?parent=29013"}],"wp:term":[{"taxonomy":"product_brand","embeddable":true,"href":"https:\/\/soydeaqui.ddns.net\/pachuca\/index.php\/wp-json\/wp\/v2\/product_brand?post=29013"},{"taxonomy":"product_cat","embeddable":true,"href":"https:\/\/soydeaqui.ddns.net\/pachuca\/index.php\/wp-json\/wp\/v2\/product_cat?post=29013"},{"taxonomy":"product_tag","embeddable":true,"href":"https:\/\/soydeaqui.ddns.net\/pachuca\/index.php\/wp-json\/wp\/v2\/product_tag?post=29013"}],"curies":[{"name":"wp","href":"https:\/\/api.w.org\/{rel}","templated":true}]}}