{"id":28935,"date":"2026-03-18T13:13:48","date_gmt":"2026-03-18T13:13:48","guid":{"rendered":"https:\/\/soydeaqui.ddns.net\/pachuca\/index.php\/producto\/sensor-para-activacion-y-seguridad-de-puertas-automaticas-peatonales-corredizas\/"},"modified":"2026-03-18T13:13:49","modified_gmt":"2026-03-18T13:13:49","slug":"sensor-para-activacion-y-seguridad-de-puertas-automaticas-peatonales-corredizas","status":"publish","type":"product","link":"https:\/\/soydeaqui.ddns.net\/pachuca\/index.php\/producto\/sensor-para-activacion-y-seguridad-de-puertas-automaticas-peatonales-corredizas\/","title":{"rendered":"Sensor Para Activaci\u00f3n y Seguridad de Puertas Autom\u00e1ticas Peatonales Corredizas"},"content":{"rendered":"<div style='width: 100%; max-width: 1200px; margin: 0 auto; font-family: sans-serif; line-height: 1.6; color: inherit; background-color: transparent;'>\n<div style='display: flex; flex-wrap: wrap; gap: 30px; margin-bottom: 30px;'>\n<div style='flex: 1 1 300px; min-width: 280px;'>\n<h3 style='font-size: 22px; border-bottom: 2px solid currentColor; padding-bottom: 5px; margin-top: 0; color: inherit; opacity: 0.8;'>Caracter\u00edsticas principales<\/h3>\n<ul style='padding-left: 20px; font-size: 15px; color: inherit;'>\n<li style='margin-bottom: 5px;'>Doble zona de detecci\u00f3n (Activaci\u00f3n y seguridad)<\/li>\n<li style='margin-bottom: 5px;'>Ideal para instalaci\u00f3n en puertas corredizas<\/li>\n<li style='margin-bottom: 5px;'>Altura de montaje recomendada de 2 a 3.5m.<\/li>\n<\/ul><\/div>\n<div style='flex: 1 1 300px; min-width: 280px;'>\n<h3 style='font-size: 22px; border-bottom: 2px solid currentColor; padding-bottom: 5px; margin-top: 0; color: inherit; opacity: 0.8;'>Caracter\u00edsticas F\u00edsicas y El\u00e9ctricas<\/h3>\n<ul style='padding-left: 20px; font-size: 15px; color: inherit;'>\n<li style='margin-bottom: 5px;'>Alimentaci\u00f3n 12 a 24 VDC<\/li>\n<li style='margin-bottom: 5px;'>Consumo m\u00e1ximo 2.5 W<\/li>\n<li style='margin-bottom: 5px;'>Temperatura de operaci\u00f3n -25 a 55\u00b0C<\/li>\n<\/ul><\/div>\n<div style='flex: 1 1 300px; min-width: 280px;'>\n<h3 style='font-size: 22px; border-bottom: 2px solid currentColor; padding-bottom: 5px; margin-top: 0; color: inherit; opacity: 0.8;'>Caracter\u00edsticas Adicionales<\/h3>\n<ul style='padding-left: 20px; font-size: 15px; color: inherit;'>\n<li style='margin-bottom: 5px;'>Dimensiones 10.75 x 2.25 x 2.25 pulg.<\/li>\n<li style='margin-bottom: 5px;'>Ruido 70dB<\/li>\n<li style='margin-bottom: 5px;'>Grado de protecci\u00f3n IP54<\/li>\n<\/ul><\/div>\n<\/p><\/div>\n<hr style='border: 0; border-top: 1px solid rgba(150&comma; 150&comma; 150&comma; 0.3); margin: 30px 0;'>\n<div style='text-align: center; margin: 30px 0;'> <span style='font-size: 18pt; color: inherit;'>El sensor IXIO-DT1 de BEA es un sensor de movimiento y presencia que combina alta calidad y el mejor costo beneficio para la industria de puertas autom\u00e1ticas.<\/span> <\/div>\n<hr style='border: 0; border-top: 1px solid rgba(150&comma; 150&comma; 150&comma; 0.3); margin: 30px 0;'>\n<div style='display: flex; flex-wrap: wrap; gap: 30px; margin-bottom: 30px;'>\n<div style='flex: 1 1 400px; min-width: 280px;'>\n<h2 style='font-size: 20px; margin-top: 0; color: inherit;'>Sensor de activaci\u00f3n y seguridad para puertas peatonales<\/h2>\n<h3 style='font-size: 18px; margin-top: 20px; color: inherit;'>Caracter\u00edsticas:<\/h3>\n<ul style='padding-left: 20px; font-size: 15px; color: inherit;'>\n<li style='margin-bottom: 5px;'>Configuraciones de sensibilidad de activaci\u00f3n de microondas y configuraciones de inmunidad de seguridad infrarroja.<\/li>\n<li style='margin-bottom: 5px;'>Dos cortinas de seguridad infrarrojas de alta densidad de 24 puntos que proporcionan una detecci\u00f3n de presencia segura y precisa.<\/li>\n<li style='margin-bottom: 5px;'>F\u00e1cilmente ajustable ya que proyecta 4 puntos de alineaci\u00f3n visibles en el suelo para el ajuste preciso.<\/li>\n<\/ul>\n<p style='margin-top: 20px; color: inherit;'>El sensor IXIO-DT1 es un sensor de presencia y movimiento de doble tecnolog\u00eda&comma; que combina la activaci\u00f3n por microondas y la deteccion de presencia por infrarrojos para la industria de las puertas corredizas autom\u00e1ticas.<\/p>\n<\/p><\/div>\n<div style='flex: 1 1 400px; min-width: 280px;'> <img style='width: 100%; height: auto; border: 1px solid rgba(150&comma;150&comma;150&comma;0.3); border-radius: 8px;' src='https:\/\/ftp3.syscom.mx\/usuarios\/fotos\/BancoFotografiasSyscom\/BEA\/10IXIODT1\/10IXIODT1-p.PNG' alt='Sensor IXIO-DT1'> <\/div>\n<\/p><\/div>\n<hr style='border: 0; border-top: 1px solid rgba(150&comma; 150&comma; 150&comma; 0.3); margin: 30px 0;'>\n<div style='text-align: center; margin: 30px 0;'> <span style='font-size: 18pt; color: inherit;'>Este equipo con doble tecnolog\u00eda es una soluci\u00f3n altamente flexible y amigable para puertas autom\u00e1ticas corredizas&comma; puertas industriales y detecci\u00f3n de veh\u00edculos.<\/span> <\/div>\n<hr style='border: 0; border-top: 1px solid rgba(150&comma; 150&comma; 150&comma; 0.3); margin: 30px 0;'>\n<div style='display: flex; flex-wrap: wrap; gap: 20px; margin-bottom: 30px;'>\n<div style='flex: 1 1 300px; min-width: 280px;'> <img style='width: 100%; height: auto; border: 1px solid rgba(150&comma;150&comma;150&comma;0.3); border-radius: 8px;' src='https:\/\/ftp3.syscom.mx\/usuarios\/fotos\/10IXIODT1\/164000-aplicacion_ixiodt1_2.jpg' alt='Aplicaci\u00f3n IXIO-DT1 2'> <\/div>\n<div style='flex: 1 1 300px; min-width: 280px;'> <img style='width: 100%; height: auto; border: 1px solid rgba(150&comma;150&comma;150&comma;0.3); border-radius: 8px;' src='https:\/\/ftp3.syscom.mx\/usuarios\/fotos\/10IXIODT1\/164000-aplicacion_ixiodt1_1.jpg' alt='Aplicaci\u00f3n IXIO-DT1 1'> <\/div>\n<\/p><\/div>\n<hr style='border: 0; border-top: 1px solid rgba(150&comma; 150&comma; 150&comma; 0.3); margin: 30px 0;'>\n<div style='text-align: center; margin: 30px 0;'>\n<h2 style='font-size: 20px; margin: 0; color: inherit;'>Videos Disponibles<\/h2>\n<\/p><\/div>\n<hr style='border: 0; border-top: 1px solid rgba(150&comma; 150&comma; 150&comma; 0.3); margin: 30px 0;'>\n<div style='display: flex; flex-wrap: wrap; gap: 20px; justify-content: center;'>\n<div style='flex: 1 1 300px; min-width: 280px;'>\n<div style='position: relative; padding-bottom: 56.25%; height: 0; overflow: hidden; margin-bottom: 30px;'>   <\/div>\n<\/p><\/div>\n<div style='flex: 1 1 300px; min-width: 280px;'>\n<div style='position: relative; padding-bottom: 56.25%; height: 0; overflow: hidden; margin-bottom: 30px;'>   <\/div>\n<\/p><\/div>\n<div style='flex: 1 1 300px; min-width: 280px;'>\n<div style='position: relative; padding-bottom: 56.25%; height: 0; overflow: hidden; margin-bottom: 30px;'>   <\/div>\n<\/p><\/div>\n<\/p><\/div>\n<hr style='border: 0; border-top: 1px solid rgba(150&comma; 150&comma; 150&comma; 0.3); margin: 30px 0;'> <\/div>\n","protected":false},"excerpt":{"rendered":"<p>Sensor Para Activaci\u00f3n y Seguridad de Puertas Autom\u00e1ticas Peatonales Corredizas<\/p>\n","protected":false},"featured_media":28934,"comment_status":"open","ping_status":"closed","template":"","meta":[],"product_brand":[],"product_cat":[905],"product_tag":[93,843,906],"class_list":{"0":"post-28935","1":"product","2":"type-product","3":"status-publish","4":"has-post-thumbnail","6":"product_cat-sensores-para-puertas-automaticas","7":"product_tag-accesorios","8":"product_tag-bea","9":"product_tag-sensores-para-puertas-automaticas","11":"first","12":"instock","13":"sale","14":"shipping-taxable","15":"purchasable","16":"product-type-simple"},"_links":{"self":[{"href":"https:\/\/soydeaqui.ddns.net\/pachuca\/index.php\/wp-json\/wp\/v2\/product\/28935","targetHints":{"allow":["GET"]}}],"collection":[{"href":"https:\/\/soydeaqui.ddns.net\/pachuca\/index.php\/wp-json\/wp\/v2\/product"}],"about":[{"href":"https:\/\/soydeaqui.ddns.net\/pachuca\/index.php\/wp-json\/wp\/v2\/types\/product"}],"replies":[{"embeddable":true,"href":"https:\/\/soydeaqui.ddns.net\/pachuca\/index.php\/wp-json\/wp\/v2\/comments?post=28935"}],"wp:featuredmedia":[{"embeddable":true,"href":"https:\/\/soydeaqui.ddns.net\/pachuca\/index.php\/wp-json\/wp\/v2\/media\/28934"}],"wp:attachment":[{"href":"https:\/\/soydeaqui.ddns.net\/pachuca\/index.php\/wp-json\/wp\/v2\/media?parent=28935"}],"wp:term":[{"taxonomy":"product_brand","embeddable":true,"href":"https:\/\/soydeaqui.ddns.net\/pachuca\/index.php\/wp-json\/wp\/v2\/product_brand?post=28935"},{"taxonomy":"product_cat","embeddable":true,"href":"https:\/\/soydeaqui.ddns.net\/pachuca\/index.php\/wp-json\/wp\/v2\/product_cat?post=28935"},{"taxonomy":"product_tag","embeddable":true,"href":"https:\/\/soydeaqui.ddns.net\/pachuca\/index.php\/wp-json\/wp\/v2\/product_tag?post=28935"}],"curies":[{"name":"wp","href":"https:\/\/api.w.org\/{rel}","templated":true}]}}