{"id":28925,"date":"2026-03-18T13:13:33","date_gmt":"2026-03-18T13:13:33","guid":{"rendered":"https:\/\/soydeaqui.ddns.net\/pachuca\/index.php\/producto\/boton-de-panico-a-prueba-de-fuego-restablecimiento-con-llave-tamano-compacto-para-facil-instalacion\/"},"modified":"2026-03-18T13:13:38","modified_gmt":"2026-03-18T13:13:38","slug":"boton-de-panico-a-prueba-de-fuego-restablecimiento-con-llave-tamano-compacto-para-facil-instalacion","status":"publish","type":"product","link":"https:\/\/soydeaqui.ddns.net\/pachuca\/index.php\/producto\/boton-de-panico-a-prueba-de-fuego-restablecimiento-con-llave-tamano-compacto-para-facil-instalacion\/","title":{"rendered":"Bot\u00f3n de P\u00e1nico a Prueba de Fuego \/ Restablecimiento con Llave \/ Tama\u00f1o Compacto para F\u00e1cil Instalaci\u00f3n"},"content":{"rendered":"<div style='width: 100%; max-width: 1200px; margin: 0 auto; font-family: sans-serif; line-height: 1.6; color: inherit; background-color: transparent;'>\n<div style='display: flex; flex-direction: column; align-items: center; margin-bottom: 30px;'> <img style='width: 100%; max-width: 393px; height: auto; border: 1px solid rgba(150&comma;150&comma;150&comma;0.3); border-radius: 8px;' src='https:\/\/ftp3.syscom.mx\/usuarios\/fotos\/PRO800B\/67296-access-pro.png' alt='Logo AccessPRO' \/> <\/p>\n<h3 style='font-size: 22px; border-bottom: 2px solid currentColor; padding-bottom: 5px; margin-top: 20px; color: inherit; opacity: 0.8;'>ACCESSPA53<\/h3>\n<\/p><\/div>\n<div style='display: flex; flex-wrap: wrap; gap: 30px; margin-bottom: 30px;'>\n<div style='flex: 1 1 300px; min-width: 280px;'>\n<h3 style='font-size: 22px; border-bottom: 2px solid currentColor; padding-bottom: 5px; margin-top: 0; color: inherit; opacity: 0.8;'>Descripci\u00f3n<\/h3>\n<p style='font-size: 15px; color: inherit;'>Bot\u00f3n de p\u00e1nico para uso en casos de <strong>emergencia<\/strong>. Puede utilizarse para <strong>activar un sistema de alarma<\/strong>&comma; sirena o puertas de emergencia. <strong>Restablecimiento con llave<\/strong>. Tama\u00f1o <strong>compacto<\/strong> para <strong>f\u00e1cil<\/strong> instalaci\u00f3n.<\/p>\n<\/p><\/div>\n<\/p><\/div>\n<div style='display: flex; flex-wrap: wrap; gap: 30px; margin-bottom: 30px;'>\n<div style='flex: 1 1 300px; min-width: 280px;'>\n<h3 style='font-size: 22px; border-bottom: 2px solid currentColor; padding-bottom: 5px; margin-top: 0; color: inherit; opacity: 0.8;'>Caracter\u00edsticas<\/h3>\n<ul style='padding-left: 20px; font-size: 15px; color: inherit;'>\n<li style='margin-bottom: 5px;'>Dimensiones: 53 x 53 x 27 (mm).<\/li>\n<li style='margin-bottom: 5px;'>Materia: Pl\u00e1stico&comma; <strong>Resistente al Fuego<\/strong>.<\/li>\n<li style='margin-bottom: 5px;'>Contactos: NO\/COM\/NC.<\/li>\n<li style='margin-bottom: 5px;'>Corriente soportada: <strong>3A\/24Vcc<\/strong>.<\/li>\n<li style='margin-bottom: 5px;'>Temperatura de operaci\u00f3n: 10 a 55\u00b0C.<\/li>\n<li style='margin-bottom: 5px;'>Peso: 0.085Kg.<\/li>\n<li style='margin-bottom: 5px;'>Incluye una llave (llave pl\u00e1stica color puede variar de acuerdo a disponibilidad).<\/li>\n<\/ul><\/div>\n<div style='flex: 1 1 300px; min-width: 280px;'> <img style='width: 100%; max-width: 258px; height: auto; border: 1px solid rgba(150&comma;150&comma;150&comma;0.3); border-radius: 8px;' src='http:\/\/ftp3.syscom.mx\/usuarios\/ccordova\/AccessPRO\/botones\/accesspa53.jpg' alt='Bot\u00f3n de p\u00e1nico ACCESSPA53' \/> <\/div>\n<\/p><\/div>\n<div style='margin-bottom: 30px;'>\n<div style='position: relative; padding-bottom: 56.25%; height: 0; overflow: hidden; margin-bottom: 30px;'>   <\/div>\n<\/p><\/div>\n<\/p><\/div>\n","protected":false},"excerpt":{"rendered":"<p>Bot\u00f3n de P\u00e1nico a Prueba de Fuego \/ Restablecimiento con Llave \/ Tama\u00f1o Compacto para F\u00e1cil Instalaci\u00f3n<\/p>\n","protected":false},"featured_media":28924,"comment_status":"open","ping_status":"closed","template":"","meta":[],"product_brand":[],"product_cat":[945],"product_tag":[234,519,126],"class_list":{"0":"post-28925","1":"product","2":"type-product","3":"status-publish","4":"has-post-thumbnail","6":"product_cat-estaciones-manuales-de-emergencia-sistemas-de-emergencia","7":"product_tag-accesspro","8":"product_tag-estaciones-manuales-de-emergencia","9":"product_tag-sistemas-de-emergencia","11":"first","12":"instock","13":"sale","14":"shipping-taxable","15":"purchasable","16":"product-type-simple"},"_links":{"self":[{"href":"https:\/\/soydeaqui.ddns.net\/pachuca\/index.php\/wp-json\/wp\/v2\/product\/28925","targetHints":{"allow":["GET"]}}],"collection":[{"href":"https:\/\/soydeaqui.ddns.net\/pachuca\/index.php\/wp-json\/wp\/v2\/product"}],"about":[{"href":"https:\/\/soydeaqui.ddns.net\/pachuca\/index.php\/wp-json\/wp\/v2\/types\/product"}],"replies":[{"embeddable":true,"href":"https:\/\/soydeaqui.ddns.net\/pachuca\/index.php\/wp-json\/wp\/v2\/comments?post=28925"}],"wp:featuredmedia":[{"embeddable":true,"href":"https:\/\/soydeaqui.ddns.net\/pachuca\/index.php\/wp-json\/wp\/v2\/media\/28924"}],"wp:attachment":[{"href":"https:\/\/soydeaqui.ddns.net\/pachuca\/index.php\/wp-json\/wp\/v2\/media?parent=28925"}],"wp:term":[{"taxonomy":"product_brand","embeddable":true,"href":"https:\/\/soydeaqui.ddns.net\/pachuca\/index.php\/wp-json\/wp\/v2\/product_brand?post=28925"},{"taxonomy":"product_cat","embeddable":true,"href":"https:\/\/soydeaqui.ddns.net\/pachuca\/index.php\/wp-json\/wp\/v2\/product_cat?post=28925"},{"taxonomy":"product_tag","embeddable":true,"href":"https:\/\/soydeaqui.ddns.net\/pachuca\/index.php\/wp-json\/wp\/v2\/product_tag?post=28925"}],"curies":[{"name":"wp","href":"https:\/\/api.w.org\/{rel}","templated":true}]}}