{"id":28923,"date":"2026-03-18T13:13:30","date_gmt":"2026-03-18T13:13:30","guid":{"rendered":"https:\/\/soydeaqui.ddns.net\/pachuca\/index.php\/producto\/motor-primario-para-puerta-abatible-para-portones-individuales-de-hasta-4-mts-y-225-kgs-maximo-uso-continuo-requiere-pedestal-para-instalacion-no-incluido\/"},"modified":"2026-03-18T13:13:31","modified_gmt":"2026-03-18T13:13:31","slug":"motor-primario-para-puerta-abatible-para-portones-individuales-de-hasta-4-mts-y-225-kgs-maximo-uso-continuo-requiere-pedestal-para-instalacion-no-incluido","status":"publish","type":"product","link":"https:\/\/soydeaqui.ddns.net\/pachuca\/index.php\/producto\/motor-primario-para-puerta-abatible-para-portones-individuales-de-hasta-4-mts-y-225-kgs-maximo-uso-continuo-requiere-pedestal-para-instalacion-no-incluido\/","title":{"rendered":"Motor Primario para puerta abatible \/ Para Portones Individuales de hasta 4 mts y 225 kgs M\u00e1ximo \/ Uso Continuo \/ Requiere pedestal para instalaci\u00f3n (No incluido)"},"content":{"rendered":"<div style='width: 100%; max-width: 1200px; margin: 0 auto; font-family: sans-serif; line-height: 1.6; color: inherit; background-color: transparent;'> <!-- Secci\u00f3n de caracter\u00edsticas --> <\/p>\n<div style='display: flex; flex-wrap: wrap; gap: 30px; margin-bottom: 30px;'>\n<div style='flex: 1 1 300px; min-width: 280px;'>\n<h3 style='font-size: 22px; border-bottom: 2px solid currentColor; padding-bottom: 5px; margin-top: 0; color: inherit; opacity: 0.8;'>\u00bfQu\u00e9 incluye el modelo 6100-080?<\/h3>\n<div style='overflow-x: auto;'>\n<table style='width: 100%; border-collapse: collapse; margin-bottom: 20px; color: inherit;'>\n<thead>\n<tr>\n<th style='font-size: 13px; font-weight: normal; padding: 10px 5px; text-align: center; vertical-align: top; background-color: #005cb9; color: #ffffff; border: 1px solid rgba(150&comma;150&comma;150&comma;0.3);'>Cantidad<\/th>\n<th style='font-size: 13px; font-weight: normal; padding: 10px 5px; text-align: center; vertical-align: top; background-color: #005cb9; color: #ffffff; border: 1px solid rgba(150&comma;150&comma;150&comma;0.3);'>Modelo<\/th>\n<th style='font-size: 13px; font-weight: normal; padding: 10px 5px; text-align: center; vertical-align: top; background-color: #005cb9; color: #ffffff; border: 1px solid rgba(150&comma;150&comma;150&comma;0.3);'>Imagen<\/th>\n<th style='font-size: 13px; font-weight: normal; padding: 10px 5px; text-align: center; vertical-align: top; background-color: #005cb9; color: #ffffff; border: 1px solid rgba(150&comma;150&comma;150&comma;0.3);'>Descripci\u00f3n<\/th>\n<\/tr>\n<\/thead>\n<tbody>\n<tr>\n<td style='font-size: 13px; padding: 10px 5px; text-align: center; color: inherit; border: 1px solid rgba(150&comma;150&comma;150&comma;0.3);'>1 pieza<\/td>\n<td style='font-size: 13px; padding: 10px 5px; text-align: center; color: inherit; border: 1px solid rgba(150&comma;150&comma;150&comma;0.3);'>6100-080<\/td>\n<td style='font-size: 13px; padding: 10px 5px; text-align: center; color: inherit; border: 1px solid rgba(150&comma;150&comma;150&comma;0.3);'> <img style='width: 148.75px; height: auto; border: 1px solid rgba(150&comma;150&comma;150&comma;0.3); border-radius: 8px;' src='https:\/\/ftp3.syscom.mx\/usuarios\/fotos\/BancoFotograficasSyscom\/DKSDOORKING\/6100080\/6100080-p.PNG' alt=''> <\/td>\n<td style='font-size: 13px; padding: 10px 5px; color: inherit; border: 1px solid rgba(150&comma;150&comma;150&comma;0.3);'>\n<p style='margin: 5px 0;'>Operador para 1 puerta abatible de uso continuo sin pedestal&comma; compatible con portones de hasta 4 metros<\/p>\n<p style='margin: 5px 0;'>Montaje o pedestal NO incluido (La imagen es solo de referencia)<\/p>\n<p style='margin: 5px 0;'>Cuadro de mando incluido<\/p>\n<p style='margin: 5px 0;'>Bajo mantenimiento<\/p>\n<\/td>\n<\/tr>\n<\/tbody>\n<\/table><\/div>\n<\/p><\/div>\n<\/p><\/div>\n<p> <!-- Secci\u00f3n de componentes adicionales --> <\/p>\n<div style='display: flex; flex-wrap: wrap; gap: 30px; margin-bottom: 30px;'>\n<div style='flex: 1 1 300px; min-width: 280px;'>\n<h3 style='font-size: 22px; border-bottom: 2px solid currentColor; padding-bottom: 5px; margin-top: 0; color: inherit; opacity: 0.8;'>Componentes adicionales para sistema de automatizaci\u00f3n<\/h3>\n<div style='font-size: 15px; color: inherit;'>\n<h4 style='margin-top: 0; margin-bottom: 10px; font-size: 18px;'>Paso 1<\/h4>\n<p>Elegir un kit de montaje para instalaci\u00f3n:<\/p>\n<ul style='padding-left: 20px; margin: 10px 0;'>\n<li style='margin-bottom: 10px;'> <strong style='color: inherit;'>Pedestal para sobreponer<\/strong>: <a href='https:\/\/www.syscom.mx\/producto\/2600-671-DKS-DOORKING-92871.html' style='color: #007bff; text-decoration: none; font-weight: normal;'>2600-671<\/a>&comma; Permite instalar el motor directamente sobre una superficie nivelada de concreto utilizando taquetes expansivos o equivalente. <\/li>\n<li style='margin-bottom: 10px;'> <strong style='color: inherit;'>Pedestal tipo Poste<\/strong>: <a href='https:\/\/www.syscom.mx\/producto\/2600-674-DKS-DOORKING-92868.html' style='color: #007bff; text-decoration: none; font-weight: normal;'>2600-674<\/a>. Para la instalaci\u00f3n requiere hacer obra civil adicional&comma; ya que el poste queda instalado bajo el concreto. <\/li>\n<\/ul>\n<h4 style='margin-top: 20px; margin-bottom: 10px; font-size: 18px;'>Paso 2<\/h4>\n<p>Elegir los componentes opcionales:<\/p>\n<ul style='padding-left: 20px; margin: 10px 0;'>\n<li style='margin-bottom: 10px;'> Sensor de masa original DKS&comma; 9410-010&comma; requiere 1 lazo magn\u00e9ticos SYSLM6 (Solo en aplicaciones de apertura autom\u00e1tica al detectar el veh\u00edculo). <\/li>\n<li style='margin-bottom: 10px;'> Sensor fotoel\u00e9ctico XBSSIR33. <\/li>\n<li style='margin-bottom: 10px;'> Botonera triple compatible&comma; XBSSW01 <\/li>\n<\/ul><\/div>\n<\/p><\/div>\n<\/p><\/div>\n<p> <!-- Secci\u00f3n de motor secundario --> <\/p>\n<div style='display: flex; flex-wrap: wrap; gap: 30px; margin-bottom: 30px;'>\n<div style='flex: 1 1 300px; min-width: 280px;'>\n<h3 style='font-size: 22px; border-bottom: 2px solid currentColor; padding-bottom: 5px; margin-top: 0; color: inherit; opacity: 0.8;'>Port\u00f3n vehicular de 2 hojas<\/h3>\n<div style='font-size: 15px; color: inherit;'>\n<h4 style='margin-top: 0; margin-bottom: 10px; font-size: 18px;'>Motor secundario necesario<\/h4>\n<p>Agregue a su cotizaci\u00f3n un motor secundario <a href='https:\/\/www.syscom.mx\/producto\/6100-081-DKS-DOORKING-92874.html' style='color: #007bff; text-decoration: none; font-weight: normal;'>6100-081<\/a><\/p>\n<h4 style='margin-top: 20px; margin-bottom: 10px; font-size: 18px;'>Kits de montaje adicionales<\/h4>\n<ul style='padding-left: 20px; margin: 10px 0;'>\n<li style='margin-bottom: 10px;'> <strong style='color: inherit;'>Pedestal para sobreponer<\/strong>: <a href='https:\/\/www.syscom.mx\/producto\/2600-671-DKS-DOORKING-92871.html' style='color: #007bff; text-decoration: none; font-weight: normal;'>2600-671<\/a>&comma; Permite instalar el motor directamente sobre una superficie nivelada de concreto utilizando taquetes expansivos o equivalente. <\/li>\n<li style='margin-bottom: 10px;'> <strong style='color: inherit;'>Pedestal tipo Poste<\/strong>: <a href='https:\/\/www.syscom.mx\/producto\/2600-674-DKS-DOORKING-92868.html' style='color: #007bff; text-decoration: none; font-weight: normal;'>2600-674<\/a>. Para la instalaci\u00f3n requiere hacer obra civil adicional&comma; ya que el poste queda instalado bajo el concreto. <\/li>\n<\/ul><\/div>\n<\/p><\/div>\n<\/p><\/div>\n<p> <!-- Secci\u00f3n de especificaciones --> <\/p>\n<div style='display: flex; flex-wrap: wrap; gap: 20px; margin-bottom: 30px;'>\n<div style='flex: 1 1 250px; border: 1px solid rgba(150&comma; 150&comma; 150&comma; 0.4); border-radius: 8px; overflow: hidden; display: flex; flex-direction: column;'>\n<div style='padding: 15px; border-bottom: 1px solid rgba(150&comma; 150&comma; 150&comma; 0.2); font-weight: bold; font-size: 18px; color: inherit;'>Especificaciones T\u00e9cnicas<\/div>\n<div style='padding: 15px; color: inherit;'>\n<ul style='padding-left: 20px; margin: 0; font-size: 14px; list-style-type: disc;'>\n<li style='margin-bottom: 5px;'>Ciclos por d\u00eda: <strong style='color: inherit;'>Uso Continuo<\/strong><\/li>\n<li style='margin-bottom: 5px;'>Peso m\u00e1ximo de hoja: 225 Kgs.<\/li>\n<li style='margin-bottom: 5px;'>Longitud m\u00e1xima de la hoja: 4 m<\/li>\n<li style='margin-bottom: 5px;'>Motor de 1\/2 HP para uso continuo.<\/li>\n<li style='margin-bottom: 5px;'>115Vac 5.4 Amp.<\/li>\n<li style='margin-bottom: 5px;'>Tiempo de apertura a 90 grados: 10 seg. aprox.<\/li>\n<\/ul><\/div>\n<\/p><\/div>\n<\/p><\/div>\n<p> <!-- Nota importante --> <\/p>\n<div style='display: flex; flex-wrap: wrap; gap: 30px; margin-bottom: 30px;'>\n<div style='flex: 1 1 300px; min-width: 280px;'>\n<div style='padding: 15px; background-color: rgba(255&comma; 255&comma; 255&comma; 0.05); border-left: 3px solid #005cb9; margin: 15px 0;'>\n<p style='font-size: 14px; text-align: center; margin: 0; color: inherit;'> Es importante tener en cuenta la resistencia que el viento puede generar en los portones sin ranuras de ventilaci\u00f3n al operar los motores en apertura y cierre de puertas abatibles. Recomendamos considerar la instalaci\u00f3n de rejillas que permitan la adecuada ventilaci\u00f3n para facilitar el correcto funcionamiento de los dispositivos. <\/p>\n<\/p><\/div>\n<\/p><\/div>\n<\/p><\/div>\n<p> <!-- Separador final --> <\/p>\n<hr style='border: 0; border-top: 1px solid rgba(150&comma; 150&comma; 150&comma; 0.3); margin: 30px 0;'> <\/div>\n","protected":false},"excerpt":{"rendered":"<p>Motor Primario para puerta abatible \/ Para Portones Individuales de hasta 4 mts y 225 kgs M\u00e1ximo \/ Uso Continuo \/ Requiere pedestal para instalaci\u00f3n (No incluido)<\/p>\n","protected":false},"featured_media":28922,"comment_status":"open","ping_status":"closed","template":"","meta":[],"product_brand":[],"product_cat":[821],"product_tag":[401,781,822],"class_list":{"0":"post-28923","1":"product","2":"type-product","3":"status-publish","4":"has-post-thumbnail","6":"product_cat-puertas-abatibles","7":"product_tag-acceso-vehicular","8":"product_tag-dks-doorking","9":"product_tag-puertas-abatibles","11":"first","12":"outofstock","13":"sale","14":"shipping-taxable","15":"purchasable","16":"product-type-simple"},"_links":{"self":[{"href":"https:\/\/soydeaqui.ddns.net\/pachuca\/index.php\/wp-json\/wp\/v2\/product\/28923","targetHints":{"allow":["GET"]}}],"collection":[{"href":"https:\/\/soydeaqui.ddns.net\/pachuca\/index.php\/wp-json\/wp\/v2\/product"}],"about":[{"href":"https:\/\/soydeaqui.ddns.net\/pachuca\/index.php\/wp-json\/wp\/v2\/types\/product"}],"replies":[{"embeddable":true,"href":"https:\/\/soydeaqui.ddns.net\/pachuca\/index.php\/wp-json\/wp\/v2\/comments?post=28923"}],"wp:featuredmedia":[{"embeddable":true,"href":"https:\/\/soydeaqui.ddns.net\/pachuca\/index.php\/wp-json\/wp\/v2\/media\/28922"}],"wp:attachment":[{"href":"https:\/\/soydeaqui.ddns.net\/pachuca\/index.php\/wp-json\/wp\/v2\/media?parent=28923"}],"wp:term":[{"taxonomy":"product_brand","embeddable":true,"href":"https:\/\/soydeaqui.ddns.net\/pachuca\/index.php\/wp-json\/wp\/v2\/product_brand?post=28923"},{"taxonomy":"product_cat","embeddable":true,"href":"https:\/\/soydeaqui.ddns.net\/pachuca\/index.php\/wp-json\/wp\/v2\/product_cat?post=28923"},{"taxonomy":"product_tag","embeddable":true,"href":"https:\/\/soydeaqui.ddns.net\/pachuca\/index.php\/wp-json\/wp\/v2\/product_tag?post=28923"}],"curies":[{"name":"wp","href":"https:\/\/api.w.org\/{rel}","templated":true}]}}