{"id":28860,"date":"2026-03-18T13:06:56","date_gmt":"2026-03-18T13:06:56","guid":{"rendered":"https:\/\/soydeaqui.ddns.net\/pachuca\/index.php\/producto\/lector-compacto-de-2-metros-de-alcance-para-acceso-peatonal-upass-access-uhf-900-mhz-compatible-con-tarjetas-epcgen2-de-nedap-o-accesspro\/"},"modified":"2026-03-18T13:06:59","modified_gmt":"2026-03-18T13:06:59","slug":"lector-compacto-de-2-metros-de-alcance-para-acceso-peatonal-upass-access-uhf-900-mhz-compatible-con-tarjetas-epcgen2-de-nedap-o-accesspro","status":"publish","type":"product","link":"https:\/\/soydeaqui.ddns.net\/pachuca\/index.php\/producto\/lector-compacto-de-2-metros-de-alcance-para-acceso-peatonal-upass-access-uhf-900-mhz-compatible-con-tarjetas-epcgen2-de-nedap-o-accesspro\/","title":{"rendered":"Lector Compacto de 2 metros de alcance para acceso peatonal, UPASS ACCESS,  UHF\/900 Mhz, compatible con tarjetas EPCGEN2 de NEDAP o ACCESSPRO"},"content":{"rendered":"<div style='width: 100%; max-width: 1200px; margin: 0 auto; font-family: sans-serif; line-height: 1.6; color: inherit; background-color: transparent;'>\n<div style='position: relative; padding-bottom: 56.25%; height: 0; overflow: hidden; margin-bottom: 30px;'>   <\/div>\n<div style='display: flex; flex-wrap: wrap; gap: 30px; margin-bottom: 30px;'>\n<div style='flex: 1 1 300px; min-width: 280px;'>\n<h3 style='font-size: 22px; border-bottom: 2px solid currentColor; padding-bottom: 5px; margin-top: 0; color: inherit; opacity: 0.8;'>Caracter\u00edsticas principales<\/h3>\n<ul style='padding-left: 20px; font-size: 15px; color: inherit;'>\n<li style='margin-bottom: 5px;'>Identificaci\u00f3n manos libres del personal<\/li>\n<li style='margin-bottom: 5px;'>Rango de lectura hasta 2m (6.5 feet).<\/li>\n<li style='margin-bottom: 5px;'>Opera con tarjetas UHF (EPC GEN2).<\/li>\n<li style='margin-bottom: 5px;'>Soporta tarjetas de tecnolog\u00eda combinada<\/li>\n<li style='margin-bottom: 5px;'>Buzzer y led indicadores<\/li>\n<\/ul><\/div>\n<div style='flex: 1 1 300px; min-width: 280px;'>\n<h3 style='font-size: 22px; border-bottom: 2px solid currentColor; padding-bottom: 5px; margin-top: 0; color: inherit; opacity: 0.8;'>Caracter\u00edsticas F\u00edsicas y El\u00e9ctricas<\/h3>\n<ul style='padding-left: 20px; font-size: 15px; color: inherit;'>\n<li style='margin-bottom: 5px;'>Dimensiones: 150 x 50 x 40 mm (5.9 x 2 x 1.6 in)<\/li>\n<li style='margin-bottom: 5px;'>Peso: 0&comma;5 kg (1.1 lbs)<\/li>\n<li style='margin-bottom: 5px;'>Temperatura de operaci\u00f3n: -30\u2026 +60\u00b0C (-22\u2026 +140\u00b0F)<\/li>\n<li style='margin-bottom: 5px;'>Humedad: 10% &#8230; 93% Humedad relativa&comma; sin condensaci\u00f3n<\/li>\n<li style='margin-bottom: 5px;'>Nivel de protecci\u00f3n: IP65 (approx. NEMA 4x)<\/li>\n<li style='margin-bottom: 5px;'>Consumo el\u00e9ctrico: 1A @12VDC&comma; 1A@24VDC<\/li>\n<\/ul><\/div>\n<div style='flex: 1 1 300px; min-width: 280px;'>\n<h3 style='font-size: 22px; border-bottom: 2px solid currentColor; padding-bottom: 5px; margin-top: 0; color: inherit; opacity: 0.8;'>Caracter\u00edsticas Destacadas<\/h3>\n<p style='font-size: 15px; color: inherit;'>El uPASS Access es el lector ultra peque\u00f1o de UHF para puertas de acceso con manos libres. Se basa del uso de la tecnolog\u00eda pasiva de UHF&comma; donde la gente es identificada a una distancia de hasta 2 metros. El uPASS Access puede ser utilizado con la tecnolog\u00eda de tarjetas ISO18000-6C o EPC Gen 2. Las aplicaciones t\u00edpicas incluyen acceso de manos libres en hospitales&comma; oficinas&comma; edificios&comma; entrada en comunidades&comma; centros de salud&comma; universidades y varias industrias m\u00e1s.<\/p>\n<\/p><\/div>\n<\/p><\/div>\n<\/p><\/div>\n","protected":false},"excerpt":{"rendered":"<p>Lector Compacto de 2 metros de alcance para acceso peatonal, UPASS ACCESS,  UHF\/900 Mhz, compatible con tarjetas EPCGEN2 de NEDAP o ACCESSPRO<\/p>\n","protected":false},"featured_media":28859,"comment_status":"open","ping_status":"closed","template":"","meta":[],"product_brand":[],"product_cat":[831],"product_tag":[466,858,832],"class_list":{"0":"post-28860","1":"product","2":"type-product","3":"status-publish","4":"has-post-thumbnail","6":"product_cat-uhf-rfid","7":"product_tag-lectoras-y-tarjetas","8":"product_tag-nedap","9":"product_tag-uhf-rfid","11":"first","12":"outofstock","13":"sale","14":"shipping-taxable","15":"purchasable","16":"product-type-simple"},"_links":{"self":[{"href":"https:\/\/soydeaqui.ddns.net\/pachuca\/index.php\/wp-json\/wp\/v2\/product\/28860","targetHints":{"allow":["GET"]}}],"collection":[{"href":"https:\/\/soydeaqui.ddns.net\/pachuca\/index.php\/wp-json\/wp\/v2\/product"}],"about":[{"href":"https:\/\/soydeaqui.ddns.net\/pachuca\/index.php\/wp-json\/wp\/v2\/types\/product"}],"replies":[{"embeddable":true,"href":"https:\/\/soydeaqui.ddns.net\/pachuca\/index.php\/wp-json\/wp\/v2\/comments?post=28860"}],"wp:featuredmedia":[{"embeddable":true,"href":"https:\/\/soydeaqui.ddns.net\/pachuca\/index.php\/wp-json\/wp\/v2\/media\/28859"}],"wp:attachment":[{"href":"https:\/\/soydeaqui.ddns.net\/pachuca\/index.php\/wp-json\/wp\/v2\/media?parent=28860"}],"wp:term":[{"taxonomy":"product_brand","embeddable":true,"href":"https:\/\/soydeaqui.ddns.net\/pachuca\/index.php\/wp-json\/wp\/v2\/product_brand?post=28860"},{"taxonomy":"product_cat","embeddable":true,"href":"https:\/\/soydeaqui.ddns.net\/pachuca\/index.php\/wp-json\/wp\/v2\/product_cat?post=28860"},{"taxonomy":"product_tag","embeddable":true,"href":"https:\/\/soydeaqui.ddns.net\/pachuca\/index.php\/wp-json\/wp\/v2\/product_tag?post=28860"}],"curies":[{"name":"wp","href":"https:\/\/api.w.org\/{rel}","templated":true}]}}