{"id":28843,"date":"2026-03-18T13:06:34","date_gmt":"2026-03-18T13:06:34","guid":{"rendered":"https:\/\/soydeaqui.ddns.net\/pachuca\/index.php\/producto\/lector-de-codigos-qr-tarjetas-convencionales-y-tarjetas-virtuales-via-bluetooth-y-nfc-administracion-en-la-nube-salida-wiegand-compatible-con-cualquier-panel-de-acceso\/"},"modified":"2026-03-18T13:06:36","modified_gmt":"2026-03-18T13:06:36","slug":"lector-de-codigos-qr-tarjetas-convencionales-y-tarjetas-virtuales-via-bluetooth-y-nfc-administracion-en-la-nube-salida-wiegand-compatible-con-cualquier-panel-de-acceso","status":"publish","type":"product","link":"https:\/\/soydeaqui.ddns.net\/pachuca\/index.php\/producto\/lector-de-codigos-qr-tarjetas-convencionales-y-tarjetas-virtuales-via-bluetooth-y-nfc-administracion-en-la-nube-salida-wiegand-compatible-con-cualquier-panel-de-acceso\/","title":{"rendered":"Lector de c\u00f3digos QR \/ tarjetas convencionales y tarjetas virtuales via BLUETOOTH y NFC \/ Administraci\u00f3n en la NUBE \/ Salida WIEGAND compatible con cualquier panel de acceso"},"content":{"rendered":"<div style='width: 100%; max-width: 1200px; margin: 0 auto; font-family: sans-serif; line-height: 1.6; color: inherit; background-color: transparent;'>\n<div style='display: flex; flex-direction: column; gap: 30px;'>\n<div style='text-align: center;'> <img style='width: 100%; height: auto; border: 1px solid rgba(150&comma;150&comma;150&comma;0.3); border-radius: 8px; max-width: 516px;' src='https:\/\/ftp3.syscom.mx\/usuarios\/fotos\/9565531\/160512-images.png' alt=''> <\/div>\n<div style='text-align: center;'>\n<h2 style='font-size: 24px; margin: 0; color: inherit;'><strong>F\u00c1CIL ADMINISTRACI\u00d3N DESDE LA NUBE<\/strong><\/h2>\n<p style='margin: 15px 0 0 0; font-size: 15px; color: inherit; max-width: 800px; margin-left: auto; margin-right: auto;'>MACE de Nedap es una plataforma que permite el control de accesos por el m\u00f3vil. La plataforma consiste en un servicio basado en la nube&comma; lectores y apps. Las apps de MACE pueden recibir y contener m\u00faltiples credenciales de identificaci\u00f3n virtuales. Estos credenciales son presentados a los lectores MACE usando NFC&comma; Bluetooth o QR. Los credenciales de identificaci\u00f3n virtuales son enviados al tel\u00e9fono de manera segura desde el servidor MACE.<\/p>\n<\/p><\/div>\n<div style='text-align: center;'> <img style='width: 100%; height: auto; border: 1px solid rgba(150&comma;150&comma;150&comma;0.3); border-radius: 8px; max-width: 500px;' src='https:\/\/ftp3.syscom.mx\/usuarios\/fotos\/9565531\/160512-nedap-introduces-mace.png' alt=''> <\/div>\n<div style='text-align: center;'>\n<h3 style='font-size: 22px; margin: 0; color: inherit;'><strong>EL SMARTPHONE COMO M\u00c9TODO DE IDENTIFICACI\u00d3N<\/strong><\/h3>\n<p style='margin: 15px 0 0 0; font-size: 15px; color: inherit; max-width: 800px; margin-left: auto; margin-right: auto;'>NEDAP Permite la extensi\u00f3n de cualquier sistema de control de accesos&comma; con la habilidad de usar smartphones como contenedores de tarjetas de control de acceso virtuales. Puede aplicarse en cualquier situaci\u00f3n donde los usuarios necesiten ser capaces de identificarse usando sus smartphones. Control de accesos a edificios&comma; sistemas de gesti\u00f3n de aparcamientos&comma; e incluso sistemas de venta de entradas para eventos o <strong>sistemas de visitantes<\/strong>.<\/p>\n<\/p><\/div>\n<div style='text-align: center;'> <img style='width: 100%; height: auto; border: 1px solid rgba(150&comma;150&comma;150&comma;0.3); border-radius: 8px; max-width: 450px;' src='https:\/\/ftp3.syscom.mx\/usuarios\/fotos\/9565531\/160512-qr-code-scan-hand-450x405.png' alt=''> <\/div>\n<div style='text-align: center;'>\n<h3 style='font-size: 22px; margin: 0; color: inherit;'><strong>ESPECIFICACIONES<\/strong><\/h3>\n<div style='margin-top: 20px; max-width: 800px; margin-left: auto; margin-right: auto;'>\n<ul style='padding-left: 20px; font-size: 15px; color: inherit; list-style: disc;'>\n<li style='margin-bottom: 10px;'>Administraci\u00f3n de credenciales a trav\u00e9s de la nube&comma; se env\u00edan como QR o tarjeta via Email.<\/li>\n<li style='margin-bottom: 10px;'>Soporta <strong>Bluetooth<\/strong>&comma; NFC&comma; Proximidad (125 Khz EM)&comma; MIFARE (classic) y <strong>C\u00f3digos QR (generados por plataforma Nedap)<\/strong><\/li>\n<li style='margin-bottom: 10px;'>Compatible con cualquier controlador de acceso de terceros (Rosslare&comma; Suprema&comma; HID&comma; Accesspro&comma; ZKTeco)<\/li>\n<li style='margin-bottom: 10px;'>Alta capacidad de personalizaci\u00f3n (Color del LED en espera \/ al leer&comma; beep&comma; dise\u00f1o de tarjeta etc)<\/li>\n<li style='margin-bottom: 10px;'>Conexi\u00f3n v\u00eda WIEGAND.<\/li>\n<li style='margin-bottom: 10px;'>Dimensiones de 40 X 150 X 50 mm<\/li>\n<li style='margin-bottom: 10px;'>Peso de 500 gramos<\/li>\n<\/ul><\/div>\n<\/p><\/div>\n<div style='text-align: center;'>\n<h3 style='font-size: 22px; margin: 0; color: inherit;'><strong>MENSAJE PERSONALIZABLE AL ENVIAR EL CODIGO QR<\/strong><\/h3>\n<div style='text-align: center; margin-top: 20px;'> <img style='width: 100%; height: auto; border: 1px solid rgba(150&comma;150&comma;150&comma;0.3); border-radius: 8px; max-width: 795px;' src='https:\/\/ftp3.syscom.mx\/usuarios\/fotos\/9565531\/160512-personbaloizablr.png' alt=''> <\/div>\n<\/p><\/div>\n<div style='text-align: center;'>\n<p style='font-size: 15px; color: inherit; margin: 0;'><em>Descargue la aplicacion e Instale atravez del APK en smartphones con ANDROID de nuestro centro de descargas<\/em><\/p>\n<\/p><\/div>\n<\/p><\/div>\n<\/p><\/div>\n","protected":false},"excerpt":{"rendered":"<p>Lector de c\u00f3digos QR \/ tarjetas convencionales y tarjetas virtuales via BLUETOOTH y NFC \/ Administraci\u00f3n en la NUBE \/ Salida WIEGAND compatible con cualquier panel de acceso<\/p>\n","protected":false},"featured_media":28842,"comment_status":"open","ping_status":"closed","template":"","meta":[],"product_brand":[],"product_cat":[917],"product_tag":[918,466,858],"class_list":{"0":"post-28843","1":"product","2":"type-product","3":"status-publish","4":"has-post-thumbnail","6":"product_cat-bluetooth","7":"product_tag-bluetooth","8":"product_tag-lectoras-y-tarjetas","9":"product_tag-nedap","11":"first","12":"outofstock","13":"sale","14":"shipping-taxable","15":"purchasable","16":"product-type-simple"},"_links":{"self":[{"href":"https:\/\/soydeaqui.ddns.net\/pachuca\/index.php\/wp-json\/wp\/v2\/product\/28843","targetHints":{"allow":["GET"]}}],"collection":[{"href":"https:\/\/soydeaqui.ddns.net\/pachuca\/index.php\/wp-json\/wp\/v2\/product"}],"about":[{"href":"https:\/\/soydeaqui.ddns.net\/pachuca\/index.php\/wp-json\/wp\/v2\/types\/product"}],"replies":[{"embeddable":true,"href":"https:\/\/soydeaqui.ddns.net\/pachuca\/index.php\/wp-json\/wp\/v2\/comments?post=28843"}],"wp:featuredmedia":[{"embeddable":true,"href":"https:\/\/soydeaqui.ddns.net\/pachuca\/index.php\/wp-json\/wp\/v2\/media\/28842"}],"wp:attachment":[{"href":"https:\/\/soydeaqui.ddns.net\/pachuca\/index.php\/wp-json\/wp\/v2\/media?parent=28843"}],"wp:term":[{"taxonomy":"product_brand","embeddable":true,"href":"https:\/\/soydeaqui.ddns.net\/pachuca\/index.php\/wp-json\/wp\/v2\/product_brand?post=28843"},{"taxonomy":"product_cat","embeddable":true,"href":"https:\/\/soydeaqui.ddns.net\/pachuca\/index.php\/wp-json\/wp\/v2\/product_cat?post=28843"},{"taxonomy":"product_tag","embeddable":true,"href":"https:\/\/soydeaqui.ddns.net\/pachuca\/index.php\/wp-json\/wp\/v2\/product_tag?post=28843"}],"curies":[{"name":"wp","href":"https:\/\/api.w.org\/{rel}","templated":true}]}}