{"id":28832,"date":"2026-03-18T13:06:23","date_gmt":"2026-03-18T13:06:23","guid":{"rendered":"https:\/\/soydeaqui.ddns.net\/pachuca\/index.php\/producto\/amplificador-2g-smartcard-booster-1356-mhz\/"},"modified":"2026-03-18T13:06:24","modified_gmt":"2026-03-18T13:06:24","slug":"amplificador-2g-smartcard-booster-1356-mhz","status":"publish","type":"product","link":"https:\/\/soydeaqui.ddns.net\/pachuca\/index.php\/producto\/amplificador-2g-smartcard-booster-1356-mhz\/","title":{"rendered":"Amplificador 2G Smartcard-booster 13,56 MHZ"},"content":{"rendered":"<div style='width: 100%; max-width: 1200px; margin: 0 auto; font-family: sans-serif; line-height: 1.6; color: inherit; background-color: transparent;'>\n<div style='display: flex; flex-wrap: wrap; gap: 30px; margin-bottom: 30px;'>\n<div style='flex: 1 1 300px; min-width: 280px;'>\n<h3 style='font-size: 22px; border-bottom: 2px solid currentColor; padding-bottom: 5px; margin-top: 0; color: inherit; opacity: 0.8;'>IDENTIFICACI\u00d3N BASADA EN EL CONDUCTOR<\/h3>\n<p style='font-size: 14px; margin-bottom: 15px; color: inherit;'>El Booster permite la identificaci\u00f3n basada en los conductores. Esta soluci\u00f3n patentada asegura que un veh\u00edculo obtiene acceso a una \u00e1rea segura s\u00f3lo cuando es conducido por la persona autorizada. El Booster se combina con el control de acceso de personas existente. Permite combinar tarjetas de proximidad de 125 Khz tipo EM<\/p>\n<\/p><\/div>\n<\/p><\/div>\n<div style='display: flex; flex-wrap: wrap; gap: 20px; margin-bottom: 30px;'>\n<div style='flex: 1 1 250px; border: 1px solid rgba(150&comma; 150&comma; 150&comma; 0.4); border-radius: 8px; overflow: hidden; display: flex; flex-direction: column;'>\n<div style='padding: 15px; border-bottom: 1px solid rgba(150&comma; 150&comma; 150&comma; 0.2); font-weight: bold; font-size: 18px; color: inherit;'>TRANSIT BOOSTER 2G<\/div>\n<div style='padding: 15px; color: inherit;'>\n<ul style='padding-left: 20px; margin: 0; font-size: 14px; list-style-type: disc;'>\n<li style='margin-bottom: 5px;'><strong>Identificaci\u00f3n:<\/strong> Simult\u00e1nea de veh\u00edculo y conductor<\/li>\n<li style='margin-bottom: 5px;'><strong>Rango de lectura:<\/strong> Hasta 10 metros<\/li>\n<li style='margin-bottom: 5px;'><strong>Verificaci\u00f3n:<\/strong> Doble verificaci\u00f3n patentada de NEDAP<\/li>\n<li style='margin-bottom: 5px;'><strong>Tarjetas compatibles:<\/strong> Proximidad tipo EM<\/li>\n<li style='margin-bottom: 5px;'><strong>Instalaci\u00f3n:<\/strong> F\u00e1cil instalaci\u00f3n en el cristal del veh\u00edculo<\/li>\n<li style='margin-bottom: 5px;'><strong>Seguridad:<\/strong> Tag con encriptaci\u00f3n AES<\/li>\n<li style='margin-bottom: 5px;'><strong>Frecuencias:<\/strong> Utiliza dos frecuencias para mejor desempe\u00f1o<\/li>\n<li style='margin-bottom: 5px;'><strong>Compatibilidad:<\/strong> Solo con lector TRANSIT<\/li>\n<\/ul><\/div>\n<\/p><\/div>\n<\/p><\/div>\n<hr style='border: 0; border-top: 1px solid rgba(150&comma; 150&comma; 150&comma; 0.3); margin: 30px 0;'> <\/div>\n","protected":false},"excerpt":{"rendered":"<p>Amplificador 2G Smartcard-booster 13,56 MHZ<\/p>\n","protected":false},"featured_media":32,"comment_status":"open","ping_status":"closed","template":"","meta":[],"product_brand":[],"product_cat":[831],"product_tag":[466,858,832],"class_list":{"0":"post-28832","1":"product","2":"type-product","3":"status-publish","4":"has-post-thumbnail","6":"product_cat-uhf-rfid","7":"product_tag-lectoras-y-tarjetas","8":"product_tag-nedap","9":"product_tag-uhf-rfid","11":"first","12":"outofstock","13":"sale","14":"shipping-taxable","15":"purchasable","16":"product-type-simple"},"_links":{"self":[{"href":"https:\/\/soydeaqui.ddns.net\/pachuca\/index.php\/wp-json\/wp\/v2\/product\/28832","targetHints":{"allow":["GET"]}}],"collection":[{"href":"https:\/\/soydeaqui.ddns.net\/pachuca\/index.php\/wp-json\/wp\/v2\/product"}],"about":[{"href":"https:\/\/soydeaqui.ddns.net\/pachuca\/index.php\/wp-json\/wp\/v2\/types\/product"}],"replies":[{"embeddable":true,"href":"https:\/\/soydeaqui.ddns.net\/pachuca\/index.php\/wp-json\/wp\/v2\/comments?post=28832"}],"wp:featuredmedia":[{"embeddable":true,"href":"https:\/\/soydeaqui.ddns.net\/pachuca\/index.php\/wp-json\/wp\/v2\/media\/32"}],"wp:attachment":[{"href":"https:\/\/soydeaqui.ddns.net\/pachuca\/index.php\/wp-json\/wp\/v2\/media?parent=28832"}],"wp:term":[{"taxonomy":"product_brand","embeddable":true,"href":"https:\/\/soydeaqui.ddns.net\/pachuca\/index.php\/wp-json\/wp\/v2\/product_brand?post=28832"},{"taxonomy":"product_cat","embeddable":true,"href":"https:\/\/soydeaqui.ddns.net\/pachuca\/index.php\/wp-json\/wp\/v2\/product_cat?post=28832"},{"taxonomy":"product_tag","embeddable":true,"href":"https:\/\/soydeaqui.ddns.net\/pachuca\/index.php\/wp-json\/wp\/v2\/product_tag?post=28832"}],"curies":[{"name":"wp","href":"https:\/\/api.w.org\/{rel}","templated":true}]}}