{"id":28395,"date":"2026-03-18T12:56:36","date_gmt":"2026-03-18T12:56:36","guid":{"rendered":"https:\/\/soydeaqui.ddns.net\/pachuca\/index.php\/producto\/5000000-millones-garantizados-torniquete-industrial-en-acero-inoxidable-bidireccional-espacio-para-lectora-de-proximidad\/"},"modified":"2026-03-18T12:56:45","modified_gmt":"2026-03-18T12:56:45","slug":"5000000-millones-garantizados-torniquete-industrial-en-acero-inoxidable-bidireccional-espacio-para-lectora-de-proximidad","status":"publish","type":"product","link":"https:\/\/soydeaqui.ddns.net\/pachuca\/index.php\/producto\/5000000-millones-garantizados-torniquete-industrial-en-acero-inoxidable-bidireccional-espacio-para-lectora-de-proximidad\/","title":{"rendered":"5,000,000 Millones Garantizados, Torniquete Industrial en Acero Inoxidable, Bidireccional, Espacio para Lectora de Proximidad"},"content":{"rendered":"<div style='width: 100%; max-width: 1200px; margin: 0 auto; font-family: sans-serif; line-height: 1.6; color: inherit; background-color: transparent;'>\n<div style='display: flex; flex-wrap: wrap; gap: 30px; margin-bottom: 30px;'>\n<div style='flex: 1 1 300px; min-width: 280px;'>\n<h3 style='font-size: 22px; border-bottom: 2px solid currentColor; padding-bottom: 5px; margin-top: 0; color: inherit; opacity: 0.8;'>Proyectos mas usados con torniquetes<\/h3>\n<ul style='padding-left: 20px; font-size: 15px; color: inherit;'>\n<li style='margin-bottom: 5px;'><a href='https:\/\/soporte.syscom.mx\/es\/articles\/8144819-implementacion-de-tarjetas-con-torniquetes?_gl=1*1aqd6qf*_gcl_au*MTE0OTQ0NDQ5My4xNzI4MzM0NDU1' style='color: inherit; text-decoration: none; font-weight: bold;'>Acceso con tarjeta <span style='color: #c0392b; font-size: 10pt;'>(Click aqui)<\/span><\/a><\/li>\n<li style='margin-bottom: 5px;'><a href='https:\/\/soporte.syscom.mx\/es\/articles\/10279592-implementar-torniquetes-por-codigo-qr' style='color: inherit; text-decoration: none; font-weight: bold;'>Acceso con QR adminstrado en nube <span style='color: #c0392b; font-size: 10pt;'>(Click aqui)<\/span><\/a><\/li>\n<li style='margin-bottom: 5px;'><a href='https:\/\/soporte.syscom.mx\/es\/articles\/10279806-acceso-con-reconocimiento-facial-para-torniquetes' style='color: inherit; text-decoration: none; font-weight: bold;'>Acceso con reconocimiento facial <span style='color: #c0392b; font-size: 10pt;'>(Click aqui)<\/span><\/a><\/li>\n<\/ul><\/div>\n<\/p><\/div>\n<div style='width: 100%; margin: 30px 0;'> <img style='width: 100%; height: auto; border: 1px solid rgba(150&comma;150&comma;150&comma;0.3); border-radius: 8px;' src='http:\/\/ftp3.syscom.mx\/usuarios\/ivan.reyes\/AccessPRO\/bannertorniquetes.jpg' alt=''> <\/div>\n<div style='display: flex; flex-wrap: wrap; gap: 30px; margin-bottom: 30px;'>\n<div style='flex: 1 1 300px; min-width: 280px;'>\n<h3 style='font-size: 22px; border-bottom: 2px solid currentColor; padding-bottom: 5px; margin-top: 0; color: inherit; opacity: 0.8;'>Descripci\u00f3n general<\/h3>\n<p style='font-size: 15px; color: inherit;'>Los torniquetes de la serie AccessPRO son un tipo de barrera eficiente&comma; con un dise\u00f1o compacto&comma; adem\u00e1s ofrecen espacio suficiente para integrar cualquier Sistema de control de acceso. Pueden ser instalados con diferentes accesorios como&comma; contadores de personas&comma; lectores de tarjetas&comma; sistemas de alarma contra accesos no autorizados. Gracias a su funci\u00f3n de abatimiento de brazo provee una soluci\u00f3n excelente en caso de alguna emergencia o perdida de energ\u00eda&comma; proporcionando as\u00ed salida libre en caso de alguna evacuaci\u00f3n. Excelente durabilidad con un mantenimiento m\u00ednimo se traduce a a\u00f1os y millones de ciclos sin ning\u00fan problema. El torniquete AP2000HD crea un ambiente seguro para aplicaciones por ejemplo: recepciones&comma; estadios&comma; seguridad interior y de per\u00edmetro&comma; parques recreativos etc\u2026<\/p>\n<\/p><\/div>\n<\/p><\/div>\n<div style='display: flex; flex-wrap: wrap; gap: 20px; margin-bottom: 30px;'>\n<div style='flex: 1 1 250px; border: 1px solid rgba(150&comma; 150&comma; 150&comma; 0.4); border-radius: 8px; overflow: hidden; display: flex; flex-direction: column;'>\n<div style='padding: 15px; border-bottom: 1px solid rgba(150&comma; 150&comma; 150&comma; 0.2); font-weight: bold; font-size: 18px; color: inherit;'>Caracter\u00edsticas principales<\/div>\n<div style='padding: 15px; color: inherit;'>\n<ul style='padding-left: 20px; margin: 0; font-size: 14px; list-style-type: disc;'>\n<li style='margin-bottom: 5px;'>Dimensiones: 1200x280x980mm<\/li>\n<li style='margin-bottom: 5px;'>Material: 1.0mm 304 SUS Hairline #400<\/li>\n<li style='margin-bottom: 5px;'>Ancho de pasaje: \u2264550mm<\/li>\n<li style='margin-bottom: 5px;'>Flujo de personas: 30-35 por minuto<\/li>\n<li style='margin-bottom: 5px;'>Tiempo de operaci\u00f3n: 0.2 Segundos<\/li>\n<li style='margin-bottom: 5px;'>Para uso en exterior bajo techo<\/li>\n<\/ul><\/div>\n<\/p><\/div>\n<div style='flex: 1 1 250px; border: 1px solid rgba(150&comma; 150&comma; 150&comma; 0.4); border-radius: 8px; overflow: hidden; display: flex; flex-direction: column;'>\n<div style='padding: 15px; border-bottom: 1px solid rgba(150&comma; 150&comma; 150&comma; 0.2); font-weight: bold; font-size: 18px; color: inherit;'>Caracter\u00edsticas F\u00edsicas y El\u00e9ctricas<\/div>\n<div style='padding: 15px; color: inherit;'>\n<ul style='padding-left: 20px; margin: 0; font-size: 14px; list-style-type: disc;'>\n<li style='margin-bottom: 5px;'>Voltaje de entrada: 100-240Vac. 50\/60Hz<\/li>\n<li style='margin-bottom: 5px;'>Voltaje de operaci\u00f3n: 24Vdc<\/li>\n<li style='margin-bottom: 5px;'>Activaci\u00f3n por contacto seco<\/li>\n<\/ul><\/div>\n<\/p><\/div>\n<div style='flex: 1 1 250px; border: 1px solid rgba(150&comma; 150&comma; 150&comma; 0.4); border-radius: 8px; overflow: hidden; display: flex; flex-direction: column;'>\n<div style='padding: 15px; border-bottom: 1px solid rgba(150&comma; 150&comma; 150&comma; 0.2); font-weight: bold; font-size: 18px; color: inherit;'>Modos de operaci\u00f3n<\/div>\n<div style='padding: 15px; color: inherit;'>\n<ul style='padding-left: 20px; margin: 0; font-size: 14px; list-style-type: disc;'>\n<li style='margin-bottom: 5px;'>Acceso en una sola direcci\u00f3n.<\/li>\n<li style='margin-bottom: 5px;'>Entrada bi direccional.<\/li>\n<\/ul>\n<p style='font-size: 10pt; font-family: terminal&comma; monaco&comma; monospace; margin: 10px 0; color: inherit;'>Nota: No incluye relay para contador&comma; color de tapa para lectora puede variar.<\/p>\n<p style='font-size: 10pt; font-family: terminal&comma; monaco&comma; monospace; margin: 10px 0; color: inherit;'><strong>Equipo para uso en exterior bajo techo (protegido de agua y los elementos).<\/strong><\/p>\n<\/p><\/div>\n<\/p><\/div>\n<\/p><\/div>\n<div style='display: flex; flex-wrap: wrap; gap: 20px; margin-bottom: 30px;'>\n<div style='flex: 1 1 100%; border: 1px solid rgba(150&comma; 150&comma; 150&comma; 0.4); border-radius: 8px; overflow: hidden; display: flex; flex-direction: column;'>\n<div style='padding: 15px; border-bottom: 1px solid rgba(150&comma; 150&comma; 150&comma; 0.2); font-weight: bold; font-size: 18px; color: inherit;'>Caracter\u00edsticas Destacadas<\/div>\n<div style='padding: 15px; color: inherit;'>\n<ul style='padding-left: 20px; margin: 0; font-size: 14px; list-style-type: disc;'>\n<li style='margin-bottom: 5px;'>Utilice tarjetas inteligentes de RFID&comma; tarjetas de identidad&comma; lectores de c\u00f3digo de barras o banda magn\u00e9tica.<\/li>\n<li style='margin-bottom: 5px;'>El indicador de direcci\u00f3n muestra al peat\u00f3n el estado de la lectura actual y gu\u00eda al peat\u00f3n correctamente.<\/li>\n<li style='margin-bottom: 5px;'>Modo Mec\u00e1nico: El peat\u00f3n empuja el brazo hasta que regresa de nueva cuenta a posici\u00f3n inicial.<\/li>\n<li style='margin-bottom: 5px;'>Unidireccional o bidireccional&comma; configurable en el torniquete.<\/li>\n<li style='margin-bottom: 5px;'>Autobloqueo despu\u00e9s de cada acceso.<\/li>\n<li style='margin-bottom: 5px;'>Retraso de tiempo ajustable.<\/li>\n<\/ul>\n<p style='font-size: 10pt; font-family: terminal&comma; monaco&comma; monospace; margin: 10px 0; color: inherit;'>Nota: No incluye relay para contador.<\/p>\n<ul style='padding-left: 20px; margin: 0; font-size: 14px; list-style-type: disc;'>\n<li style='margin-bottom: 5px;'><strong>Equipo para uso en exterior (protegido de agua y los elementos por alguna techumbre)<\/strong><\/li>\n<li style='margin-bottom: 5px;'><span style='font-family: terminal&comma; monaco&comma; monospace; font-size: 10pt;'>Requiere mantenimiento de limpieza y proteccion con WD40 de acuerdo a la zona de instalacion<\/span><\/li>\n<\/ul><\/div>\n<\/p><\/div>\n<\/p><\/div>\n<div style='display: flex; flex-wrap: wrap; gap: 30px; margin-bottom: 30px;'>\n<div style='flex: 1 1 300px; min-width: 280px;'>\n<h3 style='font-size: 22px; border-bottom: 2px solid currentColor; padding-bottom: 5px; margin-top: 0; color: inherit; opacity: 0.8;'>Garant\u00eda<\/h3>\n<p style='font-size: 15px; color: inherit;'>Los torniquetes de la serie HD de la marca AccessPRO con su rotor mejorado podemos garantizar hasta 5&comma;000&comma;000 de ciclos antes del primer fallo del mecanismo.<\/p>\n<p style='font-size: 15px; color: inherit;'>As\u00ed probamos nuestros torniquetes para poder garantizar hasta 5&comma;000&comma;000 de ciclos sin falla en mecanismo.<\/p>\n<\/p><\/div>\n<\/p><\/div>\n<div style='position: relative; padding-bottom: 56.25%; height: 0; overflow: hidden; margin-bottom: 30px;'>   <\/div>\n<\/p><\/div>\n","protected":false},"excerpt":{"rendered":"<p>5,000,000 Millones Garantizados, Torniquete Industrial en Acero Inoxidable, Bidireccional, Espacio para Lectora de Proximidad<\/p>\n","protected":false},"featured_media":28394,"comment_status":"open","ping_status":"closed","template":"","meta":[],"product_brand":[],"product_cat":[758],"product_tag":[234,760,759],"class_list":{"0":"post-28395","1":"product","2":"type-product","3":"status-publish","4":"has-post-thumbnail","6":"product_cat-torniquetes-de-medio-cuerpo","7":"product_tag-accesspro","8":"product_tag-torniquetes-de-medio-cuerpo","9":"product_tag-torniquetes-y-puertas-de-cortesia","11":"first","12":"instock","13":"sale","14":"shipping-taxable","15":"purchasable","16":"product-type-simple"},"_links":{"self":[{"href":"https:\/\/soydeaqui.ddns.net\/pachuca\/index.php\/wp-json\/wp\/v2\/product\/28395","targetHints":{"allow":["GET"]}}],"collection":[{"href":"https:\/\/soydeaqui.ddns.net\/pachuca\/index.php\/wp-json\/wp\/v2\/product"}],"about":[{"href":"https:\/\/soydeaqui.ddns.net\/pachuca\/index.php\/wp-json\/wp\/v2\/types\/product"}],"replies":[{"embeddable":true,"href":"https:\/\/soydeaqui.ddns.net\/pachuca\/index.php\/wp-json\/wp\/v2\/comments?post=28395"}],"wp:featuredmedia":[{"embeddable":true,"href":"https:\/\/soydeaqui.ddns.net\/pachuca\/index.php\/wp-json\/wp\/v2\/media\/28394"}],"wp:attachment":[{"href":"https:\/\/soydeaqui.ddns.net\/pachuca\/index.php\/wp-json\/wp\/v2\/media?parent=28395"}],"wp:term":[{"taxonomy":"product_brand","embeddable":true,"href":"https:\/\/soydeaqui.ddns.net\/pachuca\/index.php\/wp-json\/wp\/v2\/product_brand?post=28395"},{"taxonomy":"product_cat","embeddable":true,"href":"https:\/\/soydeaqui.ddns.net\/pachuca\/index.php\/wp-json\/wp\/v2\/product_cat?post=28395"},{"taxonomy":"product_tag","embeddable":true,"href":"https:\/\/soydeaqui.ddns.net\/pachuca\/index.php\/wp-json\/wp\/v2\/product_tag?post=28395"}],"curies":[{"name":"wp","href":"https:\/\/api.w.org\/{rel}","templated":true}]}}