{"id":28277,"date":"2026-03-18T12:53:57","date_gmt":"2026-03-18T12:53:57","guid":{"rendered":"https:\/\/soydeaqui.ddns.net\/pachuca\/index.php\/producto\/licencia-para-realizar-checadas-de-asistencia-desde-smartphone-app-con-envio-de-fotografia-y-ubicacion-por-gps-compatible-con-biotimepro-licencia-para-800-usuarios\/"},"modified":"2026-03-18T12:53:58","modified_gmt":"2026-03-18T12:53:58","slug":"licencia-para-realizar-checadas-de-asistencia-desde-smartphone-app-con-envio-de-fotografia-y-ubicacion-por-gps-compatible-con-biotimepro-licencia-para-800-usuarios","status":"publish","type":"product","link":"https:\/\/soydeaqui.ddns.net\/pachuca\/index.php\/producto\/licencia-para-realizar-checadas-de-asistencia-desde-smartphone-app-con-envio-de-fotografia-y-ubicacion-por-gps-compatible-con-biotimepro-licencia-para-800-usuarios\/","title":{"rendered":"Licencia para realizar checadas de asistencia desde Smartphone (APP) con env\u00edo de fotograf\u00eda y ubicaci\u00f3n por GPS \/ Compatible con BIOTIMEPRO \/ Licencia para 800 usuarios"},"content":{"rendered":"<div style='width: 100%; max-width: 1200px; margin: 0 auto; font-family: sans-serif; line-height: 1.6; color: inherit; background-color: transparent;'> <!-- Im\u00e1genes --> <\/p>\n<div style='display: flex; flex-wrap: wrap; gap: 20px; margin-bottom: 30px;'>\n<div style='flex: 1 1 45%; min-width: 300px;'> <img style='width: 100%; height: auto; border: 1px solid rgba(150&comma;150&comma;150&comma;0.3); border-radius: 8px;' src='https:\/\/ftp3.syscom.mx\/usuarios\/fespinoza\/ZKTECO\/Software\/BIOTIME7.0\/BIOTIMEApp\/BIOTIMEAPP%20BANNER.png' alt=''> <\/div>\n<div style='flex: 1 1 45%; min-width: 300px;'> <img style='width: 100%; height: auto; border: 1px solid rgba(150&comma;150&comma;150&comma;0.3); border-radius: 8px;' src='https:\/\/ftp3.syscom.mx\/usuarios\/fespinoza\/ZKTECO\/Software\/BIOTIME7.0\/BIOTIMEApp\/BIOTIMEAPP%20BANNER2.png' alt=''> <\/div>\n<\/p><\/div>\n<p> <!-- Descripci\u00f3n principal --> <\/p>\n<div style='margin-bottom: 30px; font-size: 15px; color: inherit;'>\n<p>La App ZKBioTime es un complemento que ofrece una soluci\u00f3n conveniente para la gesti\u00f3n de asistencia en industrias con empleados siempre en movimiento. El personal que asista frecuentemente a entrenamientos&comma; juntas de negocios&comma; ventas puerta a puerta o visitas en sitio&comma; podr\u00e1 reportar su asistencia en tiempo real desde cualquier lugar mediante la ubicaci\u00f3n GPS y c\u00e1mara de sus smartphones.<\/p>\n<p>En combinaci\u00f3n con el Software de gesti\u00f3n centralizada BioTimePRO&comma; la App le permite operar como Empleado o como Administrador&comma; ofreciendo funciones adicionales de monitoreo&comma; gesti\u00f3n de solicitudes&comma; visualizaci\u00f3n del historial de asistencia&comma; entre otros.<\/p>\n<\/p><\/div>\n<p> <!-- Nota importante --> <\/p>\n<div style='border: 1px solid rgba(150&comma;150&comma;150&comma;0.3); border-left: 4px solid #f39c12; background-color: rgba(243&comma;156&comma;18&comma;0.05); padding: 15px 20px; border-radius: 8px; margin-bottom: 30px;'>\n<p style='margin: 0; font-weight: bold; color: inherit;'><strong>Nota:<\/strong> En caso de no contar con una licencia base y s\u00f3lo adquirir esta licencia&comma; se desactivar\u00e1 la licencia demo (2 checadores y 200 empleados) dejando solamente la activaci\u00f3n de aplicaciones para la cantidad de empleados correspondientes&comma; en este caso BIOTIMEAPP800 s\u00f3lo activa 800 cuentas de aplicaci\u00f3n y 800 empleados&comma; 0 checadores.<\/p>\n<\/p><\/div>\n<\/p><\/div>\n","protected":false},"excerpt":{"rendered":"<p>Licencia para realizar checadas de asistencia desde Smartphone (APP) con env\u00edo de fotograf\u00eda y ubicaci\u00f3n por GPS \/ Compatible con BIOTIMEPRO \/ Licencia para 800 usuarios<\/p>\n","protected":false},"featured_media":28276,"comment_status":"open","ping_status":"closed","template":"","meta":[],"product_brand":[],"product_cat":[846],"product_tag":[792,847,844],"class_list":{"0":"post-28277","1":"product","2":"type-product","3":"status-publish","4":"has-post-thumbnail","6":"product_cat-tiempo-y-asistencia","7":"product_tag-software-de-asistencia","8":"product_tag-tiempo-y-asistencia","9":"product_tag-zkteco","11":"first","12":"outofstock","13":"sale","14":"shipping-taxable","15":"purchasable","16":"product-type-simple"},"_links":{"self":[{"href":"https:\/\/soydeaqui.ddns.net\/pachuca\/index.php\/wp-json\/wp\/v2\/product\/28277","targetHints":{"allow":["GET"]}}],"collection":[{"href":"https:\/\/soydeaqui.ddns.net\/pachuca\/index.php\/wp-json\/wp\/v2\/product"}],"about":[{"href":"https:\/\/soydeaqui.ddns.net\/pachuca\/index.php\/wp-json\/wp\/v2\/types\/product"}],"replies":[{"embeddable":true,"href":"https:\/\/soydeaqui.ddns.net\/pachuca\/index.php\/wp-json\/wp\/v2\/comments?post=28277"}],"wp:featuredmedia":[{"embeddable":true,"href":"https:\/\/soydeaqui.ddns.net\/pachuca\/index.php\/wp-json\/wp\/v2\/media\/28276"}],"wp:attachment":[{"href":"https:\/\/soydeaqui.ddns.net\/pachuca\/index.php\/wp-json\/wp\/v2\/media?parent=28277"}],"wp:term":[{"taxonomy":"product_brand","embeddable":true,"href":"https:\/\/soydeaqui.ddns.net\/pachuca\/index.php\/wp-json\/wp\/v2\/product_brand?post=28277"},{"taxonomy":"product_cat","embeddable":true,"href":"https:\/\/soydeaqui.ddns.net\/pachuca\/index.php\/wp-json\/wp\/v2\/product_cat?post=28277"},{"taxonomy":"product_tag","embeddable":true,"href":"https:\/\/soydeaqui.ddns.net\/pachuca\/index.php\/wp-json\/wp\/v2\/product_tag?post=28277"}],"curies":[{"name":"wp","href":"https:\/\/api.w.org\/{rel}","templated":true}]}}