{"id":27970,"date":"2026-03-18T12:47:32","date_gmt":"2026-03-18T12:47:32","guid":{"rendered":"https:\/\/soydeaqui.ddns.net\/pachuca\/index.php\/producto\/motorizado-sin-contactotorniquete-industrial-en-acero-inoxidable-bidireccional-uso-rudo-espacio-para-lectora-de-proximidad\/"},"modified":"2026-03-18T12:47:41","modified_gmt":"2026-03-18T12:47:41","slug":"motorizado-sin-contactotorniquete-industrial-en-acero-inoxidable-bidireccional-uso-rudo-espacio-para-lectora-de-proximidad","status":"publish","type":"product","link":"https:\/\/soydeaqui.ddns.net\/pachuca\/index.php\/producto\/motorizado-sin-contactotorniquete-industrial-en-acero-inoxidable-bidireccional-uso-rudo-espacio-para-lectora-de-proximidad\/","title":{"rendered":"(MOTORIZADO, SIN CONTACTO),Torniquete Industrial en Acero Inoxidable, Bidireccional, USO RUDO, Espacio para Lectora de Proximidad"},"content":{"rendered":"<div style='width: 100%; max-width: 1200px; margin: 0 auto; font-family: sans-serif; line-height: 1.6; color: inherit; background-color: transparent;'> <!-- Imagen principal --> <\/p>\n<div style='width: 100%; margin-bottom: 30px;'> <img style='width: 100%; height: auto; border: 1px solid rgba(150&comma;150&comma;150&comma;0.3); border-radius: 8px;' src='http:\/\/ftp3.syscom.mx\/usuarios\/ivan.reyes\/AccessPRO\/bannertorniquetes.jpg' alt='Torniquete Industrial AccessPRO'> <\/div>\n<p> <!-- Descripci\u00f3n general --> <\/p>\n<div style='width: 100%; margin-bottom: 30px;'>\n<p style='font-size: 15px; text-align: justify; color: inherit;'>Los torniquetes de la serie AccessPRO son un tipo de barrera eficiente&comma; con un dise\u00f1o compacto&comma; adem\u00e1s ofrecen espacio suficiente para integrar cualquier Sistema de control de acceso. Pueden ser instalados con diferentes accesorios como&comma; contadores de personas&comma; lectores de tarjetas&comma; sistemas de alarma contra accesos no autorizados. Gracias a su funci\u00f3n de abatimiento de brazo provee una soluci\u00f3n excelente en caso de alguna emergencia o p\u00e9rdida de energ\u00eda&comma; proporcionando as\u00ed salida libre en caso de alguna evacuaci\u00f3n. Excelente durabilidad con un mantenimiento m\u00ednimo se traduce a a\u00f1os y millones de ciclos sin ning\u00fan problema. El torniquete AP1000HDM crea un ambiente seguro para aplicaciones por ejemplo: recepciones&comma; estadios&comma; seguridad interior y de per\u00edmetro&comma; parques recreativos&comma; etc\u2026<\/p>\n<\/p><\/div>\n<p> <!-- Caracter\u00edsticas principales --> <\/p>\n<div style='display: flex; flex-wrap: wrap; gap: 30px; margin-bottom: 30px;'>\n<div style='flex: 1 1 300px; min-width: 280px;'>\n<h3 style='font-size: 22px; border-bottom: 2px solid currentColor; padding-bottom: 5px; margin-top: 0; color: inherit; opacity: 0.8;'>Caracter\u00edsticas principales<\/h3>\n<ul style='padding-left: 20px; font-size: 15px; color: inherit;'>\n<li style='margin-bottom: 5px;'>Dimensiones: 480x280x960mm<\/li>\n<li style='margin-bottom: 5px;'>Material: 1.0mm 304 SUS Hairline #400<\/li>\n<li style='margin-bottom: 5px;'>Ancho de pasaje: \u2264550mm<\/li>\n<li style='margin-bottom: 5px;'>Flujo de personas: 30-35 por minuto<\/li>\n<li style='margin-bottom: 5px;'>Tiempo de operaci\u00f3n: 0.2 Segundos<\/li>\n<li style='margin-bottom: 5px;'>Para uso en exterior bajo techo<\/li>\n<\/ul><\/div>\n<div style='flex: 1 1 300px; min-width: 280px;'>\n<h3 style='font-size: 22px; border-bottom: 2px solid currentColor; padding-bottom: 5px; margin-top: 0; color: inherit; opacity: 0.8;'>Caracter\u00edsticas F\u00edsicas y El\u00e9ctricas<\/h3>\n<ul style='padding-left: 20px; font-size: 15px; color: inherit;'>\n<li style='margin-bottom: 5px;'>Voltaje de entrada: 100-240Vac. 50\/60Hz<\/li>\n<li style='margin-bottom: 5px;'>Voltaje de operaci\u00f3n: 24Vdc<\/li>\n<li style='margin-bottom: 5px;'>Interfaz de comunicaci\u00f3n: RS-485<\/li>\n<li style='margin-bottom: 5px;'>Activaci\u00f3n por contacto seco<\/li>\n<\/ul><\/div>\n<div style='flex: 1 1 300px; min-width: 280px;'>\n<h3 style='font-size: 22px; border-bottom: 2px solid currentColor; padding-bottom: 5px; margin-top: 0; color: inherit; opacity: 0.8;'>Modos de operaci\u00f3n<\/h3>\n<ul style='padding-left: 20px; font-size: 15px; color: inherit;'>\n<li style='margin-bottom: 5px;'>Acceso en una sola direcci\u00f3n<\/li>\n<li style='margin-bottom: 5px;'>Entrada bi direccional<\/li>\n<\/ul><\/div>\n<\/p><\/div>\n<p> <!-- Caracter\u00edsticas destacadas --> <\/p>\n<div style='width: 100%; margin-bottom: 30px;'>\n<h3 style='font-size: 22px; border-bottom: 2px solid currentColor; padding-bottom: 5px; margin-top: 0; color: inherit; opacity: 0.8;'>Caracter\u00edsticas Destacadas<\/h3>\n<ul style='padding-left: 20px; font-size: 15px; color: inherit;'>\n<li style='margin-bottom: 5px;'>Utilice tarjetas inteligentes de RFID&comma; tarjetas de identidad&comma; lectores de c\u00f3digo de barras o c\u00f3digo QR<\/li>\n<li style='margin-bottom: 5px;'>El indicador de direcci\u00f3n muestra al peat\u00f3n el estado de la lectura actual y gu\u00eda al peat\u00f3n correctamente<\/li>\n<li style='margin-bottom: 5px;'>Modo Mec\u00e1nico: El peat\u00f3n empuja el brazo hasta que regresa de nueva cuenta a posici\u00f3n inicial<\/li>\n<li style='margin-bottom: 5px;'>Unidireccional o bidireccional&comma; configurable en el torniquete<\/li>\n<li style='margin-bottom: 5px;'>Autobloqueo despu\u00e9s de cada acceso<\/li>\n<li style='margin-bottom: 5px;'>Retraso de tiempo ajustable<\/li>\n<\/ul><\/div>\n<p> <!-- Notas importantes --> <\/p>\n<div style='width: 100%; margin-bottom: 30px;'>\n<div style='background-color: rgba(13&comma; 82&comma; 138&comma; 0.05); border-left: 4px solid #0d528a; padding: 15px; border-radius: 4px; margin: 15px 0;'>\n<p style='margin: 0; font-family: monospace; font-size: 10pt; color: inherit;'>Nota: No incluye relay para contador<\/p>\n<\/p><\/div>\n<div style='background-color: rgba(13&comma; 82&comma; 138&comma; 0.05); border-left: 4px solid #0d528a; padding: 15px; border-radius: 4px; margin: 15px 0;'>\n<p style='margin: 0; font-family: monospace; font-size: 10pt; color: inherit;'>Equipo para uso en exterior bajo techo (protegido de agua y los elementos)<\/p>\n<\/p><\/div>\n<div style='background-color: rgba(13&comma; 82&comma; 138&comma; 0.05); border-left: 4px solid #0d528a; padding: 15px; border-radius: 4px; margin: 15px 0;'>\n<p style='margin: 0; font-family: monospace; font-size: 10pt; color: inherit;'>Requiere mantenimiento de limpieza y protecci\u00f3n con WD40 de acuerdo a la zona de instalaci\u00f3n<\/p>\n<\/p><\/div>\n<\/p><\/div>\n<p> <!-- Garant\u00eda --> <\/p>\n<div style='width: 100%; margin-bottom: 30px;'>\n<h3 style='font-size: 22px; border-bottom: 2px solid currentColor; padding-bottom: 5px; margin-top: 0; color: inherit; opacity: 0.8;'>Garant\u00eda<\/h3>\n<p style='font-size: 15px; text-align: justify; color: inherit;'>Los torniquetes de la serie HD de la marca AccessPRO con su rotor mejorado podemos garantizar hasta 5&comma;000&comma;000 de ciclos antes del primer fallo del mecanismo.<\/p>\n<p style='font-size: 15px; text-align: justify; color: inherit;'>As\u00ed probamos nuestros torniquetes para poder garantizar hasta 5&comma;000&comma;000 de ciclos sin falla en mecanismo.<\/p>\n<\/p><\/div>\n<p> <!-- Video --> <\/p>\n<div style='display: flex; flex-wrap: wrap; gap: 30px; margin-bottom: 30px;'>\n<div style='flex: 1 1 500px; min-width: 300px;'>\n<div style='position: relative; padding-bottom: 56.25%; height: 0; overflow: hidden; margin-bottom: 30px;'>   <\/div>\n<\/p><\/div>\n<div style='flex: 1 1 500px; min-width: 300px;'>\n<div style='position: relative; padding-bottom: 56.25%; height: 0; overflow: hidden; margin-bottom: 30px;'>   <\/div>\n<\/p><\/div>\n<\/p><\/div>\n<p> <!-- Separador final --> <\/p>\n<hr style='border: 0; border-top: 1px solid rgba(150&comma; 150&comma; 150&comma; 0.3); margin: 30px 0;'> <\/div>\n","protected":false},"excerpt":{"rendered":"<p>(MOTORIZADO, SIN CONTACTO),Torniquete Industrial en Acero Inoxidable, Bidireccional, USO RUDO, Espacio para Lectora de Proximidad<\/p>\n","protected":false},"featured_media":27969,"comment_status":"open","ping_status":"closed","template":"","meta":[],"product_brand":[],"product_cat":[758],"product_tag":[234,760,759],"class_list":{"0":"post-27970","1":"product","2":"type-product","3":"status-publish","4":"has-post-thumbnail","6":"product_cat-torniquetes-de-medio-cuerpo","7":"product_tag-accesspro","8":"product_tag-torniquetes-de-medio-cuerpo","9":"product_tag-torniquetes-y-puertas-de-cortesia","11":"first","12":"instock","13":"sale","14":"shipping-taxable","15":"purchasable","16":"product-type-simple"},"_links":{"self":[{"href":"https:\/\/soydeaqui.ddns.net\/pachuca\/index.php\/wp-json\/wp\/v2\/product\/27970","targetHints":{"allow":["GET"]}}],"collection":[{"href":"https:\/\/soydeaqui.ddns.net\/pachuca\/index.php\/wp-json\/wp\/v2\/product"}],"about":[{"href":"https:\/\/soydeaqui.ddns.net\/pachuca\/index.php\/wp-json\/wp\/v2\/types\/product"}],"replies":[{"embeddable":true,"href":"https:\/\/soydeaqui.ddns.net\/pachuca\/index.php\/wp-json\/wp\/v2\/comments?post=27970"}],"wp:featuredmedia":[{"embeddable":true,"href":"https:\/\/soydeaqui.ddns.net\/pachuca\/index.php\/wp-json\/wp\/v2\/media\/27969"}],"wp:attachment":[{"href":"https:\/\/soydeaqui.ddns.net\/pachuca\/index.php\/wp-json\/wp\/v2\/media?parent=27970"}],"wp:term":[{"taxonomy":"product_brand","embeddable":true,"href":"https:\/\/soydeaqui.ddns.net\/pachuca\/index.php\/wp-json\/wp\/v2\/product_brand?post=27970"},{"taxonomy":"product_cat","embeddable":true,"href":"https:\/\/soydeaqui.ddns.net\/pachuca\/index.php\/wp-json\/wp\/v2\/product_cat?post=27970"},{"taxonomy":"product_tag","embeddable":true,"href":"https:\/\/soydeaqui.ddns.net\/pachuca\/index.php\/wp-json\/wp\/v2\/product_tag?post=27970"}],"curies":[{"name":"wp","href":"https:\/\/api.w.org\/{rel}","templated":true}]}}