{"id":27886,"date":"2026-03-18T12:45:43","date_gmt":"2026-03-18T12:45:43","guid":{"rendered":"https:\/\/soydeaqui.ddns.net\/pachuca\/index.php\/producto\/receptor-de-2-canales-con-control-remoto-soporta-40-transmisores\/"},"modified":"2026-03-18T12:45:49","modified_gmt":"2026-03-18T12:45:49","slug":"receptor-de-2-canales-con-control-remoto-soporta-40-transmisores","status":"publish","type":"product","link":"https:\/\/soydeaqui.ddns.net\/pachuca\/index.php\/producto\/receptor-de-2-canales-con-control-remoto-soporta-40-transmisores\/","title":{"rendered":"Receptor de 2 Canales con Control Remoto  \/  Soporta 40 Transmisores"},"content":{"rendered":"<div style='width: 100%; max-width: 1200px; margin: 0 auto; font-family: sans-serif; line-height: 1.6; color: inherit; background-color: transparent;'>\n<div style='display: flex; flex-direction: column; align-items: center; margin-bottom: 30px;'> <img style='width: 100%; max-width: 393px; height: auto; border: 1px solid rgba(150&comma;150&comma;150&comma;0.3); border-radius: 8px;' src='https:\/\/ftp3.syscom.mx\/usuarios\/fotos\/PRO800B\/67296-access-pro.png' alt=''> <\/p>\n<h3 style='font-size: 22px; margin-top: 20px; margin-bottom: 0; text-align: center; color: inherit; opacity: 0.8;'>Receptor \/ Transmisor Remoto de 2 Relevadores<\/h3>\n<\/p><\/div>\n<div style='display: flex; flex-wrap: wrap; gap: 30px; margin-bottom: 30px;'>\n<div style='flex: 1 1 300px; min-width: 280px;'>\n<h3 style='font-size: 20px; border-bottom: 2px solid currentColor; padding-bottom: 5px; margin-top: 0; margin-bottom: 15px; color: inherit; opacity: 0.8;'>Caracter\u00edsticas:<\/h3>\n<ul style='padding-left: 20px; font-size: 15px; color: inherit; list-style-type: disc;'>\n<li style='margin-bottom: 5px;'><strong>Dimensiones:<\/strong> 81L*38W*22H (mm)<\/li>\n<li style='margin-bottom: 5px;'><strong>Consumo de corriente:<\/strong> 10mA<\/li>\n<li style='margin-bottom: 5px;'><strong>Salidas de Relevador:<\/strong> 2 (NO\/NC\/COM)<\/li>\n<li style='margin-bottom: 5px;'><strong>Frecuencia de transmisi\u00f3n:<\/strong> 433.92 MHz<\/li>\n<li style='margin-bottom: 5px;'><strong>Distancia de transmisi\u00f3n:<\/strong> menor a 30 metros (en l\u00ednea de vista)<\/li>\n<li style='margin-bottom: 5px;'><strong>Alimentaci\u00f3n del Control:<\/strong> Bater\u00eda 3V modelo CR2032PM<\/li>\n<li style='margin-bottom: 5px;'><strong>Alimentaci\u00f3n Receptor:<\/strong> 12VDC 1A<\/li>\n<li style='margin-bottom: 5px;'><strong>Capacidad de controles:<\/strong> 40 <a style='color: #005cb9; text-decoration: none; font-weight: 600;' href='https:\/\/www.syscom.mx\/principal\/searchcont?route=ACCESS807M2-ACCESSPRO-191148&#038;autodetect=access807m2' target='_blank' rel='noopener'>ACCESS807M2<\/a><\/li>\n<li style='margin-bottom: 5px;'><strong>Peso:<\/strong> 0.085kg<\/li>\n<li style='margin-bottom: 5px;'><strong>Incluye un transmisor<\/strong> <a style='color: #005cb9; text-decoration: none; font-weight: 600;' href='https:\/\/www.syscom.mx\/principal\/searchcont?route=ACCESS807M2-ACCESSPRO-191148&#038;autodetect=access807m2' target='_blank' rel='noopener'>ACCESS807M2<\/a><\/li>\n<li style='margin-bottom: 5px;'><strong>Instrucci\u00f3n:<\/strong> Para enrolar los dos botones al momento de dar de alta el control primero presionar el bot\u00f3n A y despu\u00e9s el bot\u00f3n B<\/li>\n<\/ul><\/div>\n<\/p><\/div>\n<div style='margin-bottom: 30px;'>\n<h4 style='font-size: 16px; margin-top: 0; margin-bottom: 15px; color: inherit;'><strong>Notas:<\/strong> El Control no incluye bater\u00eda. Contemplar el modelo CR2032PM<\/h4>\n<\/p><\/div>\n<div style='display: flex; flex-wrap: wrap; gap: 30px; justify-content: center; margin-bottom: 30px;'>\n<div style='flex: 1 1 560px; min-width: 300px; position: relative; padding-bottom: 56.25%; height: 0; overflow: hidden;'>   <\/div>\n<div style='flex: 1 1 560px; min-width: 300px; position: relative; padding-bottom: 56.25%; height: 0; overflow: hidden;'>   <\/div>\n<\/p><\/div>\n<\/p><\/div>\n","protected":false},"excerpt":{"rendered":"<p>Receptor de 2 Canales con Control Remoto  \/  Soporta 40 Transmisores<\/p>\n","protected":false},"featured_media":27885,"comment_status":"open","ping_status":"closed","template":"","meta":[],"product_brand":[],"product_cat":[190],"product_tag":[93,234,191],"class_list":{"0":"post-27886","1":"product","2":"type-product","3":"status-publish","4":"has-post-thumbnail","6":"product_cat-botones-de-salida","7":"product_tag-accesorios","8":"product_tag-accesspro","9":"product_tag-botones-de-salida","11":"first","12":"instock","13":"sale","14":"shipping-taxable","15":"purchasable","16":"product-type-simple"},"_links":{"self":[{"href":"https:\/\/soydeaqui.ddns.net\/pachuca\/index.php\/wp-json\/wp\/v2\/product\/27886","targetHints":{"allow":["GET"]}}],"collection":[{"href":"https:\/\/soydeaqui.ddns.net\/pachuca\/index.php\/wp-json\/wp\/v2\/product"}],"about":[{"href":"https:\/\/soydeaqui.ddns.net\/pachuca\/index.php\/wp-json\/wp\/v2\/types\/product"}],"replies":[{"embeddable":true,"href":"https:\/\/soydeaqui.ddns.net\/pachuca\/index.php\/wp-json\/wp\/v2\/comments?post=27886"}],"wp:featuredmedia":[{"embeddable":true,"href":"https:\/\/soydeaqui.ddns.net\/pachuca\/index.php\/wp-json\/wp\/v2\/media\/27885"}],"wp:attachment":[{"href":"https:\/\/soydeaqui.ddns.net\/pachuca\/index.php\/wp-json\/wp\/v2\/media?parent=27886"}],"wp:term":[{"taxonomy":"product_brand","embeddable":true,"href":"https:\/\/soydeaqui.ddns.net\/pachuca\/index.php\/wp-json\/wp\/v2\/product_brand?post=27886"},{"taxonomy":"product_cat","embeddable":true,"href":"https:\/\/soydeaqui.ddns.net\/pachuca\/index.php\/wp-json\/wp\/v2\/product_cat?post=27886"},{"taxonomy":"product_tag","embeddable":true,"href":"https:\/\/soydeaqui.ddns.net\/pachuca\/index.php\/wp-json\/wp\/v2\/product_tag?post=27886"}],"curies":[{"name":"wp","href":"https:\/\/api.w.org\/{rel}","templated":true}]}}