{"id":27469,"date":"2026-03-18T12:36:39","date_gmt":"2026-03-18T12:36:39","guid":{"rendered":"https:\/\/soydeaqui.ddns.net\/pachuca\/index.php\/producto\/bateria-12v-2-8ah-para-respaldo-tecnologias-agm-vrla-5-anos-vida-util-terminales-f1-reconocida-ul-2\/"},"modified":"2026-03-18T12:36:45","modified_gmt":"2026-03-18T12:36:45","slug":"bateria-12v-2-8ah-para-respaldo-tecnologias-agm-vrla-5-anos-vida-util-terminales-f1-reconocida-ul-2","status":"publish","type":"product","link":"https:\/\/soydeaqui.ddns.net\/pachuca\/index.php\/producto\/bateria-12v-2-8ah-para-respaldo-tecnologias-agm-vrla-5-anos-vida-util-terminales-f1-reconocida-ul-2\/","title":{"rendered":"Bater\u00eda 12V, 2.8AH, Para Respaldo, Tecnolog\u00edas AGM\/VRLA, 5 A\u00f1os Vida \u00datil, Terminales F1, Reconocida UL"},"content":{"rendered":"<div style='width: 100%; max-width: 1200px; margin: 0 auto; font-family: sans-serif; line-height: 1.6; color: inherit; background-color: transparent;'>\n<div style='display: flex; flex-wrap: wrap; gap: 30px; margin-bottom: 30px;'>\n<div style='flex: 1 1 300px; min-width: 280px;'>\n<h3 style='font-size: 22px; border-bottom: 2px solid currentColor; padding-bottom: 5px; margin-top: 0; color: inherit; opacity: 0.8;'>Sobre Power Sonic<\/h3>\n<p style='font-size: 15px; color: inherit; margin-bottom: 15px;'>Power Sonic ofrece una amplia gama de productos de bater\u00eda innovadores que incluyen tecnolog\u00edas de litio y \u00e1cido de plomo selladas. Esto garantiza que tengamos la bater\u00eda adecuada para satisfacer las demandas \u00fanicas de su aplicaci\u00f3n.<\/p>\n<p style='font-size: 15px; color: inherit; margin-bottom: 15px;'>Power Sonic ha brindado soluciones de bater\u00edas seguras&comma; confiables y de calidad en todo el mundo durante m\u00e1s de 50 a\u00f1os. Nuestros productos est\u00e1n dise\u00f1ados y fabricados con equipos de \u00faltima generaci\u00f3n y sometidos al control de calidad m\u00e1s estricto&comma; asegurando consistencia y confiabilidad en todos nuestros productos.<\/p>\n<\/p><\/div>\n<\/p><\/div>\n<div style='display: flex; flex-wrap: wrap; gap: 20px; margin-bottom: 30px;'>\n<div style='flex: 1 1 250px; border: 1px solid rgba(150&comma; 150&comma; 150&comma; 0.4); border-radius: 8px; overflow: hidden; display: flex; flex-direction: column;'>\n<div style='padding: 15px; border-bottom: 1px solid rgba(150&comma; 150&comma; 150&comma; 0.2); font-weight: bold; font-size: 18px; color: inherit;'>Serie PS<\/div>\n<div style='padding: 15px; color: inherit;'>\n<p style='font-size: 14px; margin: 0 0 10px 0;'>La serie PS de Power Sonic de bater\u00edas selladas de plomo-\u00e1cido est\u00e1 dise\u00f1ada con tecnolog\u00eda AGM (Absorbent Glass Mat) para garantizar un rendimiento y una fiabilidad superiores. Disponibles en 2&comma; 4&comma; 6 y 12 V con capacidades desde 0.8 a 260 AH. Con gran variedad de modelos&comma; es la primera opci\u00f3n para la industria de seguridad.<\/p>\n<\/p><\/div>\n<\/p><\/div>\n<div style='flex: 1 1 250px; border: 1px solid rgba(150&comma; 150&comma; 150&comma; 0.4); border-radius: 8px; overflow: hidden; display: flex; flex-direction: column;'>\n<div style='padding: 15px; border-bottom: 1px solid rgba(150&comma; 150&comma; 150&comma; 0.2); font-weight: bold; font-size: 18px; color: inherit;'>Caracter\u00edsticas Generales<\/div>\n<div style='padding: 15px; color: inherit;'>\n<ul style='padding-left: 20px; margin: 0; font-size: 14px; list-style-type: disc;'>\n<li style='margin-bottom: 5px;'>Bater\u00edas selladas de plomo \u00e1cido<\/li>\n<li style='margin-bottom: 5px;'>Dise\u00f1o de 5 a\u00f1os de vida \u00fatil<\/li>\n<li style='margin-bottom: 5px;'>Reconocida UL<\/li>\n<li style='margin-bottom: 5px;'>Tecnolog\u00eda VRLA (Bater\u00edas Regulated Lead Acid) para larga vida \u00fatil por liberaci\u00f3n de gases<\/li>\n<li style='margin-bottom: 5px;'>Tecnolog\u00eda AGM (Absorbent Glass Mat) para rendimiento y fiabilidad superiores<\/li>\n<li style='margin-bottom: 5px;'>Relaci\u00f3n potencia-volumen con densidad de energ\u00eda inigualable<\/li>\n<li style='margin-bottom: 5px;'>Libre de mantenimiento<\/li>\n<li style='margin-bottom: 5px;'>Recargables con cargadores VRLA<\/li>\n<li style='margin-bottom: 5px;'>Construcci\u00f3n a prueba de derrames regulada por v\u00e1lvula para operaci\u00f3n segura en cualquier orientaci\u00f3n<\/li>\n<li style='margin-bottom: 5px;'>Caja de ABS resistente a impactos y cubierta retardante de llama seg\u00fan UL94:HB y UL94:V0<\/li>\n<li style='margin-bottom: 5px;'>Baja tasa de descarga para una larga vida \u00fatil<\/li>\n<li style='margin-bottom: 5px;'>Certificada ISO 9001:2015<\/li>\n<\/ul><\/div>\n<\/p><\/div>\n<div style='flex: 1 1 250px; border: 1px solid rgba(150&comma; 150&comma; 150&comma; 0.4); border-radius: 8px; overflow: hidden; display: flex; flex-direction: column;'>\n<div style='padding: 15px; border-bottom: 1px solid rgba(150&comma; 150&comma; 150&comma; 0.2); font-weight: bold; font-size: 18px; color: inherit;'>Especificaciones PS-1228<\/div>\n<div style='padding: 15px; color: inherit;'>\n<ul style='padding-left: 20px; margin: 0; font-size: 14px; list-style-type: disc;'>\n<li style='margin-bottom: 5px;'><strong>Dise\u00f1o:<\/strong> 5 a\u00f1os de vida \u00fatil<\/li>\n<li style='margin-bottom: 5px;'><strong>Reconocida:<\/strong> UL<\/li>\n<li style='margin-bottom: 5px;'><strong>Tipo de terminal:<\/strong> F1<\/li>\n<li style='margin-bottom: 5px;'><strong>Voltaje Nominal:<\/strong> 12V<\/li>\n<li style='margin-bottom: 5px;'><strong>Capacidad @20HR:<\/strong> 2.80 AH<\/li>\n<li style='margin-bottom: 5px;'><strong>Capacidad @10HR:<\/strong> 2.50 AH<\/li>\n<li style='margin-bottom: 5px;'><strong>Peso:<\/strong> 1.2 kg\/2.6 lbs<\/li>\n<li style='margin-bottom: 5px;'><strong>Dimensiones:<\/strong> 5.24&#8217;\/133 mm Longitud x 1.30&#8217;\/33 mm Ancho x 3.82&#8217;\/97 mm Altura<\/li>\n<li style='margin-bottom: 5px;'><strong>Cargador recomendado:<\/strong> <a style='color: inherit; text-decoration: underline;' href='https:\/\/www.syscom.mx\/principal\/searchcont?route=PSC-12500ACX-POWER-SONIC-218408&#038;autodetect=PSC'>PSC-12500ACX<\/a><\/li>\n<\/ul><\/div>\n<\/p><\/div>\n<\/p><\/div>\n<div style='display: flex; flex-wrap: wrap; gap: 30px; margin-bottom: 30px;'>\n<div style='flex: 1 1 300px; min-width: 280px;'>\n<h3 style='font-size: 22px; border-bottom: 2px solid currentColor; padding-bottom: 5px; margin-top: 0; color: inherit; opacity: 0.8;'>Aplicaciones<\/h3>\n<ul style='padding-left: 20px; font-size: 15px; color: inherit;'>\n<li style='margin-bottom: 5px;'>Sistemas de seguridad y emergencia<\/li>\n<li style='margin-bottom: 5px;'>Sistemas de control de acceso<\/li>\n<li style='margin-bottom: 5px;'>Sistemas de alarma<\/li>\n<li style='margin-bottom: 5px;'>Sistemas de detecci\u00f3n de incendio<\/li>\n<li style='margin-bottom: 5px;'>Sistemas de videovigilancia<\/li>\n<li style='margin-bottom: 5px;'>Otras aplicaciones<\/li>\n<\/ul><\/div>\n<\/p><\/div>\n<hr style='border: 0; border-top: 1px solid rgba(150&comma; 150&comma; 150&comma; 0.3); margin: 30px 0;'> <\/div>\n","protected":false},"excerpt":{"rendered":"<p>Bater\u00eda 12V, 2.8AH, Para Respaldo, Tecnolog\u00edas AGM\/VRLA, 5 A\u00f1os Vida \u00datil, Terminales F1, Reconocida UL<\/p>\n","protected":false},"featured_media":27468,"comment_status":"open","ping_status":"closed","template":"","meta":[],"product_brand":[],"product_cat":[141],"product_tag":[143,142,236],"class_list":{"0":"post-27469","1":"product","2":"type-product","3":"status-publish","4":"has-post-thumbnail","6":"product_cat-baterias","7":"product_tag-baterias","8":"product_tag-energia","9":"product_tag-power-sonic","11":"first","12":"outofstock","13":"sale","14":"shipping-taxable","15":"purchasable","16":"product-type-simple"},"_links":{"self":[{"href":"https:\/\/soydeaqui.ddns.net\/pachuca\/index.php\/wp-json\/wp\/v2\/product\/27469","targetHints":{"allow":["GET"]}}],"collection":[{"href":"https:\/\/soydeaqui.ddns.net\/pachuca\/index.php\/wp-json\/wp\/v2\/product"}],"about":[{"href":"https:\/\/soydeaqui.ddns.net\/pachuca\/index.php\/wp-json\/wp\/v2\/types\/product"}],"replies":[{"embeddable":true,"href":"https:\/\/soydeaqui.ddns.net\/pachuca\/index.php\/wp-json\/wp\/v2\/comments?post=27469"}],"wp:featuredmedia":[{"embeddable":true,"href":"https:\/\/soydeaqui.ddns.net\/pachuca\/index.php\/wp-json\/wp\/v2\/media\/27468"}],"wp:attachment":[{"href":"https:\/\/soydeaqui.ddns.net\/pachuca\/index.php\/wp-json\/wp\/v2\/media?parent=27469"}],"wp:term":[{"taxonomy":"product_brand","embeddable":true,"href":"https:\/\/soydeaqui.ddns.net\/pachuca\/index.php\/wp-json\/wp\/v2\/product_brand?post=27469"},{"taxonomy":"product_cat","embeddable":true,"href":"https:\/\/soydeaqui.ddns.net\/pachuca\/index.php\/wp-json\/wp\/v2\/product_cat?post=27469"},{"taxonomy":"product_tag","embeddable":true,"href":"https:\/\/soydeaqui.ddns.net\/pachuca\/index.php\/wp-json\/wp\/v2\/product_tag?post=27469"}],"curies":[{"name":"wp","href":"https:\/\/api.w.org\/{rel}","templated":true}]}}