{"id":26978,"date":"2026-03-18T12:25:34","date_gmt":"2026-03-18T12:25:34","guid":{"rendered":"https:\/\/soydeaqui.ddns.net\/pachuca\/index.php\/producto\/kit-d-puertas-d-garage-1-2hp-fuerte-silencioso-incluye-riel-tipo-t-de-3mts-compatible-con-app-2-controles-inalambricos-visera-1-control-inalambrico-pared-respaldo-energia\/"},"modified":"2026-03-18T12:25:42","modified_gmt":"2026-03-18T12:25:42","slug":"kit-d-puertas-d-garage-1-2hp-fuerte-silencioso-incluye-riel-tipo-t-de-3mts-compatible-con-app-2-controles-inalambricos-visera-1-control-inalambrico-pared-respaldo-energia","status":"publish","type":"product","link":"https:\/\/soydeaqui.ddns.net\/pachuca\/index.php\/producto\/kit-d-puertas-d-garage-1-2hp-fuerte-silencioso-incluye-riel-tipo-t-de-3mts-compatible-con-app-2-controles-inalambricos-visera-1-control-inalambrico-pared-respaldo-energia\/","title":{"rendered":"Kit D\/ Puertas D\/  Garage \/ 1\/2HP \/ Fuerte \/ Silencioso \/ Incluye riel tipo T de 3mts \/ Compatible con APP \/ 2 Controles Inal\u00e1mbricos Visera \/ 1 Control Inal\u00e1mbrico Pared \/ Respaldo Energia."},"content":{"rendered":"<div style=\"width: 100%; max-width: 1200px; margin: 0 auto; font-family: sans-serif; line-height: 1.6; color: inherit; background-color: transparent;\"><!-- T\u00edtulo principal --> <\/p>\n<div style=\"text-align: center; margin-bottom: 30px;\">\n<h2 style=\"font-size: 24px; margin-bottom: 15px; color: inherit; opacity: 0.9;\">Motor Autom&aacute;tico para Puertas de Garaje<\/h2>\n<p style=\"font-size: 16px; color: inherit; opacity: 0.8; max-width: 800px; margin: 0 auto;\">Dise&ntilde;ado para ofrecer la m&aacute;xima comodidad y seguridad al abrir y cerrar tu garaje sin esfuerzo. Ideal para hogares&comma; oficinas y negocios que buscan una soluci&oacute;n eficiente y moderna.<\/p>\n<\/p><\/div>\n<p> <!-- Separador --><\/p>\n<hr style=\"border: 0; border-top: 1px solid rgba(150&comma; 150&comma; 150&comma; 0.3); margin: 30px 0;\" \/><!-- Especificaciones t\u00e9cnicas --> <\/p>\n<h2 style=\"font-size: 20px; margin-bottom: 20px; color: inherit; opacity: 0.85;\">Especificaciones t&eacute;cnicas<\/h2>\n<p> <!-- Secci\u00f3n de caracter\u00edsticas con grid --> <\/p>\n<div style=\"display: grid; grid-template-columns: repeat(auto-fit&comma; minmax(280px&comma; 1fr)); gap: 30px; margin-bottom: 30px;\"><!-- Caracter\u00edsticas principales --> <\/p>\n<div style=\"border-left: 5px solid #0091ff; border-radius: 8px; padding: 15px; background-color: rgba(150&comma; 150&comma; 150&comma; 0.05);\">\n<h3 style=\"font-size: 18px; margin-top: 0; margin-bottom: 15px; color: inherit; opacity: 0.8;\">Caracter&iacute;sticas principales:<\/h3>\n<ul style=\"padding-left: 20px; font-size: 14px; color: inherit; list-style-type: disc;\">\n<li style=\"margin-bottom: 8px;\">Motor de 1\/2 HP de fuerza<\/li>\n<li style=\"margin-bottom: 8px;\">Entrada de fotocelda (COM &comma; NC)<\/li>\n<li style=\"margin-bottom: 8px;\">Entrada de bot&oacute;n cableado (COM&comma; NO)<\/li>\n<li style=\"margin-bottom: 8px;\"><strong>Capacidad de 20 controles inal&aacute;mbricos (433Mhz c&oacute;digo variante)<\/strong><\/li>\n<li style=\"margin-bottom: 8px;\">Arranque suave \/ paro suave<\/li>\n<li style=\"margin-bottom: 8px;\"><strong>Entrada de sensor de estado de puerta peatonal<\/strong><\/li>\n<li style=\"margin-bottom: 8px;\">Cambio de giro<\/li>\n<li style=\"margin-bottom: 8px;\">Configuraci&oacute;n de fuerza de obstrucci&oacute;n<\/li>\n<li style=\"margin-bottom: 8px;\"><strong>Apertura mediante App (Requiere m&oacute;dulo ACCESSWIFI)<\/strong><\/li>\n<\/ul><\/div>\n<p> <!-- Caracter\u00edsticas f\u00edsicas y el\u00e9ctricas --> <\/p>\n<div style=\"border-left: 5px solid #0091ff; border-radius: 8px; padding: 15px; background-color: rgba(150&comma; 150&comma; 150&comma; 0.05);\">\n<h3 style=\"font-size: 18px; margin-top: 0; margin-bottom: 15px; color: inherit; opacity: 0.8;\">Caracter&iacute;sticas f&iacute;sicas y el&eacute;ctricas:<\/h3>\n<ul style=\"padding-left: 20px; font-size: 14px; color: inherit; list-style-type: disc;\">\n<li style=\"margin-bottom: 8px;\">Voltaje de operaci&oacute;n: 127 Vca<\/li>\n<li style=\"margin-bottom: 8px;\"><strong>Rieles compatibles tipo T y tipo C<\/strong><\/li>\n<li style=\"margin-bottom: 8px;\">Salida de voltaje de 24Vcc<\/li>\n<li style=\"margin-bottom: 8px;\">Transformador con protecci&oacute;n de sobrecarga<\/li>\n<\/ul><\/div>\n<p> <!-- Caracter\u00edsticas destacadas --> <\/p>\n<div style=\"border-left: 5px solid #0091ff; border-radius: 8px; padding: 15px; background-color: rgba(150&comma; 150&comma; 150&comma; 0.05);\">\n<h3 style=\"font-size: 18px; margin-top: 0; margin-bottom: 15px; color: inherit; opacity: 0.8;\">Caracter&iacute;sticas destacadas:<\/h3>\n<ul style=\"padding-left: 20px; font-size: 14px; color: inherit; list-style-type: disc;\">\n<li style=\"margin-bottom: 8px;\">Entrada para bot&oacute;n cableado (COM&comma; NO)<\/li>\n<li style=\"margin-bottom: 8px;\"><strong>Bater&iacute;a de respaldo<\/strong><\/li>\n<li style=\"margin-bottom: 8px;\">Ajuste del l&iacute;mite de recorrido electr&oacute;nico<\/li>\n<li style=\"margin-bottom: 8px;\"><strong>Garant&iacute;a de 3 a&ntilde;os<\/strong><\/li>\n<li style=\"margin-bottom: 8px;\">Cierre autom&aacute;tico<\/li>\n<\/ul><\/div>\n<\/p><\/div>\n<p> <!-- Separador --><\/p>\n<hr style=\"border: 0; border-top: 1px solid rgba(150&comma; 150&comma; 150&comma; 0.3); margin: 30px 0;\" \/><!-- Requisitos de instalaci\u00f3n --> <\/p>\n<div style=\"margin-bottom: 30px;\">\n<h2 style=\"font-size: 20px; margin-bottom: 15px; text-align: center; color: inherit; opacity: 0.85;\">&iquest;Qu&eacute; requiero cotizar para una instalaci&oacute;n?<\/h2>\n<ul style=\"list-style: none; padding-left: 0; text-align: center; font-size: 15px; color: inherit;\">\n<li style=\"margin-bottom: 8px;\">1x <a style=\"color: #0091ff; text-decoration: none; font-weight: bold;\" href=\"https:\/\/www.syscom.mx\/producto\/ACCESSFORCE-ACCESSPRO-176436.html\">ACCESSFORCE<\/a> Motor de puertas de garage<\/li>\n<li style=\"margin-bottom: 8px;\">1x Puerta de garage <a style=\"color: #0091ff; text-decoration: none; font-weight: bold;\" href=\"https:\/\/www.syscom.mx\/principal\/promociones\/puertas_de_garage_seguridad_y_estilo_para_tu_hogar-9974.html?ordenar=Relevancia&amp;pag=1\">(click aqu&iacute; para revisar modelos de puertas de garage)<\/a><\/li>\n<\/ul><\/div>\n<p> <!-- Separador --><\/p>\n<hr style=\"border: 0; border-top: 1px solid rgba(150&comma; 150&comma; 150&comma; 0.3); margin: 30px 0;\" \/><!-- Accesorios adicionales --> <\/p>\n<div style=\"margin-bottom: 30px;\">\n<h2 style=\"font-size: 20px; margin-bottom: 15px; text-align: center; color: inherit; opacity: 0.85;\">&iquest;Qu&eacute; accesorios puedo agregar a mi instalaci&oacute;n?<\/h2>\n<div style=\"display: grid; grid-template-columns: repeat(auto-fit&comma; minmax(200px&comma; 1fr)); gap: 15px; max-width: 800px; margin: 0 auto;\">\n<div style=\"text-align: center; padding: 10px; border: 1px solid rgba(150&comma; 150&comma; 150&comma; 0.2); border-radius: 8px;\"><a style=\"color: #0091ff; text-decoration: none; font-weight: bold;\" href=\"https:\/\/www.syscom.mx\/producto\/ACCESSVR01-ACCESSPRO-176538.html\">ACCESSVR01<\/a> <\/p>\n<p style=\"margin: 0; font-size: 14px; color: inherit;\">Control inal&aacute;mbrico de visera<\/p>\n<\/p><\/div>\n<div style=\"text-align: center; padding: 10px; border: 1px solid rgba(150&comma; 150&comma; 150&comma; 0.2); border-radius: 8px;\"><a style=\"color: #0091ff; text-decoration: none; font-weight: bold;\" href=\"https:\/\/www.syscom.mx\/producto\/ACCESSWS01-ACCESSPRO-176540.html\">ACCESSWS01<\/a> <\/p>\n<p style=\"margin: 0; font-size: 14px; color: inherit;\">Control inal&aacute;mbrico de pared<\/p>\n<\/p><\/div>\n<div style=\"text-align: center; padding: 10px; border: 1px solid rgba(150&comma; 150&comma; 150&comma; 0.2); border-radius: 8px;\"><a style=\"color: #0091ff; text-decoration: none; font-weight: bold;\" href=\"https:\/\/www.syscom.mx\/producto\/ACCESSPC01-ACCESSPRO-176545.html\">ACCESSPC01<\/a> <\/p>\n<p style=\"margin: 0; font-size: 14px; color: inherit;\">Fotocelda de seguridad<\/p>\n<\/p><\/div>\n<div style=\"text-align: center; padding: 10px; border: 1px solid rgba(150&comma; 150&comma; 150&comma; 0.2); border-radius: 8px;\"><a style=\"color: #0091ff; text-decoration: none; font-weight: bold;\" href=\"https:\/\/www.syscom.mx\/producto\/PL-1.2-12-EPCOM-POWERLINE-67461.html\">PL1.212<\/a> <\/p>\n<p style=\"margin: 0; font-size: 14px; color: inherit;\">Bater&iacute;as de respaldo<\/p>\n<\/p><\/div>\n<div style=\"text-align: center; padding: 10px; border: 1px solid rgba(150&comma; 150&comma; 150&comma; 0.2); border-radius: 8px;\"><a style=\"color: #0091ff; text-decoration: none; font-weight: bold;\" href=\"https:\/\/www.syscom.mx\/producto\/ACCESSWIFI-ACCESSPRO-211041.html\">ACCESSWIFI<\/a> <\/p>\n<p style=\"margin: 0; font-size: 14px; color: inherit;\">Interfase USB WiFi<\/p>\n<\/p><\/div>\n<div style=\"text-align: center; padding: 10px; border: 1px solid rgba(150&comma; 150&comma; 150&comma; 0.2); border-radius: 8px;\"><a style=\"color: #0091ff; text-decoration: none; font-weight: bold;\" href=\"https:\/\/www.syscom.mx\/producto\/ACCESSRAILT3-ACCESSPRO-176550.html\">ACCESSRAILT3<\/a> <\/p>\n<p style=\"margin: 0; font-size: 14px; color: inherit;\">Riel de 3mts tipo T<\/p>\n<\/p><\/div>\n<div style=\"text-align: center; padding: 10px; border: 1px solid rgba(150&comma; 150&comma; 150&comma; 0.2); border-radius: 8px;\"><a style=\"color: #0091ff; text-decoration: none; font-weight: bold;\" href=\"https:\/\/www.syscom.mx\/producto\/ACCESS-EXT-RAILT-ACCESSPRO-191671.html\">ACCESS-EXT-RAILT<\/a> <\/p>\n<p style=\"margin: 0; font-size: 14px; color: inherit;\">Extensi&oacute;n de 1mt de riel tipo T<\/p>\n<\/p><\/div>\n<\/p><\/div>\n<\/p><\/div>\n<p> <!-- Nota sobre bater\u00eda de respaldo --> <\/p>\n<div style=\"margin-bottom: 30px; padding: 15px; border-left: 4px solid #0091ff; background-color: rgba(150&comma; 150&comma; 150&comma; 0.05);\">\n<p style=\"font-size: 14px; margin: 0; color: inherit;\">(Bater&iacute;as de respaldo no incluidas&comma; colocar 2 bater&iacute;as PL1.212 en serie&comma; requiere cable modelo <a style=\"color: #0091ff; text-decoration: none; font-weight: bold;\" href=\"https:\/\/www.syscom.mx\/producto\/ACCESS-CORD-ACCESSPRO-196161.html\">ACCESSCORD<\/a> y la base <a style=\"color: #0091ff; text-decoration: none; font-weight: bold;\" href=\"https:\/\/www.syscom.mx\/producto\/HOLDER-BAT-ACCESSPRO-192690.html\">HOLDERBAT<\/a>)<\/p>\n<\/p><\/div>\n<p> <!-- Im\u00e1genes principales --> <\/p>\n<div style=\"display: flex; flex-wrap: wrap; gap: 20px; margin-bottom: 30px; justify-content: center;\"><img decoding=\"async\" style=\"width: 100%; max-width: 400px; height: auto; border: 1px solid rgba(150&comma;150&comma;150&comma;0.3); border-radius: 8px;\" src=\"https:\/\/ftp3.syscom.mx\/usuarios\/mario.rodriguez\/MOTORPUERTASDEGARAJE\/FS1000APP\/app3.jpg\" alt=\"\" \/> <img decoding=\"async\" style=\"width: 100%; max-width: 400px; height: auto; border: 1px solid rgba(150&comma;150&comma;150&comma;0.3); border-radius: 8px;\" src=\"https:\/\/ftp3.syscom.mx\/usuarios\/mario.rodriguez\/MOTORPUERTASDEGARAJE\/FS1000APP\/app.2.jpg\" alt=\"\" \/> <img decoding=\"async\" style=\"width: 100%; max-width: 400px; height: auto; border: 1px solid rgba(150&comma;150&comma;150&comma;0.3); border-radius: 8px;\" src=\"https:\/\/ftp3.syscom.mx\/usuarios\/mario.rodriguez\/MOTORPUERTASDEGARAJE\/FS1000APP\/app1.jpg\" alt=\"\" \/><\/div>\n<p> <!-- Notas adicionales --> <\/p>\n<div style=\"margin-bottom: 30px;\">\n<p style=\"font-size: 14px; margin-bottom: 10px; color: inherit;\">&bull; La distancia m&aacute;xima para automatizar una puerta corrediza es de 6mts.<\/p>\n<p style=\"font-size: 14px; margin-bottom: 10px; color: inherit;\">&bull; El n&uacute;mero de ciclos que soporta la bater&iacute;a de respaldo var&iacute;a dependiendo del peso de la puerta (si es una puerta corrediza&comma; abatible o seccional).<\/p>\n<p style=\"font-size: 14px; margin-bottom: 10px; color: inherit;\">&bull; El motor debe ser instalado bajo alg&uacute;n techo o dentro de una cubierta para protegerlo de la lluvia.<\/p>\n<p style=\"font-size: 14px; margin-bottom: 10px; color: inherit;\">&bull; Nueva versi&oacute;n del motor ACCESSFORCE con compatibilidad WiFi&comma; a partir de Agosto \/ 2023.<\/p>\n<\/p><\/div>\n<p> <!-- Separador --><\/p>\n<hr style=\"border: 0; border-top: 1px solid rgba(150&comma; 150&comma; 150&comma; 0.3); margin: 30px 0;\" \/><!-- Garant\u00eda --> <\/p>\n<div style=\"margin-bottom: 30px;\">\n<h2 style=\"font-size: 20px; margin-bottom: 15px; color: inherit; opacity: 0.85;\">Garant&iacute;a<\/h2>\n<ul style=\"padding-left: 20px; font-size: 14px; color: inherit; list-style-type: disc;\">\n<li style=\"margin-bottom: 5px;\">3 a&ntilde;os de garant&iacute;a en el motor<\/li>\n<li style=\"margin-bottom: 5px;\">1 a&ntilde;o de garant&iacute;a en partes mec&aacute;nicas (engranes&comma; flecha)<\/li>\n<li style=\"margin-bottom: 5px;\">1 a&ntilde;o de garant&iacute;a en bater&iacute;a de respaldo<\/li>\n<li style=\"margin-bottom: 5px;\">1 a&ntilde;o de garant&iacute;a en tarjetas electr&oacute;nicas<\/li>\n<\/ul><\/div>\n<p> <!-- Separador --><\/p>\n<hr style=\"border: 0; border-top: 1px solid rgba(150&comma; 150&comma; 150&comma; 0.3); margin: 30px 0;\" \/><!-- Contenido adicional --> <\/p>\n<div style=\"margin-bottom: 30px;\">\n<h2 style=\"font-size: 20px; margin-bottom: 15px; text-align: center; color: inherit; opacity: 0.85;\">Instalaci&oacute;n en puerta corrediza<\/h2>\n<p style=\"text-align: center; margin: 0; font-size: 14px; color: inherit;\">Ver video de instalaci&oacute;n <a style=\"color: #0091ff; text-decoration: none; font-weight: bold;\" href=\"https:\/\/youtu.be\/nUtjNyWT0CI\">aqu&iacute;<\/a><\/p>\n<\/p><\/div>\n<p> <!-- Separador --><\/p>\n<hr style=\"border: 0; border-top: 1px solid rgba(150&comma; 150&comma; 150&comma; 0.3); margin: 30px 0;\" \/><!-- Im\u00e1genes adicionales --> <\/p>\n<div style=\"display: flex; flex-wrap: wrap; gap: 20px; margin-bottom: 30px; justify-content: center;\"><img decoding=\"async\" style=\"width: 100%; max-width: 664px; height: auto; border: 1px solid rgba(150&comma;150&comma;150&comma;0.3); border-radius: 8px;\" src=\"https:\/\/ftp3.syscom.mx\/usuarios\/mario.rodriguez\/MOTORPUERTASDEGARAJE\/ACCESSFORCE\/Imagen.PNG\" alt=\"\" \/> <img decoding=\"async\" style=\"width: 100%; max-width: 664px; height: auto; border: 1px solid rgba(150&comma;150&comma;150&comma;0.3); border-radius: 8px;\" src=\"https:\/\/ftp3.syscom.mx\/usuarios\/fotos\/BancoFotografiasSyscom\/ACCESSPRO\/ACCESSRAILT3\/ACCESSRAILT3-AD-1-l.PNG\" alt=\"\" \/> <img decoding=\"async\" style=\"width: 100%; max-width: 664px; height: auto; border: 1px solid rgba(150&comma;150&comma;150&comma;0.3); border-radius: 8px;\" src=\"https:\/\/ftp3.syscom.mx\/usuarios\/fotos\/BancoFotografiasSyscom\/ACCESSPRO\/ACCESSRAILT3\/ACCESSRAILT3-l.PNG\" alt=\"\" \/><\/div>\n<p> <!-- Separador --><\/p>\n<hr style=\"border: 0; border-top: 1px solid rgba(150&comma; 150&comma; 150&comma; 0.3); margin: 30px 0;\" \/><!-- Contenido del kit --> <\/p>\n<div style=\"margin-bottom: 30px;\">\n<h2 style=\"font-size: 20px; margin-bottom: 15px; color: inherit; opacity: 0.85;\">El kit incluye:<\/h2>\n<ul style=\"padding-left: 20px; font-size: 14px; color: inherit; list-style-type: disc;\">\n<li style=\"margin-bottom: 5px;\">Operador de puerta de garage<\/li>\n<li style=\"margin-bottom: 5px;\">3 Secciones de riel tipo &#8216;T&#8217; (de 1mt cada secci&oacute;n)<\/li>\n<li style=\"margin-bottom: 5px;\">2 Controles inal&aacute;mbricos de visera<\/li>\n<li style=\"margin-bottom: 5px;\">1 Control inal&aacute;mbrico de pared de un bot&oacute;n<\/li>\n<li style=\"margin-bottom: 5px;\">Manual de instalaci&oacute;n<\/li>\n<li style=\"margin-bottom: 5px;\">Herrajes y torniller&iacute;a<\/li>\n<li style=\"margin-bottom: 5px;\">6mts de cadena<\/li>\n<\/ul><\/div>\n<p> <!-- Separador --><\/p>\n<hr style=\"border: 0; border-top: 1px solid rgba(150&comma; 150&comma; 150&comma; 0.3); margin: 30px 0;\" \/><!-- Videos de instalaci\u00f3n --> <\/p>\n<div style=\"margin-bottom: 30px;\">\n<h2 style=\"font-size: 20px; margin-bottom: 20px; text-align: center; color: inherit; opacity: 0.85;\">Videos de instalaci&oacute;n<\/h2>\n<div style=\"display: flex; flex-wrap: wrap; justify-content: center; gap: 20px;\"><!-- Video 1 --> <\/p>\n<div style=\"width: 100%; max-width: 560px; margin-bottom: 20px;\">\n<div style=\"position: relative; padding-bottom: 56.25%; height: 0; overflow: hidden;\"> <\/div>\n<\/p><\/div>\n<p> <!-- Video 2 --> <\/p>\n<div style=\"width: 100%; max-width: 560px; margin-bottom: 20px;\">\n<div style=\"position: relative; padding-bottom: 56.25%; height: 0; overflow: hidden;\"> <\/div>\n<\/p><\/div>\n<p> <!-- Video 3 --> <\/p>\n<div style=\"width: 100%; max-width: 560px; margin-bottom: 20px;\">\n<div style=\"position: relative; padding-bottom: 56.25%; height: 0; overflow: hidden;\"> <\/div>\n<\/p><\/div>\n<\/p><\/div>\n<\/p><\/div>\n<\/p><\/div>\n","protected":false},"excerpt":{"rendered":"<p>Kit D\/ Puertas D\/  Garage \/ 1\/2HP \/ Fuerte \/ Silencioso \/ Incluye riel tipo T de 3mts \/ Compatible con APP \/ 2 Controles Inal\u00e1mbricos Visera \/ 1 Control Inal\u00e1mbrico Pared \/ Respaldo Energia.<\/p>\n","protected":false},"featured_media":26977,"comment_status":"open","ping_status":"closed","template":"","meta":[],"product_brand":[],"product_cat":[400],"product_tag":[401,234,402],"class_list":{"0":"post-26978","1":"product","2":"type-product","3":"status-publish","4":"has-post-thumbnail","6":"product_cat-puertas-de-garage","7":"product_tag-acceso-vehicular","8":"product_tag-accesspro","9":"product_tag-puertas-de-garage","11":"first","12":"instock","13":"sale","14":"shipping-taxable","15":"purchasable","16":"product-type-simple"},"_links":{"self":[{"href":"https:\/\/soydeaqui.ddns.net\/pachuca\/index.php\/wp-json\/wp\/v2\/product\/26978","targetHints":{"allow":["GET"]}}],"collection":[{"href":"https:\/\/soydeaqui.ddns.net\/pachuca\/index.php\/wp-json\/wp\/v2\/product"}],"about":[{"href":"https:\/\/soydeaqui.ddns.net\/pachuca\/index.php\/wp-json\/wp\/v2\/types\/product"}],"replies":[{"embeddable":true,"href":"https:\/\/soydeaqui.ddns.net\/pachuca\/index.php\/wp-json\/wp\/v2\/comments?post=26978"}],"wp:featuredmedia":[{"embeddable":true,"href":"https:\/\/soydeaqui.ddns.net\/pachuca\/index.php\/wp-json\/wp\/v2\/media\/26977"}],"wp:attachment":[{"href":"https:\/\/soydeaqui.ddns.net\/pachuca\/index.php\/wp-json\/wp\/v2\/media?parent=26978"}],"wp:term":[{"taxonomy":"product_brand","embeddable":true,"href":"https:\/\/soydeaqui.ddns.net\/pachuca\/index.php\/wp-json\/wp\/v2\/product_brand?post=26978"},{"taxonomy":"product_cat","embeddable":true,"href":"https:\/\/soydeaqui.ddns.net\/pachuca\/index.php\/wp-json\/wp\/v2\/product_cat?post=26978"},{"taxonomy":"product_tag","embeddable":true,"href":"https:\/\/soydeaqui.ddns.net\/pachuca\/index.php\/wp-json\/wp\/v2\/product_tag?post=26978"}],"curies":[{"name":"wp","href":"https:\/\/api.w.org\/{rel}","templated":true}]}}