{"id":26835,"date":"2026-03-18T12:22:40","date_gmt":"2026-03-18T12:22:40","guid":{"rendered":"https:\/\/soydeaqui.ddns.net\/pachuca\/index.php\/producto\/chapa-magnetica-de-617-lbs-280-kg-montaje-en-puerta-normal-o-de-vidrio-certificado-ce-uso-en-interior-indicador-led-magnetismo-anti-residual\/"},"modified":"2026-03-18T12:22:46","modified_gmt":"2026-03-18T12:22:46","slug":"chapa-magnetica-de-617-lbs-280-kg-montaje-en-puerta-normal-o-de-vidrio-certificado-ce-uso-en-interior-indicador-led-magnetismo-anti-residual","status":"publish","type":"product","link":"https:\/\/soydeaqui.ddns.net\/pachuca\/index.php\/producto\/chapa-magnetica-de-617-lbs-280-kg-montaje-en-puerta-normal-o-de-vidrio-certificado-ce-uso-en-interior-indicador-led-magnetismo-anti-residual\/","title":{"rendered":"Chapa Magn\u00e9tica de 617 Lbs (280 Kg) \/ Montaje en Puerta Normal o de Vidrio \/ Certificado CE \/  Uso en Interior \/ Indicador LED \/ Magnetismo Anti-residual"},"content":{"rendered":"<div style='width: 100%; max-width: 1200px; margin: 0 auto; font-family: sans-serif; line-height: 1.6; color: inherit; background-color: transparent;'> <!-- Imagen principal --> <\/p>\n<div style='width: 100%; margin-bottom: 30px;'> <img style='width: 100%; height: auto; border: 1px solid rgba(150&comma;150&comma;150&comma;0.3); border-radius: 8px;' src='https:\/\/ftp3.syscom.mx\/usuarios\/fespinoza\/HIKVISION\/Dispositivos\/Banners\/BannerIntegracion.jpg' alt='Banner de integraci\u00f3n'> <\/div>\n<p> <!-- Secci\u00f3n de caracter\u00edsticas --> <\/p>\n<div style='display: flex; flex-wrap: wrap; gap: 30px; margin-bottom: 30px;'>\n<div style='flex: 1 1 300px; min-width: 280px;'>\n<h3 style='font-size: 22px; border-bottom: 2px solid currentColor; padding-bottom: 5px; margin-top: 0; color: inherit; opacity: 0.8;'>Caracter\u00edsticas principales<\/h3>\n<ul style='padding-left: 20px; font-size: 15px; color: inherit;'>\n<li style='margin-bottom: 5px;'>Soporta m\u00e1ximo 617 Lbs (280g).<\/li>\n<li style='margin-bottom: 5px;'>Indicador LED de bloqueo de puerta.<\/li>\n<li style='margin-bottom: 5px;'>Dise\u00f1o magnetismo anti-residual.<\/li>\n<li style='margin-bottom: 5px;'>Material resistente a la abrasi\u00f3n.<\/li>\n<li style='margin-bottom: 5px;'><strong><span style='color: #c0392b;'>Requiere montajes Z y L modelo<\/span><\/strong> (<a style='color: #005cb9; text-decoration: none; font-weight: 600;' href='https:\/\/www.syscom.mx\/principal\/searchcont?route=DS-K4H258-L\/Z-HIKVISION-176632&#038;autodetect=DSK4' target='_blank'>DS-K4H258-L\/Z.<\/a>) para cualquier tipo de puerta.<\/li>\n<li style='margin-bottom: 5px;'>Para instalaci\u00f3n en puerta de vidrio requiere <a style='color: #005cb9; text-decoration: none; font-weight: 600;' href='https:\/\/www.syscom.mx\/producto\/DS-K4H258-U-HIKVISION-194765.html' target='_blank'>DS-K4H258-U<\/a> (adem\u00e1s de <a style='color: #005cb9; text-decoration: none; font-weight: 600;' href='https:\/\/www.syscom.mx\/producto\/DS-K4H258-L\/Z-HIKVISION-176632.html' target='_blank'>DS-K4H258-L\/Z).<\/a><\/li>\n<\/ul><\/div>\n<div style='flex: 1 1 300px; min-width: 280px;'>\n<h3 style='font-size: 22px; border-bottom: 2px solid currentColor; padding-bottom: 5px; margin-top: 0; color: inherit; opacity: 0.8;'>Caracter\u00edsticas F\u00edsicas y El\u00e9ctricas<\/h3>\n<ul style='padding-left: 20px; font-size: 15px; color: inherit;'>\n<li style='margin-bottom: 5px;'>Consumo electrico: 12 VDC&comma; 340mA<\/li>\n<li style='margin-bottom: 5px;'>Temperatura de operaci\u00f3n: -10 \u00b0C ~ +55 \u00b0C (14 \u00b0F ~ 131 \u00b0F)<\/li>\n<\/ul><\/div>\n<div style='flex: 1 1 300px; min-width: 280px;'>\n<h3 style='font-size: 22px; border-bottom: 2px solid currentColor; padding-bottom: 5px; margin-top: 0; color: inherit; opacity: 0.8;'>Caracter\u00edsticas Destacadas<\/h3>\n<p style='font-size: 15px; color: inherit; margin: 0 0 15px 0;'>Recomendado para puertas de madera&comma; cristal&comma; metal y blindada.<\/p>\n<\/p><\/div>\n<\/p><\/div>\n<p> <!-- Separador --> <\/p>\n<hr style='border: 0; border-top: 1px solid rgba(150&comma; 150&comma; 150&comma; 0.3); margin: 30px 0;'> <\/div>\n","protected":false},"excerpt":{"rendered":"<p>Chapa Magn\u00e9tica de 617 Lbs (280 Kg) \/ Montaje en Puerta Normal o de Vidrio \/ Certificado CE \/  Uso en Interior \/ Indicador LED \/ Magnetismo Anti-residual<\/p>\n","protected":false},"featured_media":26834,"comment_status":"open","ping_status":"closed","template":"","meta":[],"product_brand":[],"product_cat":[761],"product_tag":[87,762,54],"class_list":{"0":"post-26835","1":"product","2":"type-product","3":"status-publish","4":"has-post-thumbnail","6":"product_cat-chapas-magneticas","7":"product_tag-cerraduras","8":"product_tag-chapas-magneticas","9":"product_tag-hikvision","11":"first","12":"instock","13":"sale","14":"shipping-taxable","15":"purchasable","16":"product-type-simple"},"_links":{"self":[{"href":"https:\/\/soydeaqui.ddns.net\/pachuca\/index.php\/wp-json\/wp\/v2\/product\/26835","targetHints":{"allow":["GET"]}}],"collection":[{"href":"https:\/\/soydeaqui.ddns.net\/pachuca\/index.php\/wp-json\/wp\/v2\/product"}],"about":[{"href":"https:\/\/soydeaqui.ddns.net\/pachuca\/index.php\/wp-json\/wp\/v2\/types\/product"}],"replies":[{"embeddable":true,"href":"https:\/\/soydeaqui.ddns.net\/pachuca\/index.php\/wp-json\/wp\/v2\/comments?post=26835"}],"wp:featuredmedia":[{"embeddable":true,"href":"https:\/\/soydeaqui.ddns.net\/pachuca\/index.php\/wp-json\/wp\/v2\/media\/26834"}],"wp:attachment":[{"href":"https:\/\/soydeaqui.ddns.net\/pachuca\/index.php\/wp-json\/wp\/v2\/media?parent=26835"}],"wp:term":[{"taxonomy":"product_brand","embeddable":true,"href":"https:\/\/soydeaqui.ddns.net\/pachuca\/index.php\/wp-json\/wp\/v2\/product_brand?post=26835"},{"taxonomy":"product_cat","embeddable":true,"href":"https:\/\/soydeaqui.ddns.net\/pachuca\/index.php\/wp-json\/wp\/v2\/product_cat?post=26835"},{"taxonomy":"product_tag","embeddable":true,"href":"https:\/\/soydeaqui.ddns.net\/pachuca\/index.php\/wp-json\/wp\/v2\/product_tag?post=26835"}],"curies":[{"name":"wp","href":"https:\/\/api.w.org\/{rel}","templated":true}]}}