{"id":26794,"date":"2026-03-18T12:21:49","date_gmt":"2026-03-18T12:21:49","guid":{"rendered":"https:\/\/soydeaqui.ddns.net\/pachuca\/index.php\/producto\/transformador-industrial-para-domos-y-sistemas-de-seguridad-de-24-vca-a-100-va\/"},"modified":"2026-03-18T12:21:55","modified_gmt":"2026-03-18T12:21:55","slug":"transformador-industrial-para-domos-y-sistemas-de-seguridad-de-24-vca-a-100-va","status":"publish","type":"product","link":"https:\/\/soydeaqui.ddns.net\/pachuca\/index.php\/producto\/transformador-industrial-para-domos-y-sistemas-de-seguridad-de-24-vca-a-100-va\/","title":{"rendered":"Transformador Industrial para DOMOS y Sistemas de Seguridad de 24 Vca a 100 VA"},"content":{"rendered":"<div style='width: 100%; max-width: 1200px; margin: 0 auto; font-family: sans-serif; line-height: 1.6; color: inherit; background-color: transparent;'> <!-- T\u00edtulos --> <\/p>\n<div style='width: 100%;'>\n<h1 style='color: inherit; text-align: center; font-size: 32px; margin-bottom: 10px;'>PL24100<\/h1>\n<h3 style='color: inherit; text-align: center; font-size: 24px; margin-bottom: 20px;'>Transformador de 24 Vca @ 100 W<\/h3>\n<p style='text-align: center; font-size: 16px; color: inherit; margin-bottom: 30px;'> <strong>EPCOM POWER LINE marca l\u00edder en transformadores con alta eficiencia en alimentaci\u00f3n para equipos de seguridad electr\u00f3nica por sus ventajas de aprobaciones&comma; certificaciones&comma; protecci\u00f3n contra sobretensiones&comma; y circuitos de protecci\u00f3n contra anti-interferencia&#8230;<\/strong> <\/p>\n<\/p><\/div>\n<p> <!-- Secci\u00f3n de cards con caracter\u00edsticas y modelos --> <\/p>\n<div style='display: flex; flex-wrap: wrap; gap: 30px; margin-bottom: 30px;'> <!-- Card 1: Caracter\u00edsticas --> <\/p>\n<div style='flex: 1 1 300px; min-width: 280px;'>\n<div style='width: 100%; height: auto; border: 1px solid rgba(150&comma;150&comma;150&comma;0.3); border-radius: 8px; overflow: hidden; display: flex; flex-direction: column;'> <img style='width: 100%; height: auto; border: 1px solid rgba(150&comma;150&comma;150&comma;0.3); border-radius: 8px;' src='https:\/\/ftp3.syscom.mx\/usuarios\/fotos\/BancoFotografiasSyscom\/EPCOMPOWERLINE\/PL24100\/PL24100-p.PNG' alt=''> <\/p>\n<div style='padding: 15px; border-top: 5px solid rgba(0&comma; 123&comma; 255&comma; 0.4); background-color: rgba(0&comma; 123&comma; 255&comma; 0.05);'>\n<h2 style='font-size: 20px; margin-top: 0; margin-bottom: 15px; color: inherit;'>Caracter\u00edsticas<\/h2>\n<ul style='padding-left: 20px; margin: 0; font-size: 15px; list-style-type: disc; color: inherit;'>\n<li style='margin-bottom: 5px;'><strong>Voltaje de entrada:<\/strong> 110 Vca 47-63 Hz<\/li>\n<li style='margin-bottom: 5px;'><strong>Voltaje de salida:<\/strong> 24 Vca<\/li>\n<li style='margin-bottom: 5px;'><strong>Potencia de salida:<\/strong> 100 Watts<\/li>\n<\/ul><\/div>\n<\/p><\/div>\n<\/p><\/div>\n<p> <!-- Card 2: Modelos Relacionados 1 --> <\/p>\n<div style='flex: 1 1 300px; min-width: 280px;'>\n<div style='width: 100%; height: auto; border: 1px solid rgba(150&comma;150&comma;150&comma;0.3); border-radius: 8px; overflow: hidden; display: flex; flex-direction: column;'> <img style='width: 100%; height: auto; border: 1px solid rgba(150&comma;150&comma;150&comma;0.3); border-radius: 8px;' src='https:\/\/ftp3.syscom.mx\/usuarios\/fotos\/BancoFotografiasSyscom\/EPCOMPOWERLINE\/PL24100\/PL24100-AD-2-p.PNG' alt=''> <\/p>\n<div style='padding: 15px; border-top: 5px solid rgba(0&comma; 123&comma; 255&comma; 0.4); background-color: rgba(0&comma; 123&comma; 255&comma; 0.05);'>\n<h2 style='font-size: 20px; margin-top: 0; margin-bottom: 15px; color: inherit;'>Modelos Relacionados<\/h2>\n<ul style='padding-left: 20px; margin: 0; font-size: 15px; list-style-type: disc; color: inherit;'>\n<li style='margin-bottom: 5px;'>RT925LS &#8230;&#8230;&#8230;&#8230;&#8230;9 Vca @ 25 VA<\/li>\n<li style='margin-bottom: 5px;'>RT1230LS &#8230;&#8230;&#8230;&#8230;. 12 Vca @ 30 VA<\/li>\n<li style='margin-bottom: 5px;'>RT1440LS&#8230;&#8230;&#8230;&#8230;&#8230;14 Vca @ 40 VA<\/li>\n<li style='margin-bottom: 5px;'>RT1640LS&#8230;&#8230;&#8230;&#8230;&#8230;.16 Vca @ 40 VA<\/li>\n<\/ul><\/div>\n<\/p><\/div>\n<\/p><\/div>\n<p> <!-- Card 3: Modelos Relacionados 2 --> <\/p>\n<div style='flex: 1 1 300px; min-width: 280px;'>\n<div style='width: 100%; height: auto; border: 1px solid rgba(150&comma;150&comma;150&comma;0.3); border-radius: 8px; overflow: hidden; display: flex; flex-direction: column;'> <img style='width: 100%; height: auto; border: 1px solid rgba(150&comma;150&comma;150&comma;0.3); border-radius: 8px;' src='https:\/\/ftp3.syscom.mx\/usuarios\/fotos\/BancoFotografiasSyscom\/EPCOMPOWERLINE\/PL24100\/PL24100-AD-3-p.PNG' alt=''> <\/p>\n<div style='padding: 15px; border-top: 5px solid rgba(0&comma; 123&comma; 255&comma; 0.4); background-color: rgba(0&comma; 123&comma; 255&comma; 0.05);'>\n<h2 style='font-size: 20px; margin-top: 0; margin-bottom: 15px; color: inherit;'>Modelos Relacionados<\/h2>\n<ul style='padding-left: 20px; margin: 0; font-size: 15px; list-style-type: disc; color: inherit;'>\n<li style='margin-bottom: 5px;'>RT2460LS&#8230;&#8230;&#8230;&#8230;&#8230;.24 Vca @ 60 VA<\/li>\n<li style='margin-bottom: 5px;'>PS2472&#8230;&#8230;&#8230;&#8230;&#8230;&#8230;&#8230;24 Vca @ 72 VA<\/li>\n<li style='margin-bottom: 5px;'>PL24100&#8230;&#8230;&#8230;&#8230;&#8230;&#8230;.24 Vca @ 100 VA<\/li>\n<li style='margin-bottom: 5px;'>PL24100220&#8230;&#8230;&#8230;&#8230;.Entrada 220 Vca \/ 24 Vca @ 100 VA<\/li>\n<li style='margin-bottom: 5px;'>PL24175220&#8230;&#8230;&#8230;&#8230;.Entrada 220 Vca \/ 24 Vca @ 175 VA<\/li>\n<\/ul><\/div>\n<\/p><\/div>\n<\/p><\/div>\n<\/p><\/div>\n<p> <!-- Separador --> <\/p>\n<hr style='border: 0; border-top: 1px solid rgba(150&comma; 150&comma; 150&comma; 0.3); margin: 30px 0;'> <!-- Secci\u00f3n de video --> <\/p>\n<div style='width: 100%; margin-bottom: 30px;'>\n<div style='position: relative; padding-bottom: 56.25%; height: 0; overflow: hidden;'>   <\/div>\n<\/p><\/div>\n<\/p><\/div>\n","protected":false},"excerpt":{"rendered":"<p>Transformador Industrial para DOMOS y Sistemas de Seguridad de 24 Vca a 100 VA<\/p>\n","protected":false},"featured_media":26793,"comment_status":"open","ping_status":"closed","template":"","meta":[],"product_brand":[],"product_cat":[404],"product_tag":[142,454,405],"class_list":{"0":"post-26794","1":"product","2":"type-product","3":"status-publish","4":"has-post-thumbnail","6":"product_cat-fuentes-de-poder","7":"product_tag-energia","8":"product_tag-epcom-powerline","9":"product_tag-fuentes-de-poder","11":"first","12":"instock","13":"sale","14":"shipping-taxable","15":"purchasable","16":"product-type-simple"},"_links":{"self":[{"href":"https:\/\/soydeaqui.ddns.net\/pachuca\/index.php\/wp-json\/wp\/v2\/product\/26794","targetHints":{"allow":["GET"]}}],"collection":[{"href":"https:\/\/soydeaqui.ddns.net\/pachuca\/index.php\/wp-json\/wp\/v2\/product"}],"about":[{"href":"https:\/\/soydeaqui.ddns.net\/pachuca\/index.php\/wp-json\/wp\/v2\/types\/product"}],"replies":[{"embeddable":true,"href":"https:\/\/soydeaqui.ddns.net\/pachuca\/index.php\/wp-json\/wp\/v2\/comments?post=26794"}],"wp:featuredmedia":[{"embeddable":true,"href":"https:\/\/soydeaqui.ddns.net\/pachuca\/index.php\/wp-json\/wp\/v2\/media\/26793"}],"wp:attachment":[{"href":"https:\/\/soydeaqui.ddns.net\/pachuca\/index.php\/wp-json\/wp\/v2\/media?parent=26794"}],"wp:term":[{"taxonomy":"product_brand","embeddable":true,"href":"https:\/\/soydeaqui.ddns.net\/pachuca\/index.php\/wp-json\/wp\/v2\/product_brand?post=26794"},{"taxonomy":"product_cat","embeddable":true,"href":"https:\/\/soydeaqui.ddns.net\/pachuca\/index.php\/wp-json\/wp\/v2\/product_cat?post=26794"},{"taxonomy":"product_tag","embeddable":true,"href":"https:\/\/soydeaqui.ddns.net\/pachuca\/index.php\/wp-json\/wp\/v2\/product_tag?post=26794"}],"curies":[{"name":"wp","href":"https:\/\/api.w.org\/{rel}","templated":true}]}}