{"id":26596,"date":"2026-03-18T12:17:34","date_gmt":"2026-03-18T12:17:34","guid":{"rendered":"https:\/\/soydeaqui.ddns.net\/pachuca\/index.php\/producto\/modulo-de-mantenimiento-anual-de-svm-por-copia-para-easy-lobby-el-96000\/"},"modified":"2026-03-18T12:17:35","modified_gmt":"2026-03-18T12:17:35","slug":"modulo-de-mantenimiento-anual-de-svm-por-copia-para-easy-lobby-el-96000","status":"publish","type":"product","link":"https:\/\/soydeaqui.ddns.net\/pachuca\/index.php\/producto\/modulo-de-mantenimiento-anual-de-svm-por-copia-para-easy-lobby-el-96000\/","title":{"rendered":"M\u00f3dulo de mantenimiento Anual de SVM por Copia Para Easy Lobby EL-96000"},"content":{"rendered":"<div style='width: 100%; max-width: 1200px; margin: 0 auto; font-family: sans-serif; line-height: 1.6; color: inherit; background-color: transparent;'>\n<div style='display: flex; flex-wrap: wrap; gap: 30px; margin-bottom: 30px;'>\n<div style='flex: 1 1 300px; min-width: 280px;'>\n<h3 style='font-size: 22px; border-bottom: 2px solid currentColor; padding-bottom: 5px; margin-top: 0; color: inherit; opacity: 0.8;'>Descripci\u00f3n<\/h3>\n<p style='font-size: 14px; color: inherit;'> Gesti\u00f3n segura de visitantes (SVM\u2122) EasyLobby\u00ae de HID Global es la principal aplicaci\u00f3n para procesar visitantes (escanear una identificaci\u00f3n&comma; creaci\u00f3n de registro&comma; imprimir una credencial&comma; entrada y salida y revisi\u00f3n de las listas de alerta). Es escalable de un \u00fanico sistema a cientos de puestos de trabajo SVM que pueden compartir una base de datos central. SVM permite que las empresas gestionen visitantes&comma; paquetes&comma; activos&comma; aparcamientos y asistencia de empleados de manera profesional y todo de una \u00fanica aplicaci\u00f3n. <\/p>\n<\/p><\/div>\n<\/p><\/div>\n<div style='display: flex; flex-wrap: wrap; gap: 20px; margin-bottom: 30px;'>\n<div style='flex: 1 1 250px; border: 1px solid rgba(150&comma; 150&comma; 150&comma; 0.4); border-radius: 8px; overflow: hidden; display: flex; flex-direction: column;'>\n<div style='padding: 15px; border-bottom: 1px solid rgba(150&comma; 150&comma; 150&comma; 0.2); font-weight: bold; font-size: 18px; color: inherit;'>Caracter\u00edsticas<\/div>\n<div style='padding: 15px; color: inherit;'>\n<ul style='padding-left: 20px; margin: 0; font-size: 14px; list-style-type: disc;'>\n<li style='margin-bottom: 5px;'>M\u00f3dulo de mantenimiento Anual de SVM por Copia<\/li>\n<li style='margin-bottom: 5px;'>Incluye todas las actualizaciones<\/li>\n<li style='margin-bottom: 5px;'>Para uso con el software base EL-96000-SVM10<\/li>\n<\/ul><\/div>\n<\/p><\/div>\n<\/p><\/div>\n<div style='display: flex; flex-wrap: wrap; gap: 20px; margin-bottom: 30px;'>\n<div style='flex: 1 1 250px; border: 1px solid rgba(150&comma; 150&comma; 150&comma; 0.4); border-radius: 8px; overflow: hidden; display: flex; flex-direction: column;'>\n<div style='padding: 15px; border-bottom: 1px solid rgba(150&comma; 150&comma; 150&comma; 0.2); font-weight: bold; font-size: 18px; color: inherit; background-color: #fff0f0; color: #222; padding: 15px; border-bottom: 1px solid rgba(150&comma; 150&comma; 150&comma; 0.2);'>Importante: Requiere Certificaci\u00f3n para su Venta<\/div>\n<div style='padding: 15px; color: inherit;'>\n<ul style='padding-left: 20px; margin: 0; font-size: 14px; list-style-type: disc;'>\n<li style='margin-bottom: 5px;'>La venta del producto requiere certificaci\u00f3n obligatoria de HID misma que se debe tomar en <a style='color: inherit; text-decoration: underline;' href='https:\/\/www.hidglobal.mx\/training' target='_blank' rel='noopener'>https:\/\/www.hidglobal.mx\/training<\/a> para lo cual debe registrarse en <a style='color: inherit; text-decoration: underline;' href='https:\/\/hidglobal.csod.com\/selfreg\/register.aspx?p=hidglobal&#038;c=srap' target='_blank' rel='noopener'>https:\/\/hidglobal.csod.com\/selfreg\/register.aspx?p=hidglobal&#038;c=srap<\/a>&comma; en un periodo de hasta 48 hrs recibir\u00e1 la confirmaci\u00f3n del registro con un password provisional.<\/li>\n<li style='margin-bottom: 5px;'>Al terminar la certificaci\u00f3n podr\u00e1 descargar un certificado digital PDF que deber\u00e1 enviar al momento de la compra.<\/li>\n<li style='margin-bottom: 5px;'>La integraci\u00f3n a un sistema de control de acceso (tercero) requiere conocimientos avanzados de SQL para su implementaci\u00f3n.<\/li>\n<li style='margin-bottom: 5px;'>La certificaci\u00f3n debe tomarse de forma individual para cada m\u00f3dulo de Easy lobby existente que se desee implementar.<\/li>\n<\/ul><\/div>\n<\/p><\/div>\n<\/p><\/div>\n<div style='display: flex; flex-wrap: wrap; gap: 30px; margin-bottom: 30px;'>\n<div style='flex: 1 1 300px; min-width: 280px;'>\n<p style='font-size: 14px; color: inherit; font-weight: bold; margin: 0;'> Producto sobre pedido <\/p>\n<\/p><\/div>\n<\/p><\/div>\n<hr style='border: 0; border-top: 1px solid rgba(150&comma; 150&comma; 150&comma; 0.3); margin: 30px 0;'> <\/div>\n","protected":false},"excerpt":{"rendered":"<p>M\u00f3dulo de mantenimiento Anual de SVM por Copia Para Easy Lobby EL-96000<\/p>\n","protected":false},"featured_media":26595,"comment_status":"open","ping_status":"closed","template":"","meta":[],"product_brand":[],"product_cat":[791],"product_tag":[793,814,792],"class_list":{"0":"post-26596","1":"product","2":"type-product","3":"status-publish","4":"has-post-thumbnail","6":"product_cat-control-de-acceso-software-de-asistencia","7":"product_tag-control-de-acceso","8":"product_tag-hid","9":"product_tag-software-de-asistencia","11":"first","12":"instock","13":"sale","14":"shipping-taxable","15":"purchasable","16":"product-type-simple"},"_links":{"self":[{"href":"https:\/\/soydeaqui.ddns.net\/pachuca\/index.php\/wp-json\/wp\/v2\/product\/26596","targetHints":{"allow":["GET"]}}],"collection":[{"href":"https:\/\/soydeaqui.ddns.net\/pachuca\/index.php\/wp-json\/wp\/v2\/product"}],"about":[{"href":"https:\/\/soydeaqui.ddns.net\/pachuca\/index.php\/wp-json\/wp\/v2\/types\/product"}],"replies":[{"embeddable":true,"href":"https:\/\/soydeaqui.ddns.net\/pachuca\/index.php\/wp-json\/wp\/v2\/comments?post=26596"}],"wp:featuredmedia":[{"embeddable":true,"href":"https:\/\/soydeaqui.ddns.net\/pachuca\/index.php\/wp-json\/wp\/v2\/media\/26595"}],"wp:attachment":[{"href":"https:\/\/soydeaqui.ddns.net\/pachuca\/index.php\/wp-json\/wp\/v2\/media?parent=26596"}],"wp:term":[{"taxonomy":"product_brand","embeddable":true,"href":"https:\/\/soydeaqui.ddns.net\/pachuca\/index.php\/wp-json\/wp\/v2\/product_brand?post=26596"},{"taxonomy":"product_cat","embeddable":true,"href":"https:\/\/soydeaqui.ddns.net\/pachuca\/index.php\/wp-json\/wp\/v2\/product_cat?post=26596"},{"taxonomy":"product_tag","embeddable":true,"href":"https:\/\/soydeaqui.ddns.net\/pachuca\/index.php\/wp-json\/wp\/v2\/product_tag?post=26596"}],"curies":[{"name":"wp","href":"https:\/\/api.w.org\/{rel}","templated":true}]}}