{"id":26400,"date":"2026-03-18T12:13:19","date_gmt":"2026-03-18T12:13:19","guid":{"rendered":"https:\/\/soydeaqui.ddns.net\/pachuca\/index.php\/producto\/torniquete-de-apertura-para-lado-izquierdo-metal-con-12-pares-de-detectores-ir-soporta-terminal-de-reconocimiento-facial\/"},"modified":"2026-03-18T12:13:29","modified_gmt":"2026-03-18T12:13:29","slug":"torniquete-de-apertura-para-lado-izquierdo-metal-con-12-pares-de-detectores-ir-soporta-terminal-de-reconocimiento-facial","status":"publish","type":"product","link":"https:\/\/soydeaqui.ddns.net\/pachuca\/index.php\/producto\/torniquete-de-apertura-para-lado-izquierdo-metal-con-12-pares-de-detectores-ir-soporta-terminal-de-reconocimiento-facial\/","title":{"rendered":"Torniquete de Apertura para Lado Izquierdo \/ Metal \/ Con 12 Pares de Detectores IR \/ Soporta Terminal de Reconocimiento Facial"},"content":{"rendered":"<div style='width: 100%; max-width: 1200px; margin: 0 auto; font-family: sans-serif; line-height: 1.6; color: inherit; background-color: transparent;'> <img style='width: 100%; height: auto; border: 1px solid rgba(150&comma;150&comma;150&comma;0.3); border-radius: 8px;' src='http:\/\/ftp3.syscom.mx\/usuarios\/jdelafuente\/HIKVISION\/hikvision%20logo%20complete.png' alt=''> <!-- Videos --> <\/p>\n<div style='display: flex; flex-wrap: wrap; gap: 30px; margin: 30px 0;'>\n<div style='flex: 1 1 300px; min-width: 280px;'>\n<div style='position: relative; padding-bottom: 56.25%; height: 0; overflow: hidden; margin-bottom: 30px;'>   <\/div>\n<\/p><\/div>\n<div style='flex: 1 1 300px; min-width: 280px;'>\n<div style='position: relative; padding-bottom: 56.25%; height: 0; overflow: hidden; margin-bottom: 30px;'>   <\/div>\n<\/p><\/div>\n<div style='flex: 1 1 300px; min-width: 280px;'>\n<div style='position: relative; padding-bottom: 56.25%; height: 0; overflow: hidden; margin-bottom: 30px;'>   <\/div>\n<\/p><\/div>\n<\/p><\/div>\n<p> <!-- Secciones de contenido --> <\/p>\n<div style='display: flex; flex-wrap: wrap; gap: 30px; margin-bottom: 30px;'>\n<div style='flex: 1 1 300px; min-width: 280px;'>\n<h3 style='font-size: 22px; border-bottom: 2px solid currentColor; padding-bottom: 5px; margin-top: 0; color: inherit; opacity: 0.8;'>Caracter\u00edsticas Principales<\/h3>\n<ul style='padding-left: 20px; font-size: 15px; color: inherit;'>\n<li style='margin-bottom: 5px;'>LED indicador de direcci\u00f3n de paso.<\/li>\n<li style='margin-bottom: 5px;'>Throughput: 20 a 60 personas por minuto.<\/li>\n<li style='margin-bottom: 5px;'>Auto detecci\u00f3n&comma; auto diagn\u00f3stico y alarma autom\u00e1tica.<\/li>\n<li style='margin-bottom: 5px;'>La alarma audible y visual incluye: Alarma de intrusi\u00f3n&comma; alarma de marcha atr\u00e1s y alarma de cambio de posici\u00f3n.<\/li>\n<li style='margin-bottom: 5px;'>Soporta control y administracion remota.<\/li>\n<li style='margin-bottom: 5px;'>Soporta hassta 3000 tarjetas para visitantes<\/li>\n<li style='margin-bottom: 5px;'>Soporta anti-passback<\/li>\n<li style='margin-bottom: 5px;'>Configuraci\u00f3n bidireccional para entrada y salida.<\/li>\n<li style='margin-bottom: 5px;'>Gesti\u00f3n a trav\u00e9s del cliente iVMS-4200.<\/li>\n<\/ul><\/div>\n<div style='flex: 1 1 300px; min-width: 280px;'>\n<h3 style='font-size: 22px; border-bottom: 2px solid currentColor; padding-bottom: 5px; margin-top: 0; color: inherit; opacity: 0.8;'>Caracter\u00edsticas F\u00edsicas y El\u00e9ctricas<\/h3>\n<ul style='padding-left: 20px; font-size: 15px; color: inherit;'>\n<li style='margin-bottom: 5px;'>Material: Acero inoxidable<\/li>\n<li style='margin-bottom: 5px;'>Voltaje de operaci\u00f3n: 100 to 240 VAC; 50 to 60 Hz<\/li>\n<li style='margin-bottom: 5px;'>Temperatura de operaci\u00f3n:-25 \u00b0C to 70 \u00b0C (-13 \u00b0F to 158 \u00b0F)<\/li>\n<li style='margin-bottom: 5px;'>Dimensiones: 550 mm a 1100 mm (21&comma;65&#8242; a 43&comma;31&#8242; )<\/li>\n<\/ul><\/div>\n<div style='flex: 1 1 300px; min-width: 280px;'>\n<h3 style='font-size: 22px; border-bottom: 2px solid currentColor; padding-bottom: 5px; margin-top: 0; color: inherit; opacity: 0.8;'>Caracter\u00edsticas Destacadas<\/h3>\n<p style='font-size: 14px; margin-bottom: 15px;'><span style='font-size: 12px;'>Esta barrera corresponde al <\/span><strong style='font-size: 14px;'>pedestal Izquierdo<\/strong><span style='font-size: 12px;'>&comma; cuenta con detecci\u00f3n anti-fuerza esto hace que la barrera se bloquee autom\u00e1ticamente al detectar el acceso a la fuerza.<\/span><\/p>\n<p style='font-size: 14px;'><span style='font-size: 12px;'>La puerta permanece abierta cuando se dispara la alarma de incendio.<\/span><\/p>\n<\/p><\/div>\n<\/p><\/div>\n<p> <!-- Imagen final --> <img style='width: 100%; height: auto; border: 1px solid rgba(150&comma;150&comma;150&comma;0.3); border-radius: 8px;' src='https:\/\/ftp3.syscom.mx\/usuarios\/rcovarrubias\/Control%20de%20Acceso\/Torniquetes\/2020-01-06_13-59-57.png' alt=''> <!-- Separador final --> <\/p>\n<hr style='border: 0; border-top: 1px solid rgba(150&comma; 150&comma; 150&comma; 0.3); margin: 30px 0;'> <\/div>\n","protected":false},"excerpt":{"rendered":"<p>Torniquete de Apertura para Lado Izquierdo \/ Metal \/ Con 12 Pares de Detectores IR \/ Soporta Terminal de Reconocimiento Facial<\/p>\n","protected":false},"featured_media":26399,"comment_status":"open","ping_status":"closed","template":"","meta":[],"product_brand":[],"product_cat":[758],"product_tag":[54,760,759],"class_list":{"0":"post-26400","1":"product","2":"type-product","3":"status-publish","4":"has-post-thumbnail","6":"product_cat-torniquetes-de-medio-cuerpo","7":"product_tag-hikvision","8":"product_tag-torniquetes-de-medio-cuerpo","9":"product_tag-torniquetes-y-puertas-de-cortesia","11":"first","12":"outofstock","13":"sale","14":"shipping-taxable","15":"purchasable","16":"product-type-simple"},"_links":{"self":[{"href":"https:\/\/soydeaqui.ddns.net\/pachuca\/index.php\/wp-json\/wp\/v2\/product\/26400","targetHints":{"allow":["GET"]}}],"collection":[{"href":"https:\/\/soydeaqui.ddns.net\/pachuca\/index.php\/wp-json\/wp\/v2\/product"}],"about":[{"href":"https:\/\/soydeaqui.ddns.net\/pachuca\/index.php\/wp-json\/wp\/v2\/types\/product"}],"replies":[{"embeddable":true,"href":"https:\/\/soydeaqui.ddns.net\/pachuca\/index.php\/wp-json\/wp\/v2\/comments?post=26400"}],"wp:featuredmedia":[{"embeddable":true,"href":"https:\/\/soydeaqui.ddns.net\/pachuca\/index.php\/wp-json\/wp\/v2\/media\/26399"}],"wp:attachment":[{"href":"https:\/\/soydeaqui.ddns.net\/pachuca\/index.php\/wp-json\/wp\/v2\/media?parent=26400"}],"wp:term":[{"taxonomy":"product_brand","embeddable":true,"href":"https:\/\/soydeaqui.ddns.net\/pachuca\/index.php\/wp-json\/wp\/v2\/product_brand?post=26400"},{"taxonomy":"product_cat","embeddable":true,"href":"https:\/\/soydeaqui.ddns.net\/pachuca\/index.php\/wp-json\/wp\/v2\/product_cat?post=26400"},{"taxonomy":"product_tag","embeddable":true,"href":"https:\/\/soydeaqui.ddns.net\/pachuca\/index.php\/wp-json\/wp\/v2\/product_tag?post=26400"}],"curies":[{"name":"wp","href":"https:\/\/api.w.org\/{rel}","templated":true}]}}