{"id":26285,"date":"2026-03-18T12:10:51","date_gmt":"2026-03-18T12:10:51","guid":{"rendered":"https:\/\/soydeaqui.ddns.net\/pachuca\/index.php\/producto\/sistema-automatizado-para-la-apertura-y-cierra-de-puertas-con-brazo-de-empuje-de-hasta-110-cm-100kg\/"},"modified":"2026-03-18T12:10:56","modified_gmt":"2026-03-18T12:10:56","slug":"sistema-automatizado-para-la-apertura-y-cierra-de-puertas-con-brazo-de-empuje-de-hasta-110-cm-100kg","status":"publish","type":"product","link":"https:\/\/soydeaqui.ddns.net\/pachuca\/index.php\/producto\/sistema-automatizado-para-la-apertura-y-cierra-de-puertas-con-brazo-de-empuje-de-hasta-110-cm-100kg\/","title":{"rendered":"Sistema automatizado para la apertura y cierra de puertas con Brazo de Empuje de hasta 110 cm\/ 100Kg"},"content":{"rendered":"<div style='width: 100%; max-width: 1200px; margin: 0 auto; font-family: sans-serif; line-height: 1.6; color: inherit; background-color: transparent;'>\n<div style='display: flex; flex-direction: column; gap: 30px;'>\n<div> <img style='width: 100%; height: auto; border: 1px solid rgba(150&comma;150&comma;150&comma;0.3); border-radius: 8px;' src='http:\/\/ftp3.syscom.mx\/usuarios\/fotos\/TSCOMP\/69999-dorma-kaba-logo-data.gif' alt=''> <\/p>\n<p style='margin-top: 20px; margin-bottom: 10px;'>Una manera c\u00f3moda de abrir puertas sin esfuerzo y cerrarlas de modo autom\u00e1tico.<\/p>\n<\/p><\/div>\n<div> <img style='width: 100%; height: auto; border: 1px solid rgba(150&comma;150&comma;150&comma;0.3); border-radius: 8px;' src='http:\/\/ftp3.syscom.mx\/usuarios\/ftp\/2020\/07\/17\/3864d\/Como_Seleccionar.jpg' alt=''> <\/div>\n<div>\n<h3 style='font-size: 22px; border-bottom: 2px solid currentColor; padding-bottom: 5px; margin-top: 0; color: inherit; opacity: 0.8;'>Caracter\u00edsticas t\u00e9cnicas<\/h3>\n<ul style='padding-left: 20px; font-size: 15px; color: inherit;'>\n<li style='margin-bottom: 5px;'>Para uso en puertas de hasta <1100 mm<\/li>\n<li style='margin-bottom: 5px;'><strong>Peso M\u00e1ximo de la puerta:<\/strong> 100 Kgs<\/li>\n<li style='margin-bottom: 5px;'><strong>Con brazo de empuje (abre hacia el exterior).<\/strong><\/li>\n<li style='margin-bottom: 5px;'><strong>Debe indicar si abre hacia adentro antes de ordenar ya que por default viene con brazo de apertura externa.<\/strong><\/li>\n<li style='margin-bottom: 5px;'>Tiempo de apertura (0 &#8211; 90\u00b0) ajustable: 5 a 10 seg.<\/li>\n<li style='margin-bottom: 5px;'>Tiempo de cierre (0 &#8211; 90\u00b0) ajustable: 5 a 10 seg.<\/li>\n<li style='margin-bottom: 5px;'>Tiempo de permanecer abierta la puerta ajustable: 5 a 30 seg. (en modo PowerLess).<\/li>\n<li style='margin-bottom: 5px;'>\u00c1ngulo de Apertura ajustable m\u00e1x: 110 \u00b0<\/li>\n<li style='margin-bottom: 5px;'>Alimentaci\u00f3n: 110 VCA<\/li>\n<li style='margin-bottom: 5px;'>Modo de protecci\u00f3n: IP20.<\/li>\n<li style='margin-bottom: 5px;'>Certificado CE.<\/li>\n<\/ul><\/div>\n<div>\n<h3 style='font-size: 22px; border-bottom: 2px solid currentColor; padding-bottom: 5px; margin-top: 0; color: inherit; opacity: 0.8;'>Montaje para puertas de cristal<\/h3>\n<p style='margin-bottom: 10px;'><strong>Si se utilizan con una puerta de cristal debe adicionarse un montaje para ello:<\/strong><\/p>\n<p style='margin-bottom: 10px;'>De acuerdo al <strong>espesor<\/strong> del cristal se puede optar por usar:<\/p>\n<ul style='padding-left: 20px; font-size: 15px; color: inherit;'>\n<li style='margin-bottom: 5px;'><a style='color: inherit; text-decoration: none; font-weight: bold;' href='https:\/\/www.syscom.mx\/principal\/searchcont?route=GB-7112-RCI---DORMAKABA-17247&#038;autodetect=gb71' target='_blank' rel='noopener'>GB-7112&comma;<\/a><\/li>\n<li style='margin-bottom: 5px;'><a style='color: inherit; text-decoration: none; font-weight: bold;' href='https:\/\/www.syscom.mx\/principal\/searchcont?route=GB-7134-RCI---DORMAKABA-17248&#038;autodetect=gb71' target='_blank' rel='noopener'>GB-7134&comma;<\/a><\/li>\n<li style='margin-bottom: 5px;'><a style='color: inherit; text-decoration: none; font-weight: bold;' href='https:\/\/www.syscom.mx\/principal\/searchcont?route=GB-8112-RCI---DORMAKABA-17250&#038;autodetect=gb81' target='_blank' rel='noopener'>GB-8112&comma;<\/a><\/li>\n<li style='margin-bottom: 5px;'><a style='color: inherit; text-decoration: none; font-weight: bold;' href='https:\/\/www.syscom.mx\/principal\/searchcont?route=GB-8134-RCI---DORMAKABA-17251&#038;autodetect=gb81' target='_blank' rel='noopener'>GB-8134<\/a><\/li>\n<\/ul><\/div>\n<div>\n<h3 style='font-size: 22px; border-bottom: 2px solid currentColor; padding-bottom: 5px; margin-top: 0; color: inherit; opacity: 0.8;'>Funciones del sistema<\/h3>\n<ul style='padding-left: 20px; font-size: 15px; color: inherit;'>\n<li style='margin-bottom: 5px;'><strong>PowerLess:<\/strong> Apertura de puerta manual sin esfuerzo. El cierre de la puerta sucede de modo autom\u00e1tico y se regula seg\u00fan el tiempo&comma; ajustado individualmente&comma; que debe permanecer la puerta abierta.<\/li>\n<li style='margin-bottom: 5px;'><strong>Push&#038;Go:<\/strong> Tras una apertura manual hasta 3\u00b0 se dispara la apertura autom\u00e1tica de la puerta. ED abre y cierra la puerta de forma autom\u00e1tica seg\u00fan el tiempo previamente ajustado que debe permanecer abierta.<\/li>\n<li style='margin-bottom: 5px;'><strong>PowerMotion:<\/strong> Apertura autom\u00e1tica de la puerta&comma; cierre autom\u00e1tico de la puerta en combinaci\u00f3n con cerraderos el\u00e9ctricos y generadores de impulsos externos&comma; como un bot\u00f3n. Una vez transmitido el pulso la puerta se abre tras la liberaci\u00f3n del cerrojo el\u00e9ctrico y&comma; transcurrido el tiempo de permanencia previamente ajustado&comma; se cierra de modo autom\u00e1tico.<\/li>\n<li style='margin-bottom: 5px;'><strong>PermanentOpen:<\/strong> Con esta funci\u00f3n es posible mantener la puerta abierta. Permanece as\u00ed hasta no recibir una se\u00f1al.<\/li>\n<\/ul><\/div>\n<div>\n<h3 style='font-size: 22px; border-bottom: 2px solid currentColor; padding-bottom: 5px; margin-top: 0; color: #c0392b; opacity: 0.8;'>Informaci\u00f3n importante<\/h3>\n<p style='margin-bottom: 15px;'><strong>::IMPORTANTE::<\/strong><\/p>\n<p style='margin-bottom: 15px;'>Para ordenar es necesario indicar a su ejecutivo de ventas:<\/p>\n<ul style='padding-left: 20px; font-size: 15px; color: inherit;'>\n<li style='margin-bottom: 5px;'>Ancho de la puerta a controlar.<\/li>\n<li style='margin-bottom: 5px;'>Si toma como referencia el lado donde se monta el operador&comma; la puerta va abrir hacia afuera o hacia adentro.<\/li>\n<li style='margin-bottom: 5px;'>El sentido de apertura (de que lado van las bisagras).<\/li>\n<li style='margin-bottom: 5px;'>El mecanismo ser\u00e1 adecuado a estas caracter\u00edsticas&comma; por tanto <strong>no hay cambio ni devoluciones<\/strong>.<\/li>\n<li style='margin-bottom: 5px;'><a style='color: inherit; text-decoration: none; font-weight: bold;' href='http:\/\/ftp3.syscom.mx\/usuarios\/ftp\/2020\/07\/17\/aff00\/Formulario_mecanismo.pdf' target='_blank' rel='noopener'>Deber\u00e1 llenar este formulario<\/a> y enviarlo previo a la compra.<\/li>\n<li style='margin-bottom: 5px;'><span style='color: #c0392b;'><strong>ESTE PRODUCTO REQUIERE CERTIFICACI\u00d3N PARA SU INSTALACI\u00d3N<\/strong><\/span><\/li>\n<li style='margin-bottom: 5px;'><span style='color: #c0392b;'><strong>Si no cuenta con certificaci\u00f3n cualquier asesor\u00eda o revisi\u00f3n generar\u00e1 costo sujeto a cambios.<\/strong><\/span><\/li>\n<\/ul><\/div>\n<div>\n<p style='margin: 0;'><strong>Producto sobre pedido<\/strong><\/p>\n<\/p><\/div>\n<\/p><\/div>\n<\/p><\/div>\n","protected":false},"excerpt":{"rendered":"<p>Sistema automatizado para la apertura y cierra de puertas con Brazo de Empuje de hasta 110 cm\/ 100Kg<\/p>\n","protected":false},"featured_media":26284,"comment_status":"open","ping_status":"closed","template":"","meta":[],"product_brand":[],"product_cat":[815],"product_tag":[93,816,480],"class_list":{"0":"post-26285","1":"product","2":"type-product","3":"status-publish","4":"has-post-thumbnail","6":"product_cat-cierrapuertas","7":"product_tag-accesorios","8":"product_tag-cierrapuertas","9":"product_tag-dormakaba","11":"first","12":"outofstock","13":"sale","14":"shipping-taxable","15":"purchasable","16":"product-type-simple"},"_links":{"self":[{"href":"https:\/\/soydeaqui.ddns.net\/pachuca\/index.php\/wp-json\/wp\/v2\/product\/26285","targetHints":{"allow":["GET"]}}],"collection":[{"href":"https:\/\/soydeaqui.ddns.net\/pachuca\/index.php\/wp-json\/wp\/v2\/product"}],"about":[{"href":"https:\/\/soydeaqui.ddns.net\/pachuca\/index.php\/wp-json\/wp\/v2\/types\/product"}],"replies":[{"embeddable":true,"href":"https:\/\/soydeaqui.ddns.net\/pachuca\/index.php\/wp-json\/wp\/v2\/comments?post=26285"}],"wp:featuredmedia":[{"embeddable":true,"href":"https:\/\/soydeaqui.ddns.net\/pachuca\/index.php\/wp-json\/wp\/v2\/media\/26284"}],"wp:attachment":[{"href":"https:\/\/soydeaqui.ddns.net\/pachuca\/index.php\/wp-json\/wp\/v2\/media?parent=26285"}],"wp:term":[{"taxonomy":"product_brand","embeddable":true,"href":"https:\/\/soydeaqui.ddns.net\/pachuca\/index.php\/wp-json\/wp\/v2\/product_brand?post=26285"},{"taxonomy":"product_cat","embeddable":true,"href":"https:\/\/soydeaqui.ddns.net\/pachuca\/index.php\/wp-json\/wp\/v2\/product_cat?post=26285"},{"taxonomy":"product_tag","embeddable":true,"href":"https:\/\/soydeaqui.ddns.net\/pachuca\/index.php\/wp-json\/wp\/v2\/product_tag?post=26285"}],"curies":[{"name":"wp","href":"https:\/\/api.w.org\/{rel}","templated":true}]}}