{"id":26101,"date":"2026-03-18T12:07:09","date_gmt":"2026-03-18T12:07:09","guid":{"rendered":"https:\/\/soydeaqui.ddns.net\/pachuca\/index.php\/producto\/conector-para-manguera-led\/"},"modified":"2026-03-18T12:07:11","modified_gmt":"2026-03-18T12:07:11","slug":"conector-para-manguera-led","status":"publish","type":"product","link":"https:\/\/soydeaqui.ddns.net\/pachuca\/index.php\/producto\/conector-para-manguera-led\/","title":{"rendered":"CONECTOR PARA MANGUERA LED"},"content":{"rendered":"<div style='width: 100%; max-width: 1200px; margin: 0 auto; font-family: sans-serif; line-height: 1.6; color: inherit; background-color: transparent;'> <!-- Secci\u00f3n de caracter\u00edsticas principales --> <\/p>\n<div style='display: flex; flex-wrap: wrap; gap: 30px; margin-bottom: 30px;'>\n<div style='flex: 1 1 300px; min-width: 280px;'>\n<h3 style='font-size: 22px; border-bottom: 2px solid currentColor; padding-bottom: 5px; margin-top: 0; color: inherit; opacity: 0.8;'>Caracter\u00edsticas T\u00e9cnicas<\/h3>\n<ul style='padding-left: 20px; font-size: 15px; color: inherit;'>\n<li style='margin-bottom: 5px;'><strong>Tensi\u00f3n de alimentaci\u00f3n:<\/strong> 230 V~ (\u00b16% -10%) o 115 V~ (\u00b16% -10%) a 50\/60 Hz<\/li>\n<li style='margin-bottom: 5px;'><strong>Potencia absorbida:<\/strong> 7 W<\/li>\n<li style='margin-bottom: 5px;'><strong>Carga m\u00e1xima del motor:<\/strong> 300 W<\/li>\n<li style='margin-bottom: 5px;'><strong>Alimentaci\u00f3n accesorios:<\/strong> 24 Vdc<\/li>\n<li style='margin-bottom: 5px;'><strong>Corriente m\u00e1xima accesorios:<\/strong> 500 mA<\/li>\n<li style='margin-bottom: 5px;'><strong>Temperatura de funcionamiento:<\/strong> -20\u00b0C a +55\u00b0C<\/li>\n<li style='margin-bottom: 5px;'><strong>Fusibles:<\/strong> F1 = F 5A &#8211; 250V \/ F2 = T 0&comma;8A &#8211; 250V o F1 = F 10A &#8211; 120V \/ F2 = T 0&comma;8A &#8211; 120V seg\u00fan versi\u00f3n<\/li>\n<li style='margin-bottom: 5px;'><strong>Tiempo de trabajo:<\/strong> Programable de 0 a 4 minutos<\/li>\n<li style='margin-bottom: 5px;'><strong>Tiempo de pausa:<\/strong> Programable de 0 a 4 minutos<\/li>\n<li style='margin-bottom: 5px;'><strong>Fuerza del motor:<\/strong> Programable en 50 niveles<\/li>\n<\/ul><\/div>\n<div style='flex: 1 1 300px; min-width: 280px;'>\n<h3 style='font-size: 22px; border-bottom: 2px solid currentColor; padding-bottom: 5px; margin-top: 0; color: inherit; opacity: 0.8;'>Caracter\u00edsticas Adicionales<\/h3>\n<ul style='padding-left: 20px; font-size: 15px; color: inherit;'>\n<li style='margin-bottom: 5px;'><strong>Programaci\u00f3n:<\/strong> 3 niveles para mayor flexibilidad<\/li>\n<li style='margin-bottom: 5px;'><strong>Conector r\u00e1pido:<\/strong> Acoplamiento tarjeta de 5 pines Minidec&comma; Decoder&comma; Receptor&comma; RP\/RP2<\/li>\n<li style='margin-bottom: 5px;'><strong>Salidas programables:<\/strong> 4 salidas programables en 18 funciones diferentes<\/li>\n<li style='margin-bottom: 5px;'><strong>Gesti\u00f3n:<\/strong> Deceleraciones&comma; pantalla multifunci\u00f3n&comma; tecnolog\u00eda BUS y detector de masas met\u00e1licas incorporado<\/li>\n<li style='margin-bottom: 5px;'><strong>Protecci\u00f3n:<\/strong> Conexi\u00f3n a tierra obligatoria&comma; separaci\u00f3n de cables de alimentaci\u00f3n y mando<\/li>\n<li style='margin-bottom: 5px;'><strong>Seguridad:<\/strong> Dispositivo antiaplastamiento por control de par&comma; conformidad con normas EN 12978<\/li>\n<li style='margin-bottom: 5px;'><strong>Conformidad:<\/strong> Cumple directivas CEE 2006\/95\/CE (Baja Tensi\u00f3n) y 2004\/108\/CE (Compatibilidad Electromagn\u00e9tica)<\/li>\n<\/ul><\/div>\n<\/p><\/div>\n<p> <!-- Secci\u00f3n de conexiones el\u00e9ctricas --> <\/p>\n<div style='margin-bottom: 30px;'>\n<h3 style='font-size: 22px; border-bottom: 2px solid currentColor; padding-bottom: 5px; margin-top: 0; color: inherit; opacity: 0.8;'>Conexiones El\u00e9ctricas<\/h3>\n<p style='font-size: 15px; color: inherit; margin-bottom: 15px;'>Conexiones disponibles:<\/p>\n<ul style='padding-left: 20px; font-size: 15px; color: inherit;'>\n<li style='margin-bottom: 5px;'><strong>J1:<\/strong> Regleta de bornes baja tensi\u00f3n (accesorios)<\/li>\n<li style='margin-bottom: 5px;'><strong>J2:<\/strong> Conexi\u00f3n motor&comma; destellador y ventilador<\/li>\n<li style='margin-bottom: 5px;'><strong>J3:<\/strong> Acoplamiento r\u00e1pido final de carrera de apertura<\/li>\n<li style='margin-bottom: 5px;'><strong>J5:<\/strong> Acoplamiento r\u00e1pido final de carrera de cierre<\/li>\n<li style='margin-bottom: 5px;'><strong>J6:<\/strong> Sensor de empuje barra<\/li>\n<li style='margin-bottom: 5px;'><strong>J8:<\/strong> Condensador de arranque del motor<\/li>\n<li style='margin-bottom: 5px;'><strong>J9:<\/strong> Regleta de bornes para alimentaci\u00f3n 230 VAC<\/li>\n<li style='margin-bottom: 5px;'><strong>J4:<\/strong> Acoplamiento Minidec&comma; Decoder y RP<\/li>\n<\/ul><\/div>\n<p> <!-- Secci\u00f3n de componentes --> <\/p>\n<div style='margin-bottom: 30px;'>\n<h3 style='font-size: 22px; border-bottom: 2px solid currentColor; padding-bottom: 5px; margin-top: 0; color: inherit; opacity: 0.8;'>Descripci\u00f3n de Componentes<\/h3>\n<ul style='padding-left: 20px; font-size: 15px; color: inherit;'>\n<li style='margin-bottom: 5px;'><strong>DL:<\/strong> Pantalla de se\u00f1alizaci\u00f3n y programaci\u00f3n<\/li>\n<li style='margin-bottom: 5px;'><strong>DIODOS:<\/strong> Control del estado de las entradas<\/li>\n<li style='margin-bottom: 5px;'><strong>DS1:<\/strong> Selector de frecuencias Loop 1 y Loop 2<\/li>\n<li style='margin-bottom: 5px;'><strong>F1:<\/strong> Fusible para motores y primario del transformador<\/li>\n<li style='margin-bottom: 5px;'><strong>F2:<\/strong> Fusible para baja tensi\u00f3n y accesorios<\/li>\n<li style='margin-bottom: 5px;'><strong>Pulsadores:<\/strong> F (programaci\u00f3n)&comma; + (incremento)&comma; &#8211; (decremento)<\/li>\n<li style='margin-bottom: 5px;'><strong>TF1:<\/strong> Transformador<\/li>\n<\/ul><\/div>\n<p> <!-- Secci\u00f3n de programaci\u00f3n --> <\/p>\n<div style='margin-bottom: 30px;'>\n<h3 style='font-size: 22px; border-bottom: 2px solid currentColor; padding-bottom: 5px; margin-top: 0; color: inherit; opacity: 0.8;'>Niveles de Programaci\u00f3n<\/h3>\n<ul style='padding-left: 20px; font-size: 15px; color: inherit;'>\n<li style='margin-bottom: 5px;'><strong>1\u00b0 Nivel:<\/strong> Programaci\u00f3n b\u00e1sica<\/li>\n<li style='margin-bottom: 5px;'><strong>2\u00b0 Nivel:<\/strong> Modificaci\u00f3n de pre-configuraci\u00f3n y configuraci\u00f3n de salidas<\/li>\n<li style='margin-bottom: 5px;'><strong>3\u00b0 Nivel:<\/strong> Programaci\u00f3n avanzada de l\u00f3gica de pre-ajuste<\/li>\n<li style='margin-bottom: 5px;'><strong>Configuraci\u00f3n Loop Detector:<\/strong> Ajuste del detector de frecuencia DS1<\/li>\n<\/ul><\/div>\n<p> <!-- Secci\u00f3n de seguridad --> <\/p>\n<div style='margin-bottom: 30px;'>\n<h3 style='font-size: 22px; border-bottom: 2px solid currentColor; padding-bottom: 5px; margin-top: 0; color: inherit; opacity: 0.8;'>Advertencias de Seguridad<\/h3>\n<ul style='padding-left: 20px; font-size: 15px; color: inherit;'>\n<li style='margin-bottom: 5px;'>Desconectar la alimentaci\u00f3n el\u00e9ctrica antes de cualquier intervenci\u00f3n<\/li>\n<li style='margin-bottom: 5px;'>Colocar interruptor omnipolar con apertura de contactos \u2265 3 mm<\/li>\n<li style='margin-bottom: 5px;'>Conectar correctamente el cable de tierra a la masa<\/li>\n<li style='margin-bottom: 5px;'>Separar cables de alimentaci\u00f3n de cables de mando y seguridad<\/li>\n<li style='margin-bottom: 5px;'>Evitar interferencias el\u00e9ctricas usando vainas separadas o cable blindado<\/li>\n<li style='margin-bottom: 5px;'>Comprobar peri\u00f3dicamente el funcionamiento del sistema y dispositivos de seguridad<\/li>\n<li style='margin-bottom: 5px;'>No utilizar componentes no originales FAAC<\/li>\n<li style='margin-bottom: 5px;'>No modificar componentes del sistema de automatismo<\/li>\n<li style='margin-bottom: 5px;'>Mantenimiento semestral obligatorio<\/li>\n<\/ul><\/div>\n<p> <!-- Secci\u00f3n de compatibilidad --> <\/p>\n<div style='margin-bottom: 30px;'>\n<h3 style='font-size: 22px; border-bottom: 2px solid currentColor; padding-bottom: 5px; margin-top: 0; color: inherit; opacity: 0.8;'>Normas de Instalaci\u00f3n<\/h3>\n<ul style='padding-left: 20px; font-size: 15px; color: inherit;'>\n<li style='margin-bottom: 5px;'>Instalaci\u00f3n debe seguir normas EN 12453 y EN 12445<\/li>\n<li style='margin-bottom: 5px;'>Elementos mec\u00e1nicos deben cumplir normas EN 12604 y EN 12605<\/li>\n<li style='margin-bottom: 5px;'>Para pa\u00edses extracomunitarios&comma; seguir legislaci\u00f3n local y normativas mencionadas<\/li>\n<li style='margin-bottom: 5px;'>Sistema debe incluir se\u00f1alizaci\u00f3n luminosa y cartel informativo<\/li>\n<\/ul><\/div>\n<p> <!-- Secci\u00f3n de declaraciones --> <\/p>\n<div style='margin-bottom: 30px;'>\n<h3 style='font-size: 22px; border-bottom: 2px solid currentColor; padding-bottom: 5px; margin-top: 0; color: inherit; opacity: 0.8;'>Declaraci\u00f3n de Conformidad<\/h3>\n<p style='font-size: 15px; color: inherit; margin-bottom: 15px;'>El equipo electr\u00f3nico 624BLD cumple con:<\/p>\n<ul style='padding-left: 20px; font-size: 15px; color: inherit;'>\n<li style='margin-bottom: 5px;'>Directiva 2006\/95\/CE (Baja Tensi\u00f3n)<\/li>\n<li style='margin-bottom: 5px;'>Directiva 2004\/108\/CE (Compatibilidad Electromagn\u00e9tica)<\/li>\n<\/ul>\n<p style='font-size: 15px; color: inherit; margin-top: 15px;'>Nota: El producto ha sido sometido a ensayos en configuraci\u00f3n t\u00edpica homog\u00e9nea con productos FAAC.<\/p>\n<\/p><\/div>\n<p> <!-- Secci\u00f3n de conectores --> <\/p>\n<div style='margin-bottom: 30px;'>\n<h3 style='font-size: 22px; border-bottom: 2px solid currentColor; padding-bottom: 5px; margin-top: 0; color: inherit; opacity: 0.8;'>Conectores y Terminales<\/h3>\n<div style='display: flex; flex-wrap: wrap; gap: 20px;'>\n<div style='flex: 1 1 250px; border: 1px solid rgba(150&comma; 150&comma; 150&comma; 0.4); border-radius: 8px; overflow: hidden; display: flex; flex-direction: column;'>\n<div style='padding: 15px; border-bottom: 1px solid rgba(150&comma; 150&comma; 150&comma; 0.2); font-weight: bold; font-size: 18px; color: inherit;'>J1 &#8211; Accesorios<\/div>\n<div style='padding: 15px; color: inherit;'>\n<ul style='padding-left: 20px; margin: 0; font-size: 14px; list-style-type: disc;'>\n<li style='margin-bottom: 5px;'>LOOP 1 &#8211; Espira magn\u00e9tica APERTURA<\/li>\n<li style='margin-bottom: 5px;'>LOOP 2 &#8211; Espira magn\u00e9tica SEGURIDAD\/CIERRE<\/li>\n<li style='margin-bottom: 5px;'>OPEN &#8211; Mando de apertura (N.A.)<\/li>\n<li style='margin-bottom: 5px;'>CLOSE &#8211; Mando de cierre (N.A.)<\/li>\n<li style='margin-bottom: 5px;'>FSW &#8211; Dispositivo de seguridad en cierre (N.C.)<\/li>\n<li style='margin-bottom: 5px;'>STOP &#8211; Dispositivo de parada (N.C.)<\/li>\n<li style='margin-bottom: 5px;'>EMERGENCY &#8211; Dispositivo de emergencia (N.C.)<\/li>\n<li style='margin-bottom: 5px;'>GND &#8211; Negativo alimentaci\u00f3n accesorios<\/li>\n<li style='margin-bottom: 5px;'>24 Vdc &#8211; Positivo alimentaci\u00f3n accesorios<\/li>\n<li style='margin-bottom: 5px;'>OUT 1-3 &#8211; Salidas programables<\/li>\n<\/ul><\/div>\n<\/p><\/div>\n<div style='flex: 1 1 250px; border: 1px solid rgba(150&comma; 150&comma; 150&comma; 0.4); border-radius: 8px; overflow: hidden; display: flex; flex-direction: column;'>\n<div style='padding: 15px; border-bottom: 1px solid rgba(150&comma; 150&comma; 150&comma; 0.2); font-weight: bold; font-size: 18px; color: inherit;'>J2 &#8211; Motor&comma; Destellador y Ventilador<\/div>\n<div style='padding: 15px; color: inherit;'>\n<ul style='padding-left: 20px; margin: 0; font-size: 14px; list-style-type: disc;'>\n<li style='margin-bottom: 5px;'>Conexi\u00f3n para motor<\/li>\n<li style='margin-bottom: 5px;'>Conexi\u00f3n para destellador<\/li>\n<li style='margin-bottom: 5px;'>Conexi\u00f3n para ventilador<\/li>\n<li style='margin-bottom: 5px;'>M\u00e1xima potencia: 60W<\/li>\n<\/ul><\/div>\n<\/p><\/div>\n<div style='flex: 1 1 250px; border: 1px solid rgba(150&comma; 150&comma; 150&comma; 0.4); border-radius: 8px; overflow: hidden; display: flex; flex-direction: column;'>\n<div style='padding: 15px; border-bottom: 1px solid rgba(150&comma; 150&comma; 150&comma; 0.2); font-weight: bold; font-size: 18px; color: inherit;'>J9 &#8211; Alimentaci\u00f3n<\/div>\n<div style='padding: 15px; color: inherit;'>\n<ul style='padding-left: 20px; margin: 0; font-size: 14px; list-style-type: disc;'>\n<li style='margin-bottom: 5px;'>Alimentaci\u00f3n principal 230 VAC<\/li>\n<li style='margin-bottom: 5px;'>Conexi\u00f3n para neutro<\/li>\n<li style='margin-bottom: 5px;'>Conexi\u00f3n para tierra<\/li>\n<li style='margin-bottom: 5px;'>Conexi\u00f3n para fase<\/li>\n<\/ul><\/div>\n<\/p><\/div>\n<\/p><\/div>\n<\/p><\/div>\n<p> <!-- Secci\u00f3n de programaci\u00f3n detallada --> <\/p>\n<div style='margin-bottom: 30px;'>\n<h3 style='font-size: 22px; border-bottom: 2px solid currentColor; padding-bottom: 5px; margin-top: 0; color: inherit; opacity: 0.8;'>Detalles de Programaci\u00f3n<\/h3>\n<div style='display: flex; flex-wrap: wrap; gap: 20px;'>\n<div style='flex: 1 1 250px; border: 1px solid rgba(150&comma; 150&comma; 150&comma; 0.4); border-radius: 8px; overflow: hidden; display: flex; flex-direction: column;'>\n<div style='padding: 15px; border-bottom: 1px solid rgba(150&comma; 150&comma; 150&comma; 0.2); font-weight: bold; font-size: 18px; color: inherit;'>Nivel 1<\/div>\n<div style='padding: 15px; color: inherit;'>\n<ul style='padding-left: 20px; margin: 0; font-size: 14px; list-style-type: disc;'>\n<li style='margin-bottom: 5px;'>Programaci\u00f3n b\u00e1sica del automatismo<\/li>\n<li style='margin-bottom: 5px;'>Configuraci\u00f3n de par\u00e1metros iniciales<\/li>\n<li style='margin-bottom: 5px;'>Ajuste de tiempos de trabajo y pausa<\/li>\n<\/ul><\/div>\n<\/p><\/div>\n<div style='flex: 1 1 250px; border: 1px solid rgba(150&comma; 150&comma; 150&comma; 0.4); border-radius: 8px; overflow: hidden; display: flex; flex-direction: column;'>\n<div style='padding: 15px; border-bottom: 1px solid rgba(150&comma; 150&comma; 150&comma; 0.2); font-weight: bold; font-size: 18px; color: inherit;'>Nivel 2<\/div>\n<div style='padding: 15px; color: inherit;'>\n<ul style='padding-left: 20px; margin: 0; font-size: 14px; list-style-type: disc;'>\n<li style='margin-bottom: 5px;'>Modificaci\u00f3n de pre-configuraci\u00f3n<\/li>\n<li style='margin-bottom: 5px;'>Configuraci\u00f3n de salidas programables<\/li>\n<li style='margin-bottom: 5px;'>Control del sistema BUS<\/li>\n<\/ul><\/div>\n<\/p><\/div>\n<div style='flex: 1 1 250px; border: 1px solid rgba(150&comma; 150&comma; 150&comma; 0.4); border-radius: 8px; overflow: hidden; display: flex; flex-direction: column;'>\n<div style='padding: 15px; border-bottom: 1px solid rgba(150&comma; 150&comma; 150&comma; 0.2); font-weight: bold; font-size: 18px; color: inherit;'>Nivel 3<\/div>\n<div style='padding: 15px; color: inherit;'>\n<ul style='padding-left: 20px; margin: 0; font-size: 14px; list-style-type: disc;'>\n<li style='margin-bottom: 5px;'>Programaci\u00f3n avanzada de l\u00f3gica de pre-ajuste<\/li>\n<li style='margin-bottom: 5px;'>Configuraci\u00f3n detallada de par\u00e1metros<\/li>\n<li style='margin-bottom: 5px;'>Ajuste de configuraciones maestras<\/li>\n<\/ul><\/div>\n<\/p><\/div>\n<\/p><\/div>\n<\/p><\/div>\n<p> <!-- Separador --> <\/p>\n<hr style='border: 0; border-top: 1px solid rgba(150&comma; 150&comma; 150&comma; 0.3); margin: 30px 0;'> <\/div>\n","protected":false},"excerpt":{"rendered":"<p>CONECTOR PARA MANGUERA LED<\/p>\n","protected":false},"featured_media":26100,"comment_status":"open","ping_status":"closed","template":"","meta":[],"product_brand":[],"product_cat":[777],"product_tag":[401,93,778],"class_list":{"0":"post-26101","1":"product","2":"type-product","3":"status-publish","4":"has-post-thumbnail","6":"product_cat-accesorios-acceso-vehicular","7":"product_tag-acceso-vehicular","8":"product_tag-accesorios","9":"product_tag-faac","11":"first","12":"outofstock","13":"sale","14":"shipping-taxable","15":"purchasable","16":"product-type-simple"},"_links":{"self":[{"href":"https:\/\/soydeaqui.ddns.net\/pachuca\/index.php\/wp-json\/wp\/v2\/product\/26101","targetHints":{"allow":["GET"]}}],"collection":[{"href":"https:\/\/soydeaqui.ddns.net\/pachuca\/index.php\/wp-json\/wp\/v2\/product"}],"about":[{"href":"https:\/\/soydeaqui.ddns.net\/pachuca\/index.php\/wp-json\/wp\/v2\/types\/product"}],"replies":[{"embeddable":true,"href":"https:\/\/soydeaqui.ddns.net\/pachuca\/index.php\/wp-json\/wp\/v2\/comments?post=26101"}],"wp:featuredmedia":[{"embeddable":true,"href":"https:\/\/soydeaqui.ddns.net\/pachuca\/index.php\/wp-json\/wp\/v2\/media\/26100"}],"wp:attachment":[{"href":"https:\/\/soydeaqui.ddns.net\/pachuca\/index.php\/wp-json\/wp\/v2\/media?parent=26101"}],"wp:term":[{"taxonomy":"product_brand","embeddable":true,"href":"https:\/\/soydeaqui.ddns.net\/pachuca\/index.php\/wp-json\/wp\/v2\/product_brand?post=26101"},{"taxonomy":"product_cat","embeddable":true,"href":"https:\/\/soydeaqui.ddns.net\/pachuca\/index.php\/wp-json\/wp\/v2\/product_cat?post=26101"},{"taxonomy":"product_tag","embeddable":true,"href":"https:\/\/soydeaqui.ddns.net\/pachuca\/index.php\/wp-json\/wp\/v2\/product_tag?post=26101"}],"curies":[{"name":"wp","href":"https:\/\/api.w.org\/{rel}","templated":true}]}}