{"id":26059,"date":"2026-03-18T12:06:20","date_gmt":"2026-03-18T12:06:20","guid":{"rendered":"https:\/\/soydeaqui.ddns.net\/pachuca\/index.php\/producto\/cierrapuertas-ts-73-v-diseno-anti-corrosion\/"},"modified":"2026-03-18T12:06:21","modified_gmt":"2026-03-18T12:06:21","slug":"cierrapuertas-ts-73-v-diseno-anti-corrosion","status":"publish","type":"product","link":"https:\/\/soydeaqui.ddns.net\/pachuca\/index.php\/producto\/cierrapuertas-ts-73-v-diseno-anti-corrosion\/","title":{"rendered":"Cierrapuertas TS 73 V\/ Dise\u00f1o Anti Corrosi\u00f3n"},"content":{"rendered":"<div style='width: 100%; max-width: 1200px; margin: 0 auto; font-family: sans-serif; line-height: 1.6; color: inherit; background-color: transparent;'>\n<div style='display: flex; flex-wrap: wrap; gap: 30px; margin-bottom: 30px;'>\n<div style='flex: 1 1 300px; min-width: 280px;'> <img style='width: 100%; height: auto; border: 1px solid rgba(150&comma;150&comma;150&comma;0.3); border-radius: 8px;' src='http:\/\/ftp3.syscom.mx\/usuarios\/fotos\/TSCOMP\/69999-dorma-kaba-logo-data.gif' alt=''> <\/p>\n<p style='font-size: 15px; margin-top: 20px; margin-bottom: 10px; color: inherit;'>Dise\u00f1ado especialmente para puertas interiores&comma; incluyendo puertas cortafuego&comma; el cierrapuertas TS 73 V es una soluci\u00f3n universal para puertas de diferente dise\u00f1o y estilo. El formato estrecho y compacto del TS 73 V permite que no haya pr\u00e1cticamente ning\u00fan problema en la instalaci\u00f3n. Su calidad probada y de confianza garantiza su fiabilidad.<\/p>\n<p style='font-size: 15px; margin-top: 10px; margin-bottom: 10px; color: inherit;'>Fabricaci\u00f3n de producto certificada seg\u00fan ISO 9001.<\/p>\n<\/p><\/div>\n<div style='flex: 1 1 300px; min-width: 280px;'>\n<div style='display: flex; flex-direction: column; gap: 15px;'>\n<div style='border: 1px solid rgba(150&comma; 150&comma; 150&comma; 0.4); border-radius: 8px; padding: 15px; color: inherit;'>\n<h4 style='margin-top: 0; margin-bottom: 10px; font-size: 18px; color: inherit; opacity: 0.8;'>Caracter\u00edsticas Principales<\/h4>\n<ul style='padding-left: 20px; margin: 0; font-size: 14px; list-style-type: disc; color: inherit;'>\n<li style='margin-bottom: 5px; color: inherit;'>Un modelo para todas las aplicaciones<\/li>\n<li style='margin-bottom: 5px; color: inherit;'>Para puertas de hasta 1100 mm de ancho<\/li>\n<li style='margin-bottom: 5px; color: inherit;'>Para puertas de simple y doble hoja<\/li>\n<li style='margin-bottom: 5px; color: inherit;'>Instalaci\u00f3n r\u00e1pida y sencilla<\/li>\n<li style='margin-bottom: 5px; color: inherit;'>Dise\u00f1o anti-corrosi\u00f3n para \u00e1reas sombr\u00edas y h\u00famedas<\/li>\n<\/ul><\/div>\n<\/p><\/div>\n<\/p><\/div>\n<\/p><\/div>\n<\/p><\/div>\n","protected":false},"excerpt":{"rendered":"<p>Cierrapuertas TS 73 V\/ Dise\u00f1o Anti Corrosi\u00f3n<\/p>\n","protected":false},"featured_media":26058,"comment_status":"open","ping_status":"closed","template":"","meta":[],"product_brand":[],"product_cat":[815],"product_tag":[93,816,480],"class_list":{"0":"post-26059","1":"product","2":"type-product","3":"status-publish","4":"has-post-thumbnail","6":"product_cat-cierrapuertas","7":"product_tag-accesorios","8":"product_tag-cierrapuertas","9":"product_tag-dormakaba","11":"first","12":"outofstock","13":"sale","14":"shipping-taxable","15":"purchasable","16":"product-type-simple"},"_links":{"self":[{"href":"https:\/\/soydeaqui.ddns.net\/pachuca\/index.php\/wp-json\/wp\/v2\/product\/26059","targetHints":{"allow":["GET"]}}],"collection":[{"href":"https:\/\/soydeaqui.ddns.net\/pachuca\/index.php\/wp-json\/wp\/v2\/product"}],"about":[{"href":"https:\/\/soydeaqui.ddns.net\/pachuca\/index.php\/wp-json\/wp\/v2\/types\/product"}],"replies":[{"embeddable":true,"href":"https:\/\/soydeaqui.ddns.net\/pachuca\/index.php\/wp-json\/wp\/v2\/comments?post=26059"}],"wp:featuredmedia":[{"embeddable":true,"href":"https:\/\/soydeaqui.ddns.net\/pachuca\/index.php\/wp-json\/wp\/v2\/media\/26058"}],"wp:attachment":[{"href":"https:\/\/soydeaqui.ddns.net\/pachuca\/index.php\/wp-json\/wp\/v2\/media?parent=26059"}],"wp:term":[{"taxonomy":"product_brand","embeddable":true,"href":"https:\/\/soydeaqui.ddns.net\/pachuca\/index.php\/wp-json\/wp\/v2\/product_brand?post=26059"},{"taxonomy":"product_cat","embeddable":true,"href":"https:\/\/soydeaqui.ddns.net\/pachuca\/index.php\/wp-json\/wp\/v2\/product_cat?post=26059"},{"taxonomy":"product_tag","embeddable":true,"href":"https:\/\/soydeaqui.ddns.net\/pachuca\/index.php\/wp-json\/wp\/v2\/product_tag?post=26059"}],"curies":[{"name":"wp","href":"https:\/\/api.w.org\/{rel}","templated":true}]}}