{"id":26024,"date":"2026-03-18T12:05:39","date_gmt":"2026-03-18T12:05:39","guid":{"rendered":"https:\/\/soydeaqui.ddns.net\/pachuca\/index.php\/producto\/certificacion-control-de-acceso-avanzado-integracion-de-proyectos-rosslare\/"},"modified":"2026-03-18T12:05:39","modified_gmt":"2026-03-18T12:05:39","slug":"certificacion-control-de-acceso-avanzado-integracion-de-proyectos-rosslare","status":"publish","type":"product","link":"https:\/\/soydeaqui.ddns.net\/pachuca\/index.php\/producto\/certificacion-control-de-acceso-avanzado-integracion-de-proyectos-rosslare\/","title":{"rendered":"Certificaci\u00f3n Control de Acceso Avanzado Integraci\u00f3n de Proyectos- Rosslare"},"content":{"rendered":"<div style='width: 100%; max-width: 1200px; margin: 0 auto; font-family: sans-serif; line-height: 1.6; color: inherit; background-color: transparent;'>\n<div style='display: flex; flex-wrap: wrap; gap: 30px; margin-bottom: 30px;'>\n<div style='flex: 1 1 300px; min-width: 280px;'>\n<h3 style='font-size: 22px; border-bottom: 2px solid currentColor; padding-bottom: 5px; margin-top: 0; color: inherit; opacity: 0.8;'>Temario<\/h3>\n<ul style='padding-left: 20px; font-size: 15px; color: inherit;'>\n<li style='margin-bottom: 5px;'>Introducci\u00f3n al Control de Acceso<\/li>\n<li style='margin-bottom: 5px;'><strong>Dispositivos de un Control de Acceso Electr\u00f3nico<\/strong> (accesorios requeridos para cada situaci\u00f3n)<\/li>\n<ul style='padding-left: 30px; margin-top: 5px; margin-bottom: 15px;'>\n<li style='margin-bottom: 5px;'>Chapas electromagn\u00e9ticas<\/li>\n<li style='margin-bottom: 5px;'>Contrachapas el\u00e9ctricas<\/li>\n<li style='margin-bottom: 5px;'>Cerraduras de perno<\/li>\n<li style='margin-bottom: 5px;'>Cerraduras especiales<\/li>\n<\/ul>\n<li style='margin-bottom: 5px;'><strong>Dispositivos para el Control de la Apertura de Puertas.<\/strong> Consideraciones para su instalaci\u00f3n<\/li>\n<li style='margin-bottom: 5px;'><em><strong>Conexi\u00f3n de Dispositivos con teclados&comma; cerraduras o chapas y botones de salida<\/strong><\/em><\/li>\n<li style='margin-bottom: 5px;'><strong>Conceptos de Comunicaci\u00f3n en Control de Acceso.<\/strong> Requerimientos de hardware y software<\/li>\n<li style='margin-bottom: 5px;'>Tecnolog\u00edas de Identificaci\u00f3n. (caracter\u00edsticas de uso y ventajas de cada tecnolog\u00eda)<\/li>\n<ul style='padding-left: 30px; margin-top: 5px; margin-bottom: 15px;'>\n<li style='margin-bottom: 5px;'>Lectores de huellas<\/li>\n<li style='margin-bottom: 5px;'>Lectores Faciales<\/li>\n<\/ul>\n<li style='margin-bottom: 5px;'>Instalaci\u00f3n completa de los Sistemas de Acceso<\/li>\n<li style='margin-bottom: 5px;'><strong>Opciones de Control de Flujo y Control de Acceso Vehicular.<\/strong><\/li>\n<ul style='padding-left: 30px; margin-top: 5px; margin-bottom: 15px;'>\n<li style='margin-bottom: 5px;'>Torniquetes<\/li>\n<li style='margin-bottom: 5px;'>Barreras vehiculares<\/li>\n<li style='margin-bottom: 5px;'>Lectores de Uso Vehicular<\/li>\n<\/ul>\n<li style='margin-bottom: 5px;'>Consideraciones para la selecci\u00f3n de un Sistema de Control de Acceso<\/li>\n<\/ul><\/div>\n<\/p><\/div>\n<\/p><\/div>\n","protected":false},"excerpt":{"rendered":"<p>Certificaci\u00f3n Control de Acceso Avanzado Integraci\u00f3n de Proyectos- Rosslare<\/p>\n","protected":false},"featured_media":32,"comment_status":"open","ping_status":"closed","template":"","meta":[],"product_brand":[],"product_cat":[752],"product_tag":[93,753,63],"class_list":{"0":"post-26024","1":"product","2":"type-product","3":"status-publish","4":"has-post-thumbnail","6":"product_cat-mobiliario-de-apoyo","7":"product_tag-accesorios","8":"product_tag-mobiliario-de-apoyo","9":"product_tag-syscom","11":"first","12":"outofstock","13":"sale","14":"shipping-taxable","15":"purchasable","16":"product-type-simple"},"_links":{"self":[{"href":"https:\/\/soydeaqui.ddns.net\/pachuca\/index.php\/wp-json\/wp\/v2\/product\/26024","targetHints":{"allow":["GET"]}}],"collection":[{"href":"https:\/\/soydeaqui.ddns.net\/pachuca\/index.php\/wp-json\/wp\/v2\/product"}],"about":[{"href":"https:\/\/soydeaqui.ddns.net\/pachuca\/index.php\/wp-json\/wp\/v2\/types\/product"}],"replies":[{"embeddable":true,"href":"https:\/\/soydeaqui.ddns.net\/pachuca\/index.php\/wp-json\/wp\/v2\/comments?post=26024"}],"wp:featuredmedia":[{"embeddable":true,"href":"https:\/\/soydeaqui.ddns.net\/pachuca\/index.php\/wp-json\/wp\/v2\/media\/32"}],"wp:attachment":[{"href":"https:\/\/soydeaqui.ddns.net\/pachuca\/index.php\/wp-json\/wp\/v2\/media?parent=26024"}],"wp:term":[{"taxonomy":"product_brand","embeddable":true,"href":"https:\/\/soydeaqui.ddns.net\/pachuca\/index.php\/wp-json\/wp\/v2\/product_brand?post=26024"},{"taxonomy":"product_cat","embeddable":true,"href":"https:\/\/soydeaqui.ddns.net\/pachuca\/index.php\/wp-json\/wp\/v2\/product_cat?post=26024"},{"taxonomy":"product_tag","embeddable":true,"href":"https:\/\/soydeaqui.ddns.net\/pachuca\/index.php\/wp-json\/wp\/v2\/product_tag?post=26024"}],"curies":[{"name":"wp","href":"https:\/\/api.w.org\/{rel}","templated":true}]}}