{"id":25684,"date":"2026-03-18T11:58:47","date_gmt":"2026-03-18T11:58:47","guid":{"rendered":"https:\/\/soydeaqui.ddns.net\/pachuca\/index.php\/producto\/doorbell-wifi-100-en-la-nube-poe-bluetooth-nfc-lector-de-tarjetas-mifare-notificacion-en-app-llamada-telefonica-sip-onvif-ip65-camara-2-mp-boton-con-iluminacion-control-de\/"},"modified":"2026-03-18T11:58:55","modified_gmt":"2026-03-18T11:58:55","slug":"doorbell-wifi-100-en-la-nube-poe-bluetooth-nfc-lector-de-tarjetas-mifare-notificacion-en-app-llamada-telefonica-sip-onvif-ip65-camara-2-mp-boton-con-iluminacion-control-de","status":"publish","type":"product","link":"https:\/\/soydeaqui.ddns.net\/pachuca\/index.php\/producto\/doorbell-wifi-100-en-la-nube-poe-bluetooth-nfc-lector-de-tarjetas-mifare-notificacion-en-app-llamada-telefonica-sip-onvif-ip65-camara-2-mp-boton-con-iluminacion-control-de\/","title":{"rendered":"DOORBELL \/ WIFI \/ 100% en la Nube \/ POE \/ Bluetooth \/ NFC \/ Lector de Tarjetas MIFARE \/ Notificaci\u00f3n en APP \/  Llamada Telef\u00f3nica \/ SIP \/ ONVIF \/ IP65 \/ C\u00e1mara 2 MP \/ Bot\u00f3n con Iluminaci\u00f3n \/ Control de 1 Puerta"},"content":{"rendered":"<div style=\"width: 100%; max-width: 1200px; margin: 0 auto; font-family: sans-serif; line-height: 1.6; color: inherit; background-color: transparent;\"><!-- Banner Section --><\/p>\n<div style=\"background: linear-gradient(55deg&comma; #CCD0FA 0%&comma; #0212AA 100%); border-bottom: 6px solid #0212AA; border-left: 6px solid #CCD0FA; border-right: 6px solid #0212AA; padding: 20px; margin-bottom: 20px;\"><img decoding=\"async\" style=\"width: 100%; max-width: 450px; height: auto; border: 1px solid rgba(150&comma; 150&comma; 150&comma; 0.3); border-radius: 8px;\" src=\"https:\/\/shop.domo-supply.com\/img\/m\/126.jpg\" alt=\"Banner Image\" class=\"fr-fic fr-dib\"><\/p>\n<h2 style=\"color: darkslategray; font-size: 24px; margin: 0; padding: 0;\"><span style=\"font-family: Franklin Gothic;\">Frente de calle \/ Programaci&oacute;n en la nube\/ Notificaci&oacute;n a app celular \/ Notificaci&oacute;n por llamada telef&oacute;nica \/ SIP \/ IP65 \/NFC\/ Bluetooth \/ ONVIF \/ Lector RFID \/ WIFI \/ POE<\/span><\/h2>\n<\/div>\n<p><!-- Videos Section --><\/p>\n<div style=\"display: flex; flex-wrap: wrap; gap: 20px; margin-bottom: 30px;\">\n<div style=\"flex: 1 1 400px; min-width: 300px;\">\n<div style=\"position: relative; padding-bottom: 56.25%; height: 0; overflow: hidden;\"> <\/div>\n<\/div>\n<div style=\"flex: 1 1 400px; min-width: 300px;\">\n<div style=\"position: relative; padding-bottom: 56.25%; height: 0; overflow: hidden;\"> <\/div>\n<\/div>\n<\/div>\n<p><!-- Caracter\u00edsticas Principales --><\/p>\n<div style=\"display: flex; flex-wrap: wrap; gap: 20px; margin-bottom: 30px;\">\n<div style=\"flex: 1 1 250px; border: 1px solid rgba(150&comma; 150&comma; 150&comma; 0.4); border-radius: 8px; overflow: hidden; display: flex; flex-direction: column;\">\n<div style=\"padding: 15px; border-bottom: 1px solid rgba(150&comma; 150&comma; 150&comma; 0.2); font-weight: bold; font-size: 18px; color: inherit;\">Caracter&iacute;sticas principales<\/div>\n<div style=\"padding: 15px; color: inherit;\">\n<ul style=\"padding-left: 20px; margin: 0; font-size: 14px; list-style-type: disc;\">\n<li style=\"margin-bottom: 5px;\"><strong>Conversaci&oacute;n bidireccional<\/strong><\/li>\n<li style=\"margin-bottom: 5px;\"><strong>Visualizaci&oacute;n de c&aacute;mara en vivo<\/strong><\/li>\n<li style=\"margin-bottom: 5px;\"><strong>Almacenamiento en la nube o local<\/strong><\/li>\n<li style=\"margin-bottom: 5px;\"><strong>Clasificado para el uso al aire libre<\/strong><\/li>\n<li style=\"margin-bottom: 5px;\"><strong>Compatible con APP Smart Plus<\/strong><\/li>\n<li style=\"margin-bottom: 5px;\"><strong>SIP<\/strong><\/li>\n<li style=\"margin-bottom: 5px;\"><strong>ONVIF<\/strong><\/li>\n<li style=\"margin-bottom: 5px;\"><strong>Bluetooth<\/strong><\/li>\n<li style=\"margin-bottom: 5px;\"><strong>WIFI<\/strong><\/li>\n<li style=\"margin-bottom: 5px;\"><strong>POE<\/strong><\/li>\n<li style=\"margin-bottom: 5px;\"><strong>NFC<\/strong><\/li>\n<li style=\"margin-bottom: 5px;\"><strong>Lector de tarjetas MIFARE<\/strong><\/li>\n<li style=\"margin-bottom: 5px;\"><strong>Notificaci&oacute;n en APP<\/strong><\/li>\n<li style=\"margin-bottom: 5px;\"><strong>IP65<\/strong><\/li>\n<li style=\"margin-bottom: 5px;\"><strong>C&aacute;mara de 2 MP<\/strong><\/li>\n<li style=\"margin-bottom: 5px;\"><strong>Bot&oacute;n con iluminaci&oacute;n LED<\/strong><\/li>\n<li style=\"margin-bottom: 5px;\"><strong>Control de 1 Puerta<\/strong><\/li>\n<\/ul>\n<\/div>\n<\/div>\n<\/div>\n<p><!-- Gesti\u00f3n 100% en la nube --><\/p>\n<div style=\"display: flex; flex-wrap: wrap; gap: 30px; margin-bottom: 30px;\">\n<div style=\"flex: 1 1 300px; min-width: 280px;\">\n<h3 style=\"font-size: 22px; border-bottom: 2px solid currentColor; padding-bottom: 5px; margin-top: 0; color: inherit; opacity: 0.8;\">Gesti&oacute;n 100% en la nube<\/h3>\n<p style=\"font-size: 15px; color: inherit; margin-bottom: 15px;\">Akuvox Cloud es una plataforma en la nube que permite la gesti&oacute;n y configuraci&oacute;n de los equipos Akuvox para sistemas de videportero y control de acceso facilitando la instalaci&oacute;n y administraci&oacute;n.<\/p>\n<p style=\"font-size: 15px; color: inherit; margin-bottom: 15px;\">La APP Smart Plus para Android y iOS permite la comunicaci&oacute;n de los usuarios con sus visitas&comma; gesti&oacute;n de pases temporales para visitantes&comma; control de acceso de las puertas&comma; gesti&oacute;n de sus propias credenciales de acceso&comma; transmisi&oacute;n en vivo de video entre muchas funciones m&aacute;s.<\/p>\n<\/div>\n<div style=\"flex: 1 1 300px; min-width: 280px;\"><img decoding=\"async\" style=\"width: 100%; height: auto; border: 1px solid rgba(150&comma; 150&comma; 150&comma; 0.3); border-radius: 8px;\" src=\"https:\/\/ftp3.syscom.mx\/usuarios\/hsanchez\/Akuvox\/APP%20y%20CLOUD.png\" alt=\"APP y CLOUD\" class=\"fr-fic fr-dii\"><\/div>\n<\/div>\n<p><!-- \u00bfQu\u00e9 es Akuvox? --><\/p>\n<div style=\"display: flex; flex-wrap: wrap; gap: 30px; margin-bottom: 30px;\">\n<div style=\"flex: 1 1 300px; min-width: 280px;\">\n<h3 style=\"font-size: 22px; border-bottom: 2px solid currentColor; padding-bottom: 5px; margin-top: 0; color: inherit; opacity: 0.8;\">&iquest;Qu&eacute; es Akuvox?<\/h3>\n<p style=\"font-size: 15px; color: inherit; margin-bottom: 15px;\">Akuvox es una marca l&iacute;der mundial de productos y soluciones Smart Intercom&comma; ofreciendo el poder de las tecnolog&iacute;as para mejorar la vida de las personas con una mejor comunicaci&oacute;n&comma; mayor seguridad y mayor comodidad.<\/p>\n<p style=\"font-size: 15px; color: inherit; margin-bottom: 15px;\">Al abarcar la inteligencia artificial&comma; SIP&comma; Android&comma; la nube&comma; la seguridad y otras tecnolog&iacute;as avanzadas&comma; impulsamos continuamente cambios innovadores en la industria y ofrecemos de manera creativa una cartera inigualable de productos y soluciones de intercomunicaci&oacute;n inteligente.<\/p>\n<\/div>\n<div style=\"flex: 1 1 300px; min-width: 280px;\"><img decoding=\"async\" style=\"width: 100%; height: auto; border: 1px solid rgba(150&comma; 150&comma; 150&comma; 0.3); border-radius: 8px;\" src=\"https:\/\/ftp3.syscom.mx\/usuarios\/hsanchez\/Akuvox\/Akuvox%20logo%20%28blue%29-20180329.png\" alt=\"Akuvox Logo\" class=\"fr-fic fr-dii\"><\/div>\n<\/div>\n<p><!-- Escenario de aplicaci\u00f3n --><\/p>\n<div style=\"display: flex; flex-wrap: wrap; gap: 30px; margin-bottom: 30px;\">\n<div style=\"flex: 1 1 300px; min-width: 280px;\">\n<h3 style=\"font-size: 22px; border-bottom: 2px solid currentColor; padding-bottom: 5px; margin-top: 0; color: inherit; opacity: 0.8;\">Escenario de aplicaci&oacute;n<\/h3>\n<h4 style=\"font-size: 18px; margin-top: 0; margin-bottom: 10px;\">Uso multiapartamento&comma; residencial o corporativo<\/h4>\n<ul style=\"padding-left: 20px; font-size: 15px; color: inherit;\">\n<li style=\"margin-bottom: 5px;\">Videoportero para oficinas con los sistemas IP PBX en sitio o alojados<\/li>\n<li style=\"margin-bottom: 5px;\">Configuraci&oacute;n y gesti&oacute;n de entrada remota a trav&eacute;s de Internet<\/li>\n<li style=\"margin-bottom: 5px;\">Intercomunicador para apartamentos o pisos con control de acceso<\/li>\n<li style=\"margin-bottom: 5px;\">Informaci&oacute;n comercial o una experiencia de bienvenida para los invitados.<\/li>\n<\/ul>\n<\/div>\n<div style=\"flex: 1 1 300px; min-width: 280px;\"><img decoding=\"async\" style=\"width: 100%; height: auto; border: 1px solid rgba(150&comma; 150&comma; 150&comma; 0.3); border-radius: 8px;\" src=\"https:\/\/ftp3.syscom.mx\/usuarios\/hsanchez\/Akuvox\/aplicacion.jpg\" alt=\"Escenario de aplicaci\u00f3n\" class=\"fr-fic fr-dii\"><\/div>\n<\/div>\n<p><!-- Caracter\u00edsticas f\u00edsicas y el\u00e9ctricas de E12W --><\/p>\n<div style=\"display: flex; flex-wrap: wrap; gap: 30px; margin-bottom: 30px;\">\n<div style=\"flex: 1 1 300px; min-width: 280px;\">\n<h3 style=\"font-size: 22px; border-bottom: 2px solid currentColor; padding-bottom: 5px; margin-top: 0; color: inherit; opacity: 0.8;\">Caracter&iacute;sticas f&iacute;sicas y el&eacute;ctricas de E12W<\/h3>\n<div style=\"margin-top: 15px;\">\n<h4 style=\"font-size: 18px; margin-top: 0; margin-bottom: 10px;\">Caracter&iacute;sticas principales<\/h4>\n<ul style=\"padding-left: 20px; font-size: 15px; color: inherit;\">\n<li style=\"margin-bottom: 5px;\"><strong>Material del cuerpo:<\/strong> Pl&aacute;stico<\/li>\n<li style=\"margin-bottom: 5px;\"><strong>C&aacute;mara:<\/strong> p&iacute;xeles de 2 M&comma; iluminaci&oacute;n autom&aacute;tica<\/li>\n<li style=\"margin-bottom: 5px;\"><strong>Bot&oacute;n:<\/strong> 1 bot&oacute;n de llamada con retroiluminaci&oacute;n<\/li>\n<li style=\"margin-bottom: 5px;\"><strong>Puerto de Wiegand:<\/strong> Soporte<\/li>\n<li style=\"margin-bottom: 5px;\"><strong>Lector de tarjetas RF:<\/strong> 13.56 MHz<\/li>\n<li style=\"margin-bottom: 5px;\"><strong>Sensor de luz:<\/strong> 1<\/li>\n<li style=\"margin-bottom: 5px;\"><strong>Rel&eacute;s hacia fuera:<\/strong> 1<\/li>\n<li style=\"margin-bottom: 5px;\"><strong>Entradas:<\/strong> 2<\/li>\n<li style=\"margin-bottom: 5px;\"><strong>Ranura para tarjeta Micro SD:<\/strong> 1<\/li>\n<li style=\"margin-bottom: 5px;\"><strong>Micr&oacute;fono:<\/strong> -36dB<\/li>\n<li style=\"margin-bottom: 5px;\"><strong>Altavoz:<\/strong> 8&Omega; \/ 1.5 W<\/li>\n<li style=\"margin-bottom: 5px;\"><strong>Puerto Ethernet:<\/strong> RJ45&comma; 10 \/ 100Mbps adaptable<\/li>\n<li style=\"margin-bottom: 5px;\"><strong>BLE:<\/strong> S&iacute;<\/li>\n<li style=\"margin-bottom: 5px;\"><strong>WiFi:<\/strong> IEEE802.11b\/g\/n&comma; 2.4 GHz<\/li>\n<li style=\"margin-bottom: 5px;\"><strong>Alarma vand&aacute;lica:<\/strong> S&iacute;<\/li>\n<li style=\"margin-bottom: 5px;\"><strong>Alimentaci&oacute;n:<\/strong> a trav&eacute;s de Ethernet 802.3 af<\/li>\n<li style=\"margin-bottom: 5px;\"><strong>Conector de 12V DC:<\/strong> (si no se usa PoE)<\/li>\n<li style=\"margin-bottom: 5px;\"><strong>Protecci&oacute;n:<\/strong> IP65<\/li>\n<li style=\"margin-bottom: 5px;\"><strong>Instalaci&oacute;n:<\/strong> Montado en la pared<\/li>\n<li style=\"margin-bottom: 5px;\"><strong>Tama&ntilde;o:<\/strong> 146x70x23mm<\/li>\n<li style=\"margin-bottom: 5px;\"><strong>Humedad de trabajo:<\/strong> 10~90%<\/li>\n<li style=\"margin-bottom: 5px;\"><strong>Temperatura De Trabajo:<\/strong> -40&deg;C ~ +60&deg;C<\/li>\n<li style=\"margin-bottom: 5px;\"><strong>Temperatura de almacenamiento:<\/strong> -40&deg;C ~ +70&deg;C<\/li>\n<\/ul>\n<\/div>\n<\/div>\n<div style=\"flex: 1 1 300px; min-width: 280px;\">\n<div style=\"margin-bottom: 20px;\">\n<h4 style=\"font-size: 18px; margin-top: 0; margin-bottom: 10px;\">Audio<\/h4>\n<ul style=\"padding-left: 20px; font-size: 15px; color: inherit;\">\n<li style=\"margin-bottom: 5px;\">SIP v1 (RFC2543)&comma; SIP v2 (RFC3261)<\/li>\n<li style=\"margin-bottom: 5px;\">Codec de audio de banda estrecha: G.711a&comma; G.711\/&Igrave;&comma; G.729<\/li>\n<li style=\"margin-bottom: 5px;\">Codec de audio de banda ancha: G.722<\/li>\n<li style=\"margin-bottom: 5px;\">DTMF: DTMF en banda&comma; fuera de banda (RFC2833)&comma; Informaci&oacute;n SIP<\/li>\n<li style=\"margin-bottom: 5px;\">Cancelaci&oacute;n de Eco<\/li>\n<li style=\"margin-bottom: 5px;\">Detecci&oacute;n de Activaci&oacute;n por Voz<\/li>\n<li style=\"margin-bottom: 5px;\">Generador de Ruido de Confort<\/li>\n<\/ul>\n<\/div>\n<div style=\"margin-bottom: 20px;\">\n<h4 style=\"font-size: 18px; margin-top: 0; margin-bottom: 10px;\">V&iacute;deo<\/h4>\n<ul style=\"padding-left: 20px; font-size: 15px; color: inherit;\">\n<li style=\"margin-bottom: 5px;\">Sensor: 1\/2.7&#39;&comma; CMOS<\/li>\n<li style=\"margin-bottom: 5px;\">P&iacute;xeles: CIF&comma; QCIF&comma; VGA&comma; 4CIF&comma; 720p&comma; 1080p<\/li>\n<li style=\"margin-bottom: 5px;\">C&oacute;dec de v&iacute;deo: H.264&comma; H.265<\/li>\n<li style=\"margin-bottom: 5px;\">Resoluci&oacute;n de v&iacute;deo: hasta 1920x1080p<\/li>\n<li style=\"margin-bottom: 5px;\">Max. velocidad de transferencia de imagen: 1080p 25fps<\/li>\n<li style=\"margin-bottom: 5px;\">&Aacute;ngulo de visi&oacute;n: 123&deg;(H) \/ 69&deg;(V)<\/li>\n<li style=\"margin-bottom: 5px;\">Led blancos para la iluminaci&oacute;n de la imagen durante las horas oscuras con sensor de luz interno<\/li>\n<\/ul>\n<\/div>\n<div style=\"margin-bottom: 20px;\">\n<h4 style=\"font-size: 18px; margin-top: 0; margin-bottom: 10px;\">Caracter&iacute;stica de Entrada de Puerta<\/h4>\n<ul style=\"padding-left: 20px; font-size: 15px; color: inherit;\">\n<li style=\"margin-bottom: 5px;\">Rel&eacute;s controlados individualmente por tonos de DTMF<\/li>\n<li style=\"margin-bottom: 5px;\">C&aacute;mara permanentemente operativa<\/li>\n<li style=\"margin-bottom: 5px;\">Modo nocturno autom&aacute;tico con iluminaci&oacute;n LED<\/li>\n<li style=\"margin-bottom: 5px;\">Balance de blancos: auto<\/li>\n<li style=\"margin-bottom: 5px;\">Iluminaci&oacute;n m&iacute;nima: 0.1 LUX<\/li>\n<\/ul>\n<\/div>\n<div style=\"margin-bottom: 20px;\">\n<h4 style=\"font-size: 18px; margin-top: 0; margin-bottom: 10px;\">Redes y Protocolos<\/h4>\n<ul style=\"padding-left: 20px; font-size: 15px; color: inherit;\">\n<li style=\"margin-bottom: 5px;\">Compatibilidad con protocolo: IPv4&comma; HTTP&comma; HTTPS&comma; FTP&comma; SNMP&comma; DNS&comma; NTP&comma; RTSP&comma; RTP&comma; TCP&comma; UDP&comma; ICMP&comma; DHCP&comma; ARP<\/li>\n<\/ul>\n<\/div>\n<div style=\"margin-bottom: 20px;\">\n<h4 style=\"font-size: 18px; margin-top: 0; margin-bottom: 10px;\">Implementaci&oacute;n y Mantenimiento<\/h4>\n<ul style=\"padding-left: 20px; font-size: 15px; color: inherit;\">\n<li style=\"margin-bottom: 5px;\">Auto-Aprovisionamiento<\/li>\n<li style=\"margin-bottom: 5px;\">Portal de gesti&oacute;n web<\/li>\n<li style=\"margin-bottom: 5px;\">Copia de seguridad \/ restauraci&oacute;n de la configuraci&oacute;n<\/li>\n<li style=\"margin-bottom: 5px;\">Exportaci&oacute;n de registro de entrada<\/li>\n<li style=\"margin-bottom: 5px;\">Tabla de acceso exportar \/ importar<\/li>\n<li style=\"margin-bottom: 5px;\">Actualizaci&oacute;n de firmware<\/li>\n<li style=\"margin-bottom: 5px;\">Registros del sistema (incluye registros de acceso a puertas)<\/li>\n<\/ul>\n<\/div>\n<div>\n<h4 style=\"font-size: 18px; margin-top: 0; margin-bottom: 10px;\">Escenario de Aplicaci&oacute;n<\/h4>\n<ul style=\"padding-left: 20px; font-size: 15px; color: inherit;\">\n<li style=\"margin-bottom: 5px;\">Intercomunicador de apartamento \/ piso con control de acceso de puerta<\/li>\n<li style=\"margin-bottom: 5px;\">Acceso remoto al sitio a trav&eacute;s de Internet<\/li>\n<\/ul>\n<\/div>\n<\/div>\n<\/div>\n<p><!-- \u00bfPor qu\u00e9 elegir Akuvox? --><\/p>\n<div style=\"display: flex; flex-wrap: wrap; gap: 30px; margin-bottom: 30px;\">\n<div style=\"flex: 1 1 300px; min-width: 280px;\">\n<h3 style=\"font-size: 22px; border-bottom: 2px solid currentColor; padding-bottom: 5px; margin-top: 0; color: inherit; opacity: 0.8;\">&iquest;Por qu&eacute; elegir Akuvox?<\/h3>\n<p style=\"font-size: 15px; color: inherit; margin-bottom: 15px;\">Akuvox es la soluci&oacute;n ideal para su fraccionamiento&comma; edificio de apartamentos o edificios corporativos&comma; gracias a su gesti&oacute;n 100% en la nube ofrece una f&aacute;cil instalaci&oacute;n y administraci&oacute;n desde cualquier parte del mundo. Nunca ha sido tan f&aacute;cil y seguro gestionar el acceso a los residentes&comma; empleados o visitantes gracias a que es un dispositivo muy amigable junto con la App Smart Plus para iOS o Android.<\/p>\n<p style=\"font-size: 15px; color: inherit; margin-bottom: 15px;\">Brindar la mejor soluci&oacute;n es posible con Akuvox gracias a su tecnolog&iacute;a innovadora&comma; lleva al siguiente nivel tus instalaciones&comma; aumenta la plusval&iacute;a y disminuye los costos de operaci&oacute;n gracias a Akuvox.<\/p>\n<\/div>\n<div style=\"flex: 1 1 300px; min-width: 280px;\"><img decoding=\"async\" style=\"width: 100%; height: auto; border: 1px solid rgba(150&comma; 150&comma; 150&comma; 0.3); border-radius: 8px;\" src=\"https:\/\/ftp3.syscom.mx\/usuarios\/hsanchez\/Akuvox\/edificio.jpg\" alt=\"Edificio\" class=\"fr-fic fr-dii\"><\/div>\n<\/div>\n<p><!-- Im\u00e1genes adicionales --><\/p>\n<div style=\"display: flex; flex-wrap: wrap; gap: 20px; margin-bottom: 30px; justify-content: center;\"><img decoding=\"async\" style=\"width: 100%; max-width: 970px; height: auto; border: 1px solid rgba(150&comma; 150&comma; 150&comma; 0.3); border-radius: 8px;\" src=\"https:\/\/www.akuvox.com\/uploads\/202109\/2021091508195793.jpg\" alt=\"Producto 1\" class=\"fr-fil fr-dib\">&nbsp;<img decoding=\"async\" style=\"width: 100%; max-width: 970px; height: auto; border: 1px solid rgba(150&comma; 150&comma; 150&comma; 0.3); border-radius: 8px;\" src=\"https:\/\/www.akuvox.com\/uploads\/202109\/2021091508210019.jpg\" alt=\"Producto 2\" class=\"fr-fil fr-dib\"><\/div>\n<p><!-- \u00bfTe interesa obtener m\u00e1s informaci\u00f3n? --><\/p>\n<div style=\"display: flex; flex-wrap: wrap; gap: 20px; margin-bottom: 30px;\">\n<div style=\"flex: 1 1 100%;\">\n<div style=\"border: 1px solid rgba(150&comma; 150&comma; 150&comma; 0.4); border-radius: 8px; padding: 15px;\">\n<h3 style=\"font-size: 20px; margin-top: 0; margin-bottom: 15px; color: inherit; opacity: 0.8;\">&iquest;Te interesa obtener m&aacute;s informaci&oacute;n?<\/h3>\n<ul style=\"padding-left: 20px; font-size: 15px; color: inherit;\">\n<li style=\"margin-bottom: 10px;\"><strong>Para ver el curso grabado<\/strong>: <a href=\"https:\/\/youtu.be\/vJuG_GRHYuY\" style=\"color: inherit; text-decoration: underline;\">click aqu&iacute;<\/a><\/li>\n<li style=\"margin-bottom: 10px;\"><strong>Para consultar una gu&iacute;a de configuraciones<\/strong>: <a href=\"https:\/\/soporte.syscom.mx\/es\/articles\/8202185-guia-akuvox-solucion-para-fraccionamientos-y-edificios-de-apartamentos\" style=\"color: inherit; text-decoration: underline;\">click aqu&iacute;<\/a><\/li>\n<\/ul>\n<\/div>\n<\/div>\n<\/div>\n<p><!-- \u00bfQu\u00e9 necesito para instalar dispositivos Akuvox? --><\/p>\n<div style=\"display: flex; flex-wrap: wrap; gap: 20px; margin-bottom: 30px;\">\n<div style=\"flex: 1 1 100%;\">\n<div style=\"border: 1px solid rgba(150&comma; 150&comma; 150&comma; 0.4); border-radius: 8px; padding: 15px;\">\n<h3 style=\"font-size: 20px; margin-top: 0; margin-bottom: 15px; color: inherit; opacity: 0.8;\">&iquest;Qu&eacute; necesito para instalar dispositivos Akuvox?<\/h3>\n<ul style=\"padding-left: 20px; font-size: 15px; color: inherit;\">\n<li style=\"margin-bottom: 10px;\"><strong>Cuenta de instalador en Akuvox Cloud<\/strong> para configuraci&oacute;n y administraci&oacute;n de los equipos y licencias. <a href=\"https:\/\/soporte.syscom.mx\/es\/articles\/6957756-crear-cuenta-de-instalador-akuvox-cloud\" style=\"color: inherit; text-decoration: underline;\">Click aqu&iacute; para obtener una cuenta.<\/a><\/li>\n<li style=\"margin-bottom: 10px;\"><strong>Acceso a la red IP:<\/strong> Los equipos Akuvox funcionan en redes IP&comma; por lo que necesitar&aacute;s una red con acceso a internet y suficiente capacidad para manejar el tr&aacute;fico de datos.<\/li>\n<li style=\"margin-bottom: 10px;\"><strong>Fuente de alimentaci&oacute;n:<\/strong> Verifica el tipo de alimentaci&oacute;n que requiere el dispositivo. Muchos equipos Akuvox se alimentan a trav&eacute;s de <strong>Power over Ethernet (PoE)<\/strong>.<\/li>\n<\/ul>\n<\/div>\n<\/div>\n<\/div>\n<p><!-- Separador final --><\/p>\n<hr style=\"border: 0; border-top: 1px solid rgba(150&comma; 150&comma; 150&comma; 0.3); margin: 30px 0;\"><\/div>\n","protected":false},"excerpt":{"rendered":"<p>DOORBELL \/ WIFI \/ 100% en la Nube \/ POE \/ Bluetooth \/ NFC \/ Lector de Tarjetas MIFARE \/ Notificaci\u00f3n en APP \/  Llamada Telef\u00f3nica \/ SIP \/ ONVIF \/ IP65 \/ C\u00e1mara 2 MP \/ Bot\u00f3n con Iluminaci\u00f3n \/ Control de 1 Puerta<\/p>\n","protected":false},"featured_media":25683,"comment_status":"open","ping_status":"closed","template":"","meta":[],"product_brand":[],"product_cat":[856],"product_tag":[786,557,857],"class_list":{"0":"post-25684","1":"product","2":"type-product","3":"status-publish","4":"has-post-thumbnail","6":"product_cat-videoporteros-ip","7":"product_tag-akuvox","8":"product_tag-videoporteros-e-interfonos","9":"product_tag-videoporteros-ip","11":"first","12":"instock","13":"sale","14":"shipping-taxable","15":"purchasable","16":"product-type-simple"},"_links":{"self":[{"href":"https:\/\/soydeaqui.ddns.net\/pachuca\/index.php\/wp-json\/wp\/v2\/product\/25684","targetHints":{"allow":["GET"]}}],"collection":[{"href":"https:\/\/soydeaqui.ddns.net\/pachuca\/index.php\/wp-json\/wp\/v2\/product"}],"about":[{"href":"https:\/\/soydeaqui.ddns.net\/pachuca\/index.php\/wp-json\/wp\/v2\/types\/product"}],"replies":[{"embeddable":true,"href":"https:\/\/soydeaqui.ddns.net\/pachuca\/index.php\/wp-json\/wp\/v2\/comments?post=25684"}],"wp:featuredmedia":[{"embeddable":true,"href":"https:\/\/soydeaqui.ddns.net\/pachuca\/index.php\/wp-json\/wp\/v2\/media\/25683"}],"wp:attachment":[{"href":"https:\/\/soydeaqui.ddns.net\/pachuca\/index.php\/wp-json\/wp\/v2\/media?parent=25684"}],"wp:term":[{"taxonomy":"product_brand","embeddable":true,"href":"https:\/\/soydeaqui.ddns.net\/pachuca\/index.php\/wp-json\/wp\/v2\/product_brand?post=25684"},{"taxonomy":"product_cat","embeddable":true,"href":"https:\/\/soydeaqui.ddns.net\/pachuca\/index.php\/wp-json\/wp\/v2\/product_cat?post=25684"},{"taxonomy":"product_tag","embeddable":true,"href":"https:\/\/soydeaqui.ddns.net\/pachuca\/index.php\/wp-json\/wp\/v2\/product_tag?post=25684"}],"curies":[{"name":"wp","href":"https:\/\/api.w.org\/{rel}","templated":true}]}}