{"id":25682,"date":"2026-03-18T11:58:46","date_gmt":"2026-03-18T11:58:46","guid":{"rendered":"https:\/\/soydeaqui.ddns.net\/pachuca\/index.php\/producto\/kit-de-operadores-axo-5024-para-puertas-abatibles-de-hasta-5-metros-y-400-kg-de-peso-por-hoja\/"},"modified":"2026-03-18T11:58:46","modified_gmt":"2026-03-18T11:58:46","slug":"kit-de-operadores-axo-5024-para-puertas-abatibles-de-hasta-5-metros-y-400-kg-de-peso-por-hoja","status":"publish","type":"product","link":"https:\/\/soydeaqui.ddns.net\/pachuca\/index.php\/producto\/kit-de-operadores-axo-5024-para-puertas-abatibles-de-hasta-5-metros-y-400-kg-de-peso-por-hoja\/","title":{"rendered":"Kit de operadores AXO 5024 Para puertas Abatibles de hasta 5 Metros y 400 Kg de peso por hoja"},"content":{"rendered":"<div style='width: 100%; max-width: 1200px; margin: 0 auto; font-family: sans-serif; line-height: 1.6; color: inherit; background-color: transparent;'> <!-- Secci\u00f3n de caracter\u00edsticas en 3 columnas --> <\/p>\n<div style='display: flex; flex-wrap: wrap; gap: 30px; margin-bottom: 30px;'>\n<div style='flex: 1 1 300px; min-width: 280px;'>\n<div style='border-left: 5px solid #0091ff; border-radius: 5px; padding: 10px; box-shadow: 2px 2px 10px rgba(216&comma;216&comma;216&comma;0.5); background-color: rgba(255&comma;255&comma;255&comma;0.05);'> <strong style='font-size: 16px; display: block; margin-bottom: 10px; color: inherit;'>Caracter\u00edsticas principales:<\/strong> <\/p>\n<ul style='padding-left: 20px; margin: 0; color: inherit;'>\n<li style='margin-bottom: 5px;'>Peso m\u00e1ximo soportado 400Kg<\/li>\n<li style='margin-bottom: 5px;'>Longitud m\u00e1xima de la hoja 5m<\/li>\n<li style='margin-bottom: 5px;'>Uso Semi-intensivo<\/li>\n<li style='margin-bottom: 5px;'>M\u00ednimo mantenimiento<\/li>\n<\/ul><\/div>\n<\/p><\/div>\n<div style='flex: 1 1 300px; min-width: 280px;'>\n<div style='border-left: 5px solid #0091ff; border-radius: 5px; padding: 10px; box-shadow: 2px 2px 10px rgba(216&comma;216&comma;216&comma;0.5); background-color: rgba(255&comma;255&comma;255&comma;0.05);'> <strong style='font-size: 16px; display: block; margin-bottom: 10px; color: inherit;'>Caracter\u00edsticas F\u00edsicas y El\u00e9ctricas:<\/strong> <\/p>\n<ul style='padding-left: 20px; margin: 0; color: inherit;'>\n<li style='margin-bottom: 5px;'>Alimentaci\u00f3n del cuadro de mando 110V<\/li>\n<li style='margin-bottom: 5px;'>Alimentaci\u00f3n de los pistones 24V<\/li>\n<li style='margin-bottom: 5px;'>Grado de protecci\u00f3n IP44<\/li>\n<li style='margin-bottom: 5px;'>Dimensiones 880 x 123 x 100 mm<\/li>\n<\/ul><\/div>\n<\/p><\/div>\n<div style='flex: 1 1 300px; min-width: 280px;'>\n<div style='border-left: 5px solid #0091ff; border-radius: 5px; padding: 10px; box-shadow: 2px 2px 10px rgba(216&comma;216&comma;216&comma;0.5); background-color: rgba(255&comma;255&comma;255&comma;0.05);'> <strong style='font-size: 16px; display: block; margin-bottom: 10px; color: inherit;'>Caracter\u00edsticas Destacadas:<\/strong> <\/p>\n<ul style='padding-left: 20px; margin: 0; color: inherit;'>\n<li style='margin-bottom: 5px;'>Soporta 2 bater\u00edas de respaldo con 002RLB (No incluidas)<\/li>\n<li style='margin-bottom: 5px;'>Detecci\u00f3n de obst\u00e1culos<\/li>\n<li style='margin-bottom: 5px;'>1 a\u00f1o de garant\u00eda contra defectos de f\u00e1brica<\/li>\n<\/ul><\/div>\n<\/p><\/div>\n<\/p><\/div>\n<p> <!-- Informaci\u00f3n del producto y contenido principal --> <\/p>\n<div style='display: flex; flex-wrap: wrap; gap: 30px; margin-bottom: 30px;'>\n<div style='flex: 1 1 500px; min-width: 300px;'>\n<h3 style='font-size: 20px; margin-top: 0; color: inherit;'>Kit de brazos AXO para puertas abatibles<\/h3>\n<h3 style='font-size: 18px; margin-top: 20px; color: inherit;'>El kit incluye:<\/h3>\n<ul style='padding-left: 20px; margin: 0; color: inherit;'>\n<li style='margin-bottom: 5px;'>2 x <strong>001-AX5024<\/strong> Brazos AXO para puertas de hasta 5 metros<\/li>\n<li style='margin-bottom: 5px;'>1 x <strong>801-QA-0080<\/strong> Cuadro de mando para brazos CAME<\/li>\n<li style='margin-bottom: 5px;'>1 x <strong>001-AF43S<\/strong> Receptor para transmisores inal\u00e1mbricos<\/li>\n<li style='margin-bottom: 5px;'>2 x <strong>001-TOP432EE<\/strong> Transmisor inal\u00e1mbrico de dos botones<\/li>\n<li style='margin-bottom: 5px;'>1 Juego de torniller\u00eda y accesorios para montaje de los brazos<\/li>\n<\/ul>\n<h3 style='font-size: 18px; margin-top: 20px; color: inherit;'>Notas adicionales:<\/h3>\n<ul style='padding-left: 20px; margin: 0; color: inherit;'>\n<li style='margin-bottom: 5px;'>La antena modelo 001TOPA433N&comma; no se incluye y se recomienda utilizar en el caso que la instalaci\u00f3n tenga muros gruesos y no alcance a llegar bien la se\u00f1al de los transmisores<\/li>\n<li style='margin-bottom: 5px;'>El equipo cuenta con un a\u00f1o de garant\u00eda contra defectos de fabricaci\u00f3n<\/li>\n<li style='margin-bottom: 5px;'>Para puertas de m\u00e1s de 150Kg es necesario instalar topes f\u00edsicos en estas<\/li>\n<li style='margin-bottom: 5px;'><strong>Cuadro de mando compatible solo con electrocerradura CAME 001LOCK82<\/strong><\/li>\n<li style='margin-bottom: 5px;'><strong>No compatible con cerraduras de perno o electroimanes<\/strong><\/li>\n<\/ul><\/div>\n<div style='flex: 1 1 500px; min-width: 300px;'> <img style='width: 100%; height: auto; border: 1px solid rgba(150&comma;150&comma;150&comma;0.3); border-radius: 8px;' src='https:\/\/ftp3.syscom.mx\/usuarios\/fotos\/catalogo\/MXSWAX\/MXSWAXdet.jpg' alt='Kit AXO 5024'> <\/div>\n<\/p><\/div>\n<p> <!-- Accesorios adicionales --> <\/p>\n<div style='margin-bottom: 30px;'>\n<h3 style='font-size: 18px; text-align: center; margin-bottom: 20px; color: inherit;'>\u00bfQu\u00e9 accesorios puedo adicionar a mi instalaci\u00f3n?<\/h3>\n<div style='display: flex; flex-wrap: wrap; justify-content: center; gap: 15px; font-size: 14px; color: inherit;'>\n<p style='margin: 5px 0; text-align: center; flex: 1 1 200px; min-width: 180px;'>Electrocerradura CAME de doble cilindro <strong>001-LOCK-82<\/strong><\/p>\n<p style='margin: 5px 0; text-align: center; flex: 1 1 200px; min-width: 180px;'>Tarjeta para respaldo de bater\u00edas en caso de falla el\u00e9ctrica <strong>002-RLB<\/strong> (No incluye bater\u00edas)<\/p>\n<p style='margin: 5px 0; text-align: center; flex: 1 1 200px; min-width: 180px;'>L\u00e1mpara preventiva CAME <strong>001-KLED-24<\/strong><\/p>\n<p style='margin: 5px 0; text-align: center; flex: 1 1 200px; min-width: 180px;'>Fotocelda DIR con alcance hasta 10 metros <strong>001-DIR10<\/strong><\/p>\n<p style='margin: 5px 0; text-align: center; flex: 1 1 200px; min-width: 180px;'>Base de PVC para fotoceldas DIR de CAME <strong>001-DIR-CG<\/strong><\/p>\n<\/p><\/div>\n<\/p><\/div>\n<p> <!-- Im\u00e1genes adicionales --> <\/p>\n<div style='display: flex; flex-wrap: wrap; gap: 20px; margin-bottom: 30px;'>\n<div style='flex: 1 1 45%; min-width: 300px;'> <img style='width: 100%; height: auto; border: 1px solid rgba(150&comma;150&comma;150&comma;0.3); border-radius: 8px;' src='https:\/\/ftp3.syscom.mx\/usuarios\/fotos\/001AX5024\/71309-axo5024p.jpg' alt='Brazo AXO 5024'> <\/div>\n<div style='flex: 1 1 45%; min-width: 300px;'> <img style='width: 100%; height: auto; border: 1px solid rgba(150&comma;150&comma;150&comma;0.3); border-radius: 8px;' src='https:\/\/ftp3.syscom.mx\/usuarios\/fotos\/KITAXO5024\/205193-801-qa-0080.jpg' alt='Cuadro de mando CAME'> <\/div>\n<\/p><\/div>\n<p> <!-- Descripci\u00f3n adicional --> <\/p>\n<div style='margin-bottom: 30px; padding: 15px; border-left: 4px solid #0091ff; border-radius: 4px; background-color: rgba(255&comma;255&comma;255&comma;0.03);'>\n<p style='text-align: center; margin: 0; color: inherit; font-size: 14px;'> <strong>Fiabilidad por principio&comma; potencia bajo control.<\/strong> AXO es la nueva automatizaci\u00f3n CAME dise\u00f1ada para garantizar la m\u00e1xima potencia y seguridad incluso cuando se trata de hojas de grandes dimensiones. Automatizaci\u00f3n electr\u00f3nica de bajo mantenimiento peri\u00f3dico y que gracias a su dise\u00f1o est\u00e1 siempre listo para el uso&comma; a\u00fan en condiciones clim\u00e1ticas exigentes. <\/p>\n<\/p><\/div>\n<p> <!-- Videos de YouTube --> <\/p>\n<div style='display: flex; flex-wrap: wrap; gap: 30px; margin-bottom: 30px;'>\n<div style='flex: 1 1 45%; min-width: 300px;'>\n<div style='position: relative; padding-bottom: 56.25%; height: 0; overflow: hidden; border-radius: 8px; background-color: rgba(150&comma;150&comma;150&comma;0.1);'>   <\/div>\n<\/p><\/div>\n<div style='flex: 1 1 45%; min-width: 300px;'>\n<div style='position: relative; padding-bottom: 56.25%; height: 0; overflow: hidden; border-radius: 8px; background-color: rgba(150&comma;150&comma;150&comma;0.1);'>   <\/div>\n<\/p><\/div>\n<\/p><\/div>\n<p> <!-- Nota sobre viento --> <\/p>\n<div style='margin-bottom: 30px; padding: 15px; border-left: 4px solid #0091ff; border-radius: 4px; background-color: rgba(255&comma;255&comma;255&comma;0.03);'>\n<p style='text-align: center; margin: 0; color: inherit; font-size: 14px;'> Es importante tener en cuenta la resistencia que el viento puede generar en los portones sin ranuras de ventilaci\u00f3n al operar los motores en apertura y cierre de puertas abatibles. Recomendamos considerar la instalaci\u00f3n de rejillas que permitan la adecuada ventilaci\u00f3n para facilitar el correcto funcionamiento de los dispositivos. <\/p>\n<\/p><\/div>\n<p> <!-- Separador final --> <\/p>\n<hr style='border: 0; border-top: 1px solid rgba(150&comma; 150&comma; 150&comma; 0.3); margin: 30px 0;'> <\/div>\n","protected":false},"excerpt":{"rendered":"<p>Kit de operadores AXO 5024 Para puertas Abatibles de hasta 5 Metros y 400 Kg de peso por hoja<\/p>\n","protected":false},"featured_media":25681,"comment_status":"open","ping_status":"closed","template":"","meta":[],"product_brand":[],"product_cat":[821],"product_tag":[401,779,822],"class_list":{"0":"post-25682","1":"product","2":"type-product","3":"status-publish","4":"has-post-thumbnail","6":"product_cat-puertas-abatibles","7":"product_tag-acceso-vehicular","8":"product_tag-came","9":"product_tag-puertas-abatibles","11":"first","12":"instock","13":"sale","14":"shipping-taxable","15":"purchasable","16":"product-type-simple"},"_links":{"self":[{"href":"https:\/\/soydeaqui.ddns.net\/pachuca\/index.php\/wp-json\/wp\/v2\/product\/25682","targetHints":{"allow":["GET"]}}],"collection":[{"href":"https:\/\/soydeaqui.ddns.net\/pachuca\/index.php\/wp-json\/wp\/v2\/product"}],"about":[{"href":"https:\/\/soydeaqui.ddns.net\/pachuca\/index.php\/wp-json\/wp\/v2\/types\/product"}],"replies":[{"embeddable":true,"href":"https:\/\/soydeaqui.ddns.net\/pachuca\/index.php\/wp-json\/wp\/v2\/comments?post=25682"}],"wp:featuredmedia":[{"embeddable":true,"href":"https:\/\/soydeaqui.ddns.net\/pachuca\/index.php\/wp-json\/wp\/v2\/media\/25681"}],"wp:attachment":[{"href":"https:\/\/soydeaqui.ddns.net\/pachuca\/index.php\/wp-json\/wp\/v2\/media?parent=25682"}],"wp:term":[{"taxonomy":"product_brand","embeddable":true,"href":"https:\/\/soydeaqui.ddns.net\/pachuca\/index.php\/wp-json\/wp\/v2\/product_brand?post=25682"},{"taxonomy":"product_cat","embeddable":true,"href":"https:\/\/soydeaqui.ddns.net\/pachuca\/index.php\/wp-json\/wp\/v2\/product_cat?post=25682"},{"taxonomy":"product_tag","embeddable":true,"href":"https:\/\/soydeaqui.ddns.net\/pachuca\/index.php\/wp-json\/wp\/v2\/product_tag?post=25682"}],"curies":[{"name":"wp","href":"https:\/\/api.w.org\/{rel}","templated":true}]}}