{"id":2567,"date":"2026-03-18T05:58:22","date_gmt":"2026-03-18T05:58:22","guid":{"rendered":"https:\/\/soydeaqui.ddns.net\/pachuca\/index.php\/producto\/modulo-protakeover-compatible-con-panel-proseries-para-recibir-sensores-inalambricos-de-la-serie-5800-bosch-2gig-iti-qolsis-y-dsc\/"},"modified":"2026-03-18T05:58:22","modified_gmt":"2026-03-18T05:58:22","slug":"modulo-protakeover-compatible-con-panel-proseries-para-recibir-sensores-inalambricos-de-la-serie-5800-bosch-2gig-iti-qolsis-y-dsc","status":"publish","type":"product","link":"https:\/\/soydeaqui.ddns.net\/pachuca\/index.php\/producto\/modulo-protakeover-compatible-con-panel-proseries-para-recibir-sensores-inalambricos-de-la-serie-5800-bosch-2gig-iti-qolsis-y-dsc\/","title":{"rendered":"Modulo PROTAKEOVER compatible con Panel ProSeries para recibir Sensores Inal\u00e1mbricos de la serie 5800, Bosch, 2GiG, ITI\/Qolsis y DSC"},"content":{"rendered":"<div style='width: 100%; max-width: 1200px; margin: 0 auto; font-family: sans-serif; line-height: 1.6; color: inherit; background-color: transparent;'>\n<div style='margin-bottom: 30px;'>\n<h1 style='font-size: 28px; font-weight: bold; margin-bottom: 20px; color: inherit;'>Descripci\u00f3n General<\/h1>\n<div style='margin-bottom: 30px;'>\n<p style='font-size: 17px; line-height: 1.6; color: inherit;'>El m\u00f3dulo de toma de control inal\u00e1mbrico es una soluci\u00f3n simple y \u00fanica que permite que los paneles ProSeries se comuniquen con m\u00faltiples protocolos de sensores de seguridad inal\u00e1mbricos. El m\u00f3dulo se puede agregar con una instalaci\u00f3n r\u00e1pida y sencilla en todos los paneles de control ProSeries.<\/p>\n<\/p><\/div>\n<\/p><\/div>\n<div style='margin-bottom: 30px;'>\n<h2 style='font-size: 24px; font-weight: 600; margin-bottom: 15px; color: inherit;'>Especificaciones T\u00e9cnicas<\/h2>\n<div style='display: flex; flex-wrap: wrap; gap: 20px; margin-bottom: 30px;'>\n<div style='flex: 1 1 300px; min-width: 280px; border: 1px solid rgba(150&comma; 150&comma; 150&comma; 0.4); border-radius: 8px; overflow: hidden; display: flex; flex-direction: column;'>\n<div style='padding: 15px; border-bottom: 1px solid rgba(150&comma; 150&comma; 150&comma; 0.2); font-weight: bold; font-size: 18px; color: inherit;'>Caracter\u00edsticas Principales<\/div>\n<div style='padding: 15px; color: inherit;'>\n<ul style='padding-left: 20px; margin: 0; font-size: 14px; list-style-type: disc;'>\n<li style='margin-bottom: 5px;'>Instalaci\u00f3n rapida dentro del panel PROA7.<\/li>\n<li style='margin-bottom: 5px;'>Cumple con UL 1023.<\/li>\n<li style='margin-bottom: 5px;'>Alimentaci\u00f3n del m\u00f3dulo desde el panel.<\/li>\n<li style='margin-bottom: 5px;'>Selecci\u00f3n de protocolo basada en un interruptor rotativo \u00fanico.<\/li>\n<\/ul><\/div>\n<\/p><\/div>\n<div style='flex: 1 1 300px; min-width: 280px; border: 1px solid rgba(150&comma; 150&comma; 150&comma; 0.4); border-radius: 8px; overflow: hidden; display: flex; flex-direction: column;'>\n<div style='padding: 15px; border-bottom: 1px solid rgba(150&comma; 150&comma; 150&comma; 0.2); font-weight: bold; font-size: 18px; color: inherit;'>Funcionalidades<\/div>\n<div style='padding: 15px; color: inherit;'>\n<ul style='padding-left: 20px; margin: 0; font-size: 14px; list-style-type: disc;'>\n<li style='margin-bottom: 5px;'>Compatibilidad con protocolos: 5800 Series&comma; 2GIG&comma; DSC (North America)&comma; ITI&comma; BOSCH.<\/li>\n<li style='margin-bottom: 5px;'>Compatible con todos los paneles de control ProSeries.<\/li>\n<li style='margin-bottom: 5px;'>Frecuencia: 319 MHz&comma; 345 MHz y 433 MHz.<\/li>\n<\/ul><\/div>\n<\/p><\/div>\n<\/p><\/div>\n<\/p><\/div>\n<div style='margin-bottom: 30px;'>\n<h2 style='font-size: 24px; font-weight: 600; margin-bottom: 15px; color: inherit;'>Especificaciones Avanzadas<\/h2>\n<div style='display: flex; flex-wrap: wrap; gap: 20px; margin-bottom: 30px;'>\n<div style='flex: 1 1 300px; min-width: 280px; border: 1px solid rgba(150&comma; 150&comma; 150&comma; 0.4); border-radius: 8px; overflow: hidden; display: flex; flex-direction: column;'>\n<div style='padding: 15px; border-bottom: 1px solid rgba(150&comma; 150&comma; 150&comma; 0.2); font-weight: bold; font-size: 18px; color: inherit;'>Conectividad<\/div>\n<div style='padding: 15px; color: inherit;'>\n<ul style='padding-left: 20px; margin: 0; font-size: 14px; list-style-type: disc;'>\n<li style='margin-bottom: 5px;'>Frecuencia de operaci\u00f3n: 319 MHz&comma; 345 MHz&comma; 433 MHz.<\/li>\n<li style='margin-bottom: 5px;'>Dimensiones: 2.8&#8242; (71mm) L x 1.2&#8242; (30mm) W.<\/li>\n<\/ul><\/div>\n<\/p><\/div>\n<div style='flex: 1 1 300px; min-width: 280px; border: 1px solid rgba(150&comma; 150&comma; 150&comma; 0.4); border-radius: 8px; overflow: hidden; display: flex; flex-direction: column;'>\n<div style='padding: 15px; border-bottom: 1px solid rgba(150&comma; 150&comma; 150&comma; 0.2); font-weight: bold; font-size: 18px; color: inherit;'>Requisitos y Compatibilidad<\/div>\n<div style='padding: 15px; color: inherit;'>\n<ul style='padding-left: 20px; margin: 0; font-size: 14px; list-style-type: disc;'>\n<li style='margin-bottom: 5px;'>Alimentaci\u00f3n: 5VDC (Se alimenta directo del panel)<\/li>\n<li style='margin-bottom: 5px;'>Temperatura de operaci\u00f3n: 32\u00b0 a 122\u00b0 F \/ 0\u00b0 a 50\u00b0 C.<\/li>\n<li style='margin-bottom: 5px;'>Humedad de operaci\u00f3n: 95% m\u00e1x. no condensada.<\/li>\n<li style='margin-bottom: 5px;'>Aprobaciones: FCC\/IC&comma; ETL US Listed to UL 1023 and UL 1610&comma; cETL Listed to ULC C1023.<\/li>\n<li style='margin-bottom: 5px;'>Pa\u00edses autorizados: EE.UU.&comma; Canad\u00e1&comma; Am\u00e9rica Latina.<\/li>\n<\/ul><\/div>\n<\/p><\/div>\n<\/p><\/div>\n<\/p><\/div>\n<div style='margin-bottom: 30px;'>\n<h2 style='font-size: 24px; font-weight: 600; margin-bottom: 15px; color: inherit;'>Aplicaciones y Casos de Uso<\/h2>\n<div style='display: flex; flex-wrap: wrap; gap: 20px;'>\n<div style='flex: 1 1 100%; border: 1px solid rgba(150&comma; 150&comma; 150&comma; 0.4); border-radius: 8px; overflow: hidden; padding: 15px;'>\n<p style='color: inherit; font-size: 14px;'>Este m\u00f3dulo es ideal para la integraci\u00f3n de soluciones de seguridad inal\u00e1mbricas diversificadas en entornos residenciales y comerciales donde se requiere la compatibilidad con protocolos de sensores ya instalados.<\/p>\n<\/p><\/div>\n<\/p><\/div>\n<\/p><\/div>\n<\/p><\/div>\n","protected":false},"excerpt":{"rendered":"<p>Modulo PROTAKEOVER compatible con Panel ProSeries para recibir Sensores Inal\u00e1mbricos de la serie 5800, Bosch, 2GiG, ITI\/Qolsis y DSC<\/p>\n","protected":false},"featured_media":2566,"comment_status":"open","ping_status":"closed","template":"","meta":[],"product_brand":[],"product_cat":[410],"product_tag":[45,172,411],"class_list":{"0":"post-2567","1":"product","2":"type-product","3":"status-publish","4":"has-post-thumbnail","6":"product_cat-receptores-inalambricos","7":"product_tag-honeywell-home-resideo","8":"product_tag-modulos-de-expansion","9":"product_tag-receptores-inalambricos","11":"first","12":"instock","13":"sale","14":"shipping-taxable","15":"purchasable","16":"product-type-simple"},"_links":{"self":[{"href":"https:\/\/soydeaqui.ddns.net\/pachuca\/index.php\/wp-json\/wp\/v2\/product\/2567","targetHints":{"allow":["GET"]}}],"collection":[{"href":"https:\/\/soydeaqui.ddns.net\/pachuca\/index.php\/wp-json\/wp\/v2\/product"}],"about":[{"href":"https:\/\/soydeaqui.ddns.net\/pachuca\/index.php\/wp-json\/wp\/v2\/types\/product"}],"replies":[{"embeddable":true,"href":"https:\/\/soydeaqui.ddns.net\/pachuca\/index.php\/wp-json\/wp\/v2\/comments?post=2567"}],"wp:featuredmedia":[{"embeddable":true,"href":"https:\/\/soydeaqui.ddns.net\/pachuca\/index.php\/wp-json\/wp\/v2\/media\/2566"}],"wp:attachment":[{"href":"https:\/\/soydeaqui.ddns.net\/pachuca\/index.php\/wp-json\/wp\/v2\/media?parent=2567"}],"wp:term":[{"taxonomy":"product_brand","embeddable":true,"href":"https:\/\/soydeaqui.ddns.net\/pachuca\/index.php\/wp-json\/wp\/v2\/product_brand?post=2567"},{"taxonomy":"product_cat","embeddable":true,"href":"https:\/\/soydeaqui.ddns.net\/pachuca\/index.php\/wp-json\/wp\/v2\/product_cat?post=2567"},{"taxonomy":"product_tag","embeddable":true,"href":"https:\/\/soydeaqui.ddns.net\/pachuca\/index.php\/wp-json\/wp\/v2\/product_tag?post=2567"}],"curies":[{"name":"wp","href":"https:\/\/api.w.org\/{rel}","templated":true}]}}