{"id":25665,"date":"2026-03-18T11:58:27","date_gmt":"2026-03-18T11:58:27","guid":{"rendered":"https:\/\/soydeaqui.ddns.net\/pachuca\/index.php\/producto\/sensor-unidireccional-de-movimiento-para-puertas-automaticas-equipo-para-activacion\/"},"modified":"2026-03-18T11:58:27","modified_gmt":"2026-03-18T11:58:27","slug":"sensor-unidireccional-de-movimiento-para-puertas-automaticas-equipo-para-activacion","status":"publish","type":"product","link":"https:\/\/soydeaqui.ddns.net\/pachuca\/index.php\/producto\/sensor-unidireccional-de-movimiento-para-puertas-automaticas-equipo-para-activacion\/","title":{"rendered":"Sensor Unidireccional de Movimiento Para Puertas Automaticas \/ Equipo Para Activaci\u00f3n"},"content":{"rendered":"<div style='width: 100%; max-width: 1200px; margin: 0 auto; font-family: sans-serif; line-height: 1.6; color: inherit; background-color: transparent;'>\n<div style='display: flex; flex-wrap: wrap; gap: 30px; margin-bottom: 30px;'>\n<div style='flex: 1 1 300px; min-width: 280px;'>\n<h3 style='font-size: 22px; border-bottom: 2px solid currentColor; padding-bottom: 5px; margin-top: 0; color: inherit; opacity: 0.8;'>Caracter\u00edsticas principales<\/h3>\n<ul style='padding-left: 20px; font-size: 15px; color: inherit;'>\n<li style='margin-bottom: 5px;'>Modo de detecci\u00f3n: <strong>Movimiento<\/strong><\/li>\n<li style='margin-bottom: 5px;'>Tecnologia: <strong>Microondas<\/strong><\/li>\n<li style='margin-bottom: 5px;'>Frecuencia de transmisi\u00f3n: <strong>24.150 GHz<\/strong><\/li>\n<\/ul><\/div>\n<div style='flex: 1 1 300px; min-width: 280px;'>\n<h3 style='font-size: 22px; border-bottom: 2px solid currentColor; padding-bottom: 5px; margin-top: 0; color: inherit; opacity: 0.8;'>Caracter\u00edsticas F\u00edsicas y El\u00e9ctricas<\/h3>\n<ul style='padding-left: 20px; font-size: 15px; color: inherit;'>\n<li style='margin-bottom: 5px;'>Voltaje de alimentaci\u00f3n: <strong>12 a 24 VAC\/VDC<\/strong><\/li>\n<li style='margin-bottom: 5px;'>Consumo: <strong>2W<\/strong><\/li>\n<li style='margin-bottom: 5px;'>Grado de protecci\u00f3n: <strong>IP54<\/strong><\/li>\n<\/ul><\/div>\n<div style='flex: 1 1 300px; min-width: 280px;'>\n<h3 style='font-size: 22px; border-bottom: 2px solid currentColor; padding-bottom: 5px; margin-top: 0; color: inherit; opacity: 0.8;'>Caracter\u00edsticas Destacadas<\/h3>\n<ul style='padding-left: 20px; font-size: 15px; color: inherit;'>\n<li style='margin-bottom: 5px;'>Altura de montaje: <strong>1.8 a 3 metros<\/strong><\/li>\n<li style='margin-bottom: 5px;'>Temperatura de operaci\u00f3n: <strong>-20 a 55 \u00b0C<\/strong><\/li>\n<li style='margin-bottom: 5px;'>Velocidad m\u00ednima de detecci\u00f3n: <strong>5 m\/s<\/strong><\/li>\n<\/ul><\/div>\n<\/p><\/div>\n<hr style='border: 0; border-top: 1px solid rgba(150&comma; 150&comma; 150&comma; 0.3); margin: 30px 0;'>\n<div style='display: flex; flex-wrap: wrap; gap: 30px;'>\n<div style='flex: 1 1 400px; min-width: 280px;'>\n<h3 style='font-size: 20px; margin-top: 0; color: inherit;'>Sensor de activaci\u00f3n para puertas autom\u00e1ticas<\/h3>\n<h3 style='font-size: 18px; margin-top: 15px; color: inherit;'>Caracter\u00edsticas adicionales:<\/h3>\n<ul style='padding-left: 20px; font-size: 14px; color: inherit;'>\n<li style='margin-bottom: 8px;'>Debido a la unidireccionalidad&comma; la duraci\u00f3n del ciclo de apertura de la puerta es m\u00e1s corto&comma; lo que reduce la p\u00e9rdida de calor en el edificio y ahorra energ\u00eda. Esto tambi\u00e9n optimiza la funci\u00f3n de &#8216;esclusa de aire&#8217;.<\/li>\n<li style='margin-bottom: 8px;'>F\u00e1cil configuraci\u00f3n con interruptores DIP y potenci\u00f3metro.<\/li>\n<li style='margin-bottom: 8px;'>Dise\u00f1o compacto en armon\u00eda con la gama VIO<\/li>\n<\/ul>\n<p style='text-align: justify; font-size: 14px; color: inherit;'>El <strong>10-VIO-M<\/strong> utiliza tecnolog\u00eda de radar para detectar movimiento y activar todo tipo de puertas en cualquier entorno en el que se encuentren. Gracias a su m\u00e9todo de detecci\u00f3n unidireccional&comma; <strong>10-VIO-M1<\/strong> ofrece una estabilidad y confiabilidad insuperables. El radar unidireccional permite ahorrar energ\u00eda.<\/p>\n<\/p><\/div>\n<div style='flex: 1 1 400px; min-width: 280px;'> <img style='width: 100%; height: auto; border: 1px solid rgba(150&comma;150&comma;150&comma;0.3); border-radius: 8px;' src='https:\/\/ftp3.syscom.mx\/usuarios\/fotos\/10VIOM1\/205179-10viom1.jpg' alt='Sensor Unidireccional de Movimiento Para Puertas Automaticas'> <\/div>\n<\/p><\/div>\n<hr style='border: 0; border-top: 1px solid rgba(150&comma; 150&comma; 150&comma; 0.3); margin: 30px 0;'> <\/div>\n","protected":false},"excerpt":{"rendered":"<p>Sensor Unidireccional de Movimiento Para Puertas Automaticas \/ Equipo Para Activaci\u00f3n<\/p>\n","protected":false},"featured_media":25664,"comment_status":"open","ping_status":"closed","template":"","meta":[],"product_brand":[],"product_cat":[777],"product_tag":[401,93,843],"class_list":{"0":"post-25665","1":"product","2":"type-product","3":"status-publish","4":"has-post-thumbnail","6":"product_cat-accesorios-acceso-vehicular","7":"product_tag-acceso-vehicular","8":"product_tag-accesorios","9":"product_tag-bea","11":"first","12":"instock","13":"sale","14":"shipping-taxable","15":"purchasable","16":"product-type-simple"},"_links":{"self":[{"href":"https:\/\/soydeaqui.ddns.net\/pachuca\/index.php\/wp-json\/wp\/v2\/product\/25665","targetHints":{"allow":["GET"]}}],"collection":[{"href":"https:\/\/soydeaqui.ddns.net\/pachuca\/index.php\/wp-json\/wp\/v2\/product"}],"about":[{"href":"https:\/\/soydeaqui.ddns.net\/pachuca\/index.php\/wp-json\/wp\/v2\/types\/product"}],"replies":[{"embeddable":true,"href":"https:\/\/soydeaqui.ddns.net\/pachuca\/index.php\/wp-json\/wp\/v2\/comments?post=25665"}],"wp:featuredmedia":[{"embeddable":true,"href":"https:\/\/soydeaqui.ddns.net\/pachuca\/index.php\/wp-json\/wp\/v2\/media\/25664"}],"wp:attachment":[{"href":"https:\/\/soydeaqui.ddns.net\/pachuca\/index.php\/wp-json\/wp\/v2\/media?parent=25665"}],"wp:term":[{"taxonomy":"product_brand","embeddable":true,"href":"https:\/\/soydeaqui.ddns.net\/pachuca\/index.php\/wp-json\/wp\/v2\/product_brand?post=25665"},{"taxonomy":"product_cat","embeddable":true,"href":"https:\/\/soydeaqui.ddns.net\/pachuca\/index.php\/wp-json\/wp\/v2\/product_cat?post=25665"},{"taxonomy":"product_tag","embeddable":true,"href":"https:\/\/soydeaqui.ddns.net\/pachuca\/index.php\/wp-json\/wp\/v2\/product_tag?post=25665"}],"curies":[{"name":"wp","href":"https:\/\/api.w.org\/{rel}","templated":true}]}}