{"id":2559,"date":"2026-03-18T05:58:17","date_gmt":"2026-03-18T05:58:17","guid":{"rendered":"https:\/\/soydeaqui.ddns.net\/pachuca\/index.php\/producto\/alula-sensor-de-puerta-ventana-longlife-vida-de-bateria-10-anos-montaje-rapido-y-seguro-transmisiones-inalambricas-cifradas-conect-encriptado\/"},"modified":"2026-03-18T05:58:18","modified_gmt":"2026-03-18T05:58:18","slug":"alula-sensor-de-puerta-ventana-longlife-vida-de-bateria-10-anos-montaje-rapido-y-seguro-transmisiones-inalambricas-cifradas-conect-encriptado","status":"publish","type":"product","link":"https:\/\/soydeaqui.ddns.net\/pachuca\/index.php\/producto\/alula-sensor-de-puerta-ventana-longlife-vida-de-bateria-10-anos-montaje-rapido-y-seguro-transmisiones-inalambricas-cifradas-conect-encriptado\/","title":{"rendered":"ALULA &#8211; Sensor de Puerta\/Ventana LongLife \/ Vida de Bater\u00eda 10 a\u00f1os \/ Montaje R\u00e1pido y Seguro \/ Transmisiones Inal\u00e1mbricas Cifradas \/ Conect+ Encriptado"},"content":{"rendered":"<div style='width: 100%; max-width: 1200px; margin: 0 auto; font-family: sans-serif; line-height: 1.6; color: inherit; background-color: transparent;'> <!-- Imagen principal --> <\/p>\n<div style='width: 100%; margin-bottom: 30px;'> <img style='width: 100%; height: auto; border: 1px solid rgba(150&comma;150&comma;150&comma;0.3); border-radius: 8px;' src='https:\/\/ftp3.syscom.mx\/usuarios\/vvega\/alula\/imagenes\/encabezado.jpg' alt=''> <\/div>\n<p> <!-- Secci\u00f3n de descripci\u00f3n general --> <\/p>\n<div style='margin-bottom: 30px;'>\n<h2 style='font-size: 22px; border-bottom: 2px solid currentColor; padding-bottom: 5px; margin-top: 0; margin-bottom: 15px; color: inherit; opacity: 0.8;'>Descripci\u00f3n General<\/h2>\n<p style='font-size: 15px; color: inherit; margin-bottom: 15px;'>El Sensor de Puerta\/Ventana LongLife es un transmisor dise\u00f1ado para detectar aperturas y cierres de puertas y ventanas&comma; generando una alarma cuando el im\u00e1n se aleja del sensor. Cuenta con una bater\u00eda de larga duraci\u00f3n de diez a\u00f1os y transmisiones inal\u00e1mbricas cifradas para garantizar la seguridad de la conexi\u00f3n.<\/p>\n<\/p><\/div>\n<p> <!-- Secci\u00f3n de caracter\u00edsticas y funcionalidades --> <\/p>\n<div style='display: flex; flex-wrap: wrap; gap: 30px; margin-bottom: 30px;'>\n<div style='flex: 1 1 300px; min-width: 280px;'>\n<h3 style='font-size: 22px; border-bottom: 2px solid currentColor; padding-bottom: 5px; margin-top: 0; margin-bottom: 15px; color: inherit; opacity: 0.8;'>Caracter\u00edsticas Principales<\/h3>\n<ul style='padding-left: 20px; font-size: 15px; color: inherit;'>\n<li style='margin-bottom: 5px;'>Vida \u00fatil de la bater\u00eda de 10 a\u00f1os<\/li>\n<li style='margin-bottom: 5px;'>Montaje r\u00e1pido con cinta adhesiva 3M VHB<\/li>\n<li style='margin-bottom: 5px;'>Transmisiones inal\u00e1mbricas seguras y cifradas<\/li>\n<\/ul><\/div>\n<div style='flex: 1 1 300px; min-width: 280px;'>\n<h3 style='font-size: 22px; border-bottom: 2px solid currentColor; padding-bottom: 5px; margin-top: 0; margin-bottom: 15px; color: inherit; opacity: 0.8;'>Funcionalidades<\/h3>\n<ul style='padding-left: 20px; font-size: 15px; color: inherit;'>\n<li style='margin-bottom: 5px;'>Sensor de apertura\/cierre de puertas y ventanas<\/li>\n<li style='margin-bottom: 5px;'>Enrollamiento inal\u00e1mbrico f\u00e1cil mediante se\u00f1al de enrolamiento o ingreso manual de n\u00famero de serie<\/li>\n<li style='margin-bottom: 5px;'>Detecci\u00f3n de tamper al remover la cubierta<\/li>\n<\/ul><\/div>\n<\/p><\/div>\n<p> <!-- Secci\u00f3n de especificaciones avanzadas --> <\/p>\n<div style='display: flex; flex-wrap: wrap; gap: 30px; margin-bottom: 30px;'>\n<div style='flex: 1 1 300px; min-width: 280px;'>\n<h3 style='font-size: 22px; border-bottom: 2px solid currentColor; padding-bottom: 5px; margin-top: 0; margin-bottom: 15px; color: inherit; opacity: 0.8;'>Interfaces y Conectividad<\/h3>\n<ul style='padding-left: 20px; font-size: 15px; color: inherit;'>\n<li style='margin-bottom: 5px;'>Frecuencia de operaci\u00f3n: 433.92 MHz<\/li>\n<li style='margin-bottom: 5px;'>Indicaciones transmitidas: Tamper de cubierta&comma; bater\u00eda baja&comma; supervisi\u00f3n<\/li>\n<\/ul><\/div>\n<div style='flex: 1 1 300px; min-width: 280px;'>\n<h3 style='font-size: 22px; border-bottom: 2px solid currentColor; padding-bottom: 5px; margin-top: 0; margin-bottom: 15px; color: inherit; opacity: 0.8;'>Requisitos y Compatibilidad<\/h3>\n<ul style='padding-left: 20px; font-size: 15px; color: inherit;'>\n<li style='margin-bottom: 5px;'>Temperatura de operaci\u00f3n: 32\u00b0F a 120\u00b0F (0\u00b0C a 49\u00b0C)<\/li>\n<li style='margin-bottom: 5px;'>Humedad m\u00e1xima: 85% sin condensaci\u00f3n<\/li>\n<li style='margin-bottom: 5px;'>Pilas: Una Panasonic CR2032&comma; 3.0 VDC<\/li>\n<li style='margin-bottom: 5px;'>Apertura m\u00e1xima de im\u00e1n: 0.75 pulgadas (1.9 cm)<\/li>\n<li style='margin-bottom: 5px;'>Certificaciones: FCC&comma; IC<\/li>\n<\/ul><\/div>\n<\/p><\/div>\n<p> <!-- Separador --> <\/p>\n<hr style='border: 0; border-top: 1px solid rgba(150&comma; 150&comma; 150&comma; 0.3); margin: 30px 0;'> <!-- Secci\u00f3n de aplicaciones y casos de uso --> <\/p>\n<div style='margin-bottom: 30px;'>\n<h2 style='font-size: 22px; border-bottom: 2px solid currentColor; padding-bottom: 5px; margin-top: 0; margin-bottom: 15px; color: inherit; opacity: 0.8;'>Aplicaciones y Casos de Uso<\/h2>\n<p style='font-size: 15px; color: inherit; margin-bottom: 15px;'>Este sensor es ideal para sistemas de seguridad residenciales y comerciales&comma; protegiendo puertas y ventanas contra intrusiones. Su dise\u00f1o compacto permite instalarlo en m\u00faltiples ubicaciones sin afectar la est\u00e9tica del lugar.<\/p>\n<\/p><\/div>\n<\/p><\/div>\n","protected":false},"excerpt":{"rendered":"<p>ALULA &#8211; Sensor de Puerta\/Ventana LongLife \/ Vida de Bater\u00eda 10 a\u00f1os \/ Montaje R\u00e1pido y Seguro \/ Transmisiones Inal\u00e1mbricas Cifradas \/ Conect+ Encriptado<\/p>\n","protected":false},"featured_media":2558,"comment_status":"open","ping_status":"closed","template":"","meta":[],"product_brand":[],"product_cat":[426],"product_tag":[114,19,188],"class_list":{"0":"post-2559","1":"product","2":"type-product","3":"status-publish","4":"has-post-thumbnail","6":"product_cat-contactos-magneticos-detectores-sensores","7":"product_tag-contactos-magneticos","8":"product_tag-detectores-sensores","9":"product_tag-m2m-services","11":"first","12":"instock","13":"sale","14":"shipping-taxable","15":"purchasable","16":"product-type-simple"},"_links":{"self":[{"href":"https:\/\/soydeaqui.ddns.net\/pachuca\/index.php\/wp-json\/wp\/v2\/product\/2559","targetHints":{"allow":["GET"]}}],"collection":[{"href":"https:\/\/soydeaqui.ddns.net\/pachuca\/index.php\/wp-json\/wp\/v2\/product"}],"about":[{"href":"https:\/\/soydeaqui.ddns.net\/pachuca\/index.php\/wp-json\/wp\/v2\/types\/product"}],"replies":[{"embeddable":true,"href":"https:\/\/soydeaqui.ddns.net\/pachuca\/index.php\/wp-json\/wp\/v2\/comments?post=2559"}],"wp:featuredmedia":[{"embeddable":true,"href":"https:\/\/soydeaqui.ddns.net\/pachuca\/index.php\/wp-json\/wp\/v2\/media\/2558"}],"wp:attachment":[{"href":"https:\/\/soydeaqui.ddns.net\/pachuca\/index.php\/wp-json\/wp\/v2\/media?parent=2559"}],"wp:term":[{"taxonomy":"product_brand","embeddable":true,"href":"https:\/\/soydeaqui.ddns.net\/pachuca\/index.php\/wp-json\/wp\/v2\/product_brand?post=2559"},{"taxonomy":"product_cat","embeddable":true,"href":"https:\/\/soydeaqui.ddns.net\/pachuca\/index.php\/wp-json\/wp\/v2\/product_cat?post=2559"},{"taxonomy":"product_tag","embeddable":true,"href":"https:\/\/soydeaqui.ddns.net\/pachuca\/index.php\/wp-json\/wp\/v2\/product_tag?post=2559"}],"curies":[{"name":"wp","href":"https:\/\/api.w.org\/{rel}","templated":true}]}}