{"id":25574,"date":"2026-03-18T11:56:31","date_gmt":"2026-03-18T11:56:31","guid":{"rendered":"https:\/\/soydeaqui.ddns.net\/pachuca\/index.php\/producto\/radar-de-seguridad-para-barreras-vehiculares-con-conexion-bluetooth-ideal-para-remplazar-lazos-magneticos\/"},"modified":"2026-03-18T11:56:37","modified_gmt":"2026-03-18T11:56:37","slug":"radar-de-seguridad-para-barreras-vehiculares-con-conexion-bluetooth-ideal-para-remplazar-lazos-magneticos","status":"publish","type":"product","link":"https:\/\/soydeaqui.ddns.net\/pachuca\/index.php\/producto\/radar-de-seguridad-para-barreras-vehiculares-con-conexion-bluetooth-ideal-para-remplazar-lazos-magneticos\/","title":{"rendered":"Radar de Seguridad Para Barreras Vehiculares Con Conexi\u00f3n BLUETOOTH \/ Ideal para Remplazar Lazos Magneticos"},"content":{"rendered":"<div style='width: 100%; max-width: 1200px; margin: 0 auto; font-family: sans-serif; line-height: 1.6; color: inherit; background-color: transparent;'> <!-- Secci\u00f3n de caracter\u00edsticas --> <\/p>\n<div style='display: flex; flex-wrap: wrap; gap: 30px; margin-bottom: 30px;'>\n<div style='flex: 1 1 300px; min-width: 280px;'>\n<h3 style='font-size: 22px; border-bottom: 2px solid currentColor; padding-bottom: 5px; margin-top: 0; color: inherit; opacity: 0.8;'>Caracter\u00edsticas principales<\/h3>\n<ul style='padding-left: 20px; font-size: 15px; color: inherit;'>\n<li style='margin-bottom: 5px;'>Distancia de detecci\u00f3n hasta 6m<\/li>\n<li style='margin-bottom: 5px;'>Ideal para reemplazar lazos magn\u00e9ticos<\/li>\n<li style='margin-bottom: 5px;'>Salidas de relevador NO\/NC<\/li>\n<\/ul><\/div>\n<div style='flex: 1 1 300px; min-width: 280px;'>\n<h3 style='font-size: 22px; border-bottom: 2px solid currentColor; padding-bottom: 5px; margin-top: 0; color: inherit; opacity: 0.8;'>Caracter\u00edsticas F\u00edsicas y El\u00e9ctricas<\/h3>\n<ul style='padding-left: 20px; font-size: 15px; color: inherit;'>\n<li style='margin-bottom: 5px;'>Alimentaci\u00f3n de 12 Vdc<\/li>\n<li style='margin-bottom: 5px;'>Consumo de corriente 0.2 A<\/li>\n<li style='margin-bottom: 5px;'>Consumo de hasta 2.5 W<\/li>\n<\/ul><\/div>\n<div style='flex: 1 1 300px; min-width: 280px;'>\n<h3 style='font-size: 22px; border-bottom: 2px solid currentColor; padding-bottom: 5px; margin-top: 0; color: inherit; opacity: 0.8;'>Caracter\u00edsticas Destacadas<\/h3>\n<ul style='padding-left: 20px; font-size: 15px; color: inherit;'>\n<li style='margin-bottom: 5px;'>F\u00e1cil configuraci\u00f3n en sitio<\/li>\n<li style='margin-bottom: 5px;'>Compatibilidad con barreras AccessPro<\/li>\n<\/ul><\/div>\n<\/p><\/div>\n<p> <!-- Secci\u00f3n de contenido principal --> <\/p>\n<div style='display: flex; flex-wrap: wrap; gap: 30px; margin-bottom: 30px;'>\n<div style='flex: 1 1 500px; min-width: 300px;'>\n<h2 style='font-size: 20px; margin-top: 0; color: inherit;'>Radar para barreras Vehiculares&comma; Ideal para reemplazar lazos magn\u00e9ticos<\/h2>\n<h3 style='font-size: 18px; color: inherit;'>Caracter\u00edsticas:<\/h3>\n<ul style='padding-left: 20px; font-size: 15px; color: inherit;'>\n<li style='margin-bottom: 5px;'>Leds indicadores de estado<\/li>\n<li style='margin-bottom: 5px;'>Campo de detecci\u00f3n de hasta 6 metros<\/li>\n<li style='margin-bottom: 5px;'>F\u00e1cil configuraci\u00f3n<\/li>\n<li style='margin-bottom: 5px;'>Conexi\u00f3n Bluetooth<\/li>\n<\/ul>\n<h3 style='font-size: 18px; color: inherit;'>Notas adicionales:<\/h3>\n<ul style='padding-left: 20px; font-size: 15px; color: inherit;'>\n<li style='margin-bottom: 5px;'>La detecci\u00f3n inicial debe de ser de un objeto met\u00e1lico<\/li>\n<li style='margin-bottom: 5px;'>Equipo con contra defectos de fabricaci\u00f3n<\/li>\n<li style='margin-bottom: 5px;'>Compatible con barreras AccessPRO&comma; CAME y FAAC620<\/li>\n<li style='margin-bottom: 5px;'>Aplicaci\u00f3n para Android <strong>ISensor<\/strong><\/li>\n<li style='margin-bottom: 5px;'>Aplicaci\u00f3n para IPhone <strong>Radar Assistant<\/strong><\/li>\n<\/ul><\/div>\n<div style='flex: 1 1 500px; min-width: 300px;'> <img style='width: 100%; height: auto; border: 1px solid rgba(150&comma;150&comma;150&comma;0.3); border-radius: 8px;' src='https:\/\/ftp3.syscom.mx\/usuarios\/fotos\/BancoFotografiasSyscom\/ACCESSPRO\/XBSRDA09\/XBSRDA09-AD-1-l.PNG' alt='Radar de Seguridad para Barreras Vehiculares'> <\/div>\n<\/p><\/div>\n<p> <!-- Separador --> <\/p>\n<hr style='border: 0; border-top: 1px solid rgba(150&comma; 150&comma; 150&comma; 0.3); margin: 30px 0;'> <!-- Secci\u00f3n de video --> <\/p>\n<div style='text-align: center; margin: 30px 0;'>\n<h2 style='margin-bottom: 15px; font-size: 18px; color: inherit;'>Configuraci\u00f3n por medio de celular Android<\/h2>\n<div style='position: relative; padding-bottom: 56.25%; height: 0; overflow: hidden; margin-bottom: 30px;'>   <\/div>\n<\/p><\/div>\n<p> <!-- Separador --> <\/p>\n<hr style='border: 0; border-top: 1px solid rgba(150&comma; 150&comma; 150&comma; 0.3); margin: 30px 0;'> <!-- Nota final --> <\/p>\n<div style='text-align: center; margin: 30px 0;'>\n<h2 style='font-size: 16px; color: inherit;'>Si este dispositivo es utilizado para cierre de su barrera o motor deben colocarse fotoceldas de seguridad.<\/h2>\n<\/p><\/div>\n<p> <!-- Separador final --> <\/p>\n<hr style='border: 0; border-top: 1px solid rgba(150&comma; 150&comma; 150&comma; 0.3); margin: 30px 0;'> <\/div>\n","protected":false},"excerpt":{"rendered":"<p>Radar de Seguridad Para Barreras Vehiculares Con Conexi\u00f3n BLUETOOTH \/ Ideal para Remplazar Lazos Magneticos<\/p>\n","protected":false},"featured_media":25573,"comment_status":"open","ping_status":"closed","template":"","meta":[],"product_brand":[],"product_cat":[777],"product_tag":[401,93,234],"class_list":{"0":"post-25574","1":"product","2":"type-product","3":"status-publish","4":"has-post-thumbnail","6":"product_cat-accesorios-acceso-vehicular","7":"product_tag-acceso-vehicular","8":"product_tag-accesorios","9":"product_tag-accesspro","11":"first","12":"instock","13":"sale","14":"shipping-taxable","15":"purchasable","16":"product-type-simple"},"_links":{"self":[{"href":"https:\/\/soydeaqui.ddns.net\/pachuca\/index.php\/wp-json\/wp\/v2\/product\/25574","targetHints":{"allow":["GET"]}}],"collection":[{"href":"https:\/\/soydeaqui.ddns.net\/pachuca\/index.php\/wp-json\/wp\/v2\/product"}],"about":[{"href":"https:\/\/soydeaqui.ddns.net\/pachuca\/index.php\/wp-json\/wp\/v2\/types\/product"}],"replies":[{"embeddable":true,"href":"https:\/\/soydeaqui.ddns.net\/pachuca\/index.php\/wp-json\/wp\/v2\/comments?post=25574"}],"wp:featuredmedia":[{"embeddable":true,"href":"https:\/\/soydeaqui.ddns.net\/pachuca\/index.php\/wp-json\/wp\/v2\/media\/25573"}],"wp:attachment":[{"href":"https:\/\/soydeaqui.ddns.net\/pachuca\/index.php\/wp-json\/wp\/v2\/media?parent=25574"}],"wp:term":[{"taxonomy":"product_brand","embeddable":true,"href":"https:\/\/soydeaqui.ddns.net\/pachuca\/index.php\/wp-json\/wp\/v2\/product_brand?post=25574"},{"taxonomy":"product_cat","embeddable":true,"href":"https:\/\/soydeaqui.ddns.net\/pachuca\/index.php\/wp-json\/wp\/v2\/product_cat?post=25574"},{"taxonomy":"product_tag","embeddable":true,"href":"https:\/\/soydeaqui.ddns.net\/pachuca\/index.php\/wp-json\/wp\/v2\/product_tag?post=25574"}],"curies":[{"name":"wp","href":"https:\/\/api.w.org\/{rel}","templated":true}]}}