{"id":25564,"date":"2026-03-18T11:56:21","date_gmt":"2026-03-18T11:56:21","guid":{"rendered":"https:\/\/soydeaqui.ddns.net\/pachuca\/index.php\/producto\/pit-o-contenedor-para-bolardos-faac-j275-2k20\/"},"modified":"2026-03-18T11:56:22","modified_gmt":"2026-03-18T11:56:22","slug":"pit-o-contenedor-para-bolardos-faac-j275-2k20","status":"publish","type":"product","link":"https:\/\/soydeaqui.ddns.net\/pachuca\/index.php\/producto\/pit-o-contenedor-para-bolardos-faac-j275-2k20\/","title":{"rendered":"Pit o Contenedor Para Bolardos FAAC J275 2K20"},"content":{"rendered":"<div style='width: 100%; max-width: 1200px; margin: 0 auto; font-family: sans-serif; line-height: 1.6; color: inherit;'>\n<div style='display: flex; flex-direction: column; gap: 30px;'>\n<div style='display: flex; flex-direction: column; gap: 15px;'>\n<h2 style='font-size: 20px; border-bottom: 2px solid currentColor; padding-bottom: 5px; margin-top: 0; color: inherit; opacity: 0.8;'>Compatible con los modelos<\/h2>\n<div style='display: flex; flex-direction: column; gap: 10px;'>\n<p style='margin: 0; text-align: center;'><strong>116401<\/strong> Bolardo J275 2K20 HA H800 FAAC di\u00e1metro de 275 mm<\/p>\n<p style='margin: 0; text-align: center;'><strong>116431<\/strong> Bolardo de acero inoxidable J275 2K20 HA H800 FAAC di\u00e1metro de 275 mm<\/p>\n<\/p><\/div>\n<\/p><\/div>\n<div style='display: flex; flex-direction: column; gap: 15px;'>\n<h2 style='font-size: 20px; border-bottom: 2px solid currentColor; padding-bottom: 5px; margin-top: 0; color: inherit; opacity: 0.8;'>\u00bfQu\u00e9 elementos requiero para una instalaci\u00f3n de bolardos FAAC?<\/h2>\n<div style='display: flex; flex-direction: column; gap: 10px;'>\n<p style='margin: 0; text-align: center;'><strong>116401 u 116431<\/strong> Bolardos FAAC J275 2K20 HA H800 di\u00e1metro de 275 mm<\/p>\n<p style='margin: 0; text-align: center;'><strong>116140<\/strong> Pit o Contenedor de bolardos FAAC<\/p>\n<p style='margin: 0; text-align: center;'><strong>117300<\/strong> Tarjeta para bolardos FAAC (Soporta la conexi\u00f3n de hasta 3 bolardos)<\/p>\n<p style='margin: 0; text-align: center;'><strong>720119<\/strong> Contenedor de tarjeta electr\u00f3nica<\/p>\n<\/p><\/div>\n<\/p><\/div>\n<div style='display: flex; flex-direction: column; gap: 15px;'>\n<h2 style='font-size: 20px; border-bottom: 2px solid currentColor; padding-bottom: 5px; margin-top: 0; color: inherit; opacity: 0.8;'>Notas adicionales<\/h2>\n<div style='display: flex; flex-direction: column; gap: 10px;'>\n<p style='margin: 0; text-align: center;'>Equipo con un a\u00f1o de garant\u00eda contra defectos de f\u00e1brica<\/p>\n<p style='margin: 0; text-align: center;'>Se requiere un contenedor por cada bolardo a instalar<\/p>\n<\/p><\/div>\n<\/p><\/div>\n<\/p><\/div>\n<\/p><\/div>\n","protected":false},"excerpt":{"rendered":"<p>Pit o Contenedor Para Bolardos FAAC J275 2K20<\/p>\n","protected":false},"featured_media":25563,"comment_status":"open","ping_status":"closed","template":"","meta":[],"product_brand":[],"product_cat":[883],"product_tag":[401,778,884],"class_list":{"0":"post-25564","1":"product","2":"type-product","3":"status-publish","4":"has-post-thumbnail","6":"product_cat-pilonas-o-bolardos","7":"product_tag-acceso-vehicular","8":"product_tag-faac","9":"product_tag-pilonas-o-bolardos","11":"first","12":"outofstock","13":"sale","14":"shipping-taxable","15":"purchasable","16":"product-type-simple"},"_links":{"self":[{"href":"https:\/\/soydeaqui.ddns.net\/pachuca\/index.php\/wp-json\/wp\/v2\/product\/25564","targetHints":{"allow":["GET"]}}],"collection":[{"href":"https:\/\/soydeaqui.ddns.net\/pachuca\/index.php\/wp-json\/wp\/v2\/product"}],"about":[{"href":"https:\/\/soydeaqui.ddns.net\/pachuca\/index.php\/wp-json\/wp\/v2\/types\/product"}],"replies":[{"embeddable":true,"href":"https:\/\/soydeaqui.ddns.net\/pachuca\/index.php\/wp-json\/wp\/v2\/comments?post=25564"}],"wp:featuredmedia":[{"embeddable":true,"href":"https:\/\/soydeaqui.ddns.net\/pachuca\/index.php\/wp-json\/wp\/v2\/media\/25563"}],"wp:attachment":[{"href":"https:\/\/soydeaqui.ddns.net\/pachuca\/index.php\/wp-json\/wp\/v2\/media?parent=25564"}],"wp:term":[{"taxonomy":"product_brand","embeddable":true,"href":"https:\/\/soydeaqui.ddns.net\/pachuca\/index.php\/wp-json\/wp\/v2\/product_brand?post=25564"},{"taxonomy":"product_cat","embeddable":true,"href":"https:\/\/soydeaqui.ddns.net\/pachuca\/index.php\/wp-json\/wp\/v2\/product_cat?post=25564"},{"taxonomy":"product_tag","embeddable":true,"href":"https:\/\/soydeaqui.ddns.net\/pachuca\/index.php\/wp-json\/wp\/v2\/product_tag?post=25564"}],"curies":[{"name":"wp","href":"https:\/\/api.w.org\/{rel}","templated":true}]}}