{"id":25558,"date":"2026-03-18T11:56:12","date_gmt":"2026-03-18T11:56:12","guid":{"rendered":"https:\/\/soydeaqui.ddns.net\/pachuca\/index.php\/producto\/tarjeta-para-respaldo-de-baterias-para-cuadros-de-mando-came-compatible-con-modelo-801qa-0080\/"},"modified":"2026-03-18T11:56:17","modified_gmt":"2026-03-18T11:56:17","slug":"tarjeta-para-respaldo-de-baterias-para-cuadros-de-mando-came-compatible-con-modelo-801qa-0080","status":"publish","type":"product","link":"https:\/\/soydeaqui.ddns.net\/pachuca\/index.php\/producto\/tarjeta-para-respaldo-de-baterias-para-cuadros-de-mando-came-compatible-con-modelo-801qa-0080\/","title":{"rendered":"Tarjeta Para Respaldo de Bater\u00edas Para Cuadros de Mando CAME \/ Compatible con Modelo  801QA-0080"},"content":{"rendered":"<div style='width: 100%; max-width: 1200px; margin: 0 auto; font-family: sans-serif; line-height: 1.6; color: inherit; background-color: transparent;'> <!-- Secci\u00f3n de caracter\u00edsticas principales --> <\/p>\n<div style='display: flex; flex-wrap: wrap; gap: 30px; margin-bottom: 30px;'>\n<div style='flex: 1 1 300px; min-width: 280px;'>\n<h3 style='font-size: 22px; border-bottom: 2px solid currentColor; padding-bottom: 5px; margin-top: 0; color: inherit; opacity: 0.8;'>Caracter\u00edsticas T\u00e9cnicas<\/h3>\n<ul style='padding-left: 20px; font-size: 15px; color: inherit;'>\n<li style='margin-bottom: 5px;'><strong>Tipo:<\/strong> RLB<\/li>\n<li style='margin-bottom: 5px;'><strong>Consumo en reposo:<\/strong> 75 mA<\/li>\n<li style='margin-bottom: 5px;'><strong>Tensi\u00f3n de carga:<\/strong> 27 V<\/li>\n<li style='margin-bottom: 5px;'><strong>Corriente de carga m\u00e1x.:<\/strong> 400 mA<\/li>\n<li style='margin-bottom: 5px;'><strong>Temperatura de funcionamiento:<\/strong> -20 \u00f7 +55 \u00b0C<\/li>\n<\/ul><\/div>\n<div style='flex: 1 1 300px; min-width: 280px;'>\n<h3 style='font-size: 22px; border-bottom: 2px solid currentColor; padding-bottom: 5px; margin-top: 0; color: inherit; opacity: 0.8;'>Bater\u00edas<\/h3>\n<ul style='padding-left: 20px; font-size: 15px; color: inherit;'>\n<li style='margin-bottom: 5px;'><strong>Tipo:<\/strong> Recargable<\/li>\n<li style='margin-bottom: 5px;'><strong>Voltaje:<\/strong> 12 V<\/li>\n<li style='margin-bottom: 5px;'><strong>Amperaje:<\/strong> 1.3 Ah (SDN4\/6\/8\/10 \/ OPS001 \/ ZL60 \/ ZL65) \/ 3.2 Ah (FA7024)<\/li>\n<li style='margin-bottom: 5px;'><strong>Accesorios requeridos:<\/strong> 2 Bater\u00edas PL712<\/li>\n<\/ul><\/div>\n<\/p><\/div>\n<p> <!-- Secci\u00f3n de kits compatibles --> <\/p>\n<div style='margin-bottom: 30px;'>\n<h3 style='font-size: 22px; border-bottom: 2px solid currentColor; padding-bottom: 5px; margin-top: 0; color: inherit; opacity: 0.8;'>Kits Compatibles<\/h3>\n<ul style='padding-left: 20px; font-size: 15px; color: inherit;'>\n<li style='margin-bottom: 5px;'>KIT-AXO-3024 Kit de brazos abatibles AXO3024 (Que incluyan cuadro de mando 801QA-0080)<\/li>\n<li style='margin-bottom: 5px;'>KIT-AXO-5024 Kit de brazos abatibles AXO5024 (Que incluyan cuadro de mando 801QA-0080)<\/li>\n<\/ul><\/div>\n<p> <!-- Secci\u00f3n de componentes --> <\/p>\n<div style='display: flex; flex-wrap: wrap; gap: 30px; margin-bottom: 30px;'>\n<div style='flex: 1 1 300px; min-width: 280px;'>\n<h3 style='font-size: 22px; border-bottom: 2px solid currentColor; padding-bottom: 5px; margin-top: 0; color: inherit; opacity: 0.8;'>Componentes<\/h3>\n<ul style='padding-left: 20px; font-size: 15px; color: inherit;'>\n<li style='margin-bottom: 5px;'><strong>\u2460<\/strong> &#8211; Tarjeta LB39<\/li>\n<li style='margin-bottom: 5px;'><strong>\u2461<\/strong> &#8211; Caja para la tarjeta<\/li>\n<li style='margin-bottom: 5px;'><strong>\u2462<\/strong> &#8211; Fusible 10 A<\/li>\n<li style='margin-bottom: 5px;'><strong>\u2463<\/strong> &#8211; LED de estado<\/li>\n<li style='margin-bottom: 5px;'><strong>\u2464<\/strong> &#8211; Distanciadores y tornillos para la fijaci\u00f3n<\/li>\n<li style='margin-bottom: 5px;'><strong>\u2465<\/strong> &#8211; Cable de conexi\u00f3n<\/li>\n<li style='margin-bottom: 5px;'><strong>\u2466<\/strong> &#8211; Cables de conexi\u00f3n de las bater\u00edas<\/li>\n<\/ul><\/div>\n<div style='flex: 1 1 300px; min-width: 280px;'>\n<h3 style='font-size: 22px; border-bottom: 2px solid currentColor; padding-bottom: 5px; margin-top: 0; color: inherit; opacity: 0.8;'>Conexiones<\/h3>\n<ul style='padding-left: 20px; font-size: 15px; color: inherit;'>\n<li style='margin-bottom: 5px;'><strong>Calibre del cable:<\/strong> 2 x 1.5 mm\u00b2<\/li>\n<li style='margin-bottom: 5px;'><strong>Longitud m\u00e1xima:<\/strong> 2 m (para cuadros de mando) \/ 10 m (para motor FA7024\/7024CB)<\/li>\n<li style='margin-bottom: 5px;'><strong>Voltaje:<\/strong> 12 V<\/li>\n<li style='margin-bottom: 5px;'><strong>Amperaje:<\/strong> 1.3 Ah (SDN4\/6\/8\/10 \/ OPS001 \/ ZL60 \/ ZL65) \/ 3.2 Ah (FA7024)<\/li>\n<\/ul><\/div>\n<\/p><\/div>\n<p> <!-- Secci\u00f3n de LED de estado --> <\/p>\n<div style='margin-bottom: 30px;'>\n<h3 style='font-size: 22px; border-bottom: 2px solid currentColor; padding-bottom: 5px; margin-top: 0; color: inherit; opacity: 0.8;'>LED de Estado<\/h3>\n<ul style='padding-left: 20px; font-size: 15px; color: inherit;'>\n<li style='margin-bottom: 5px;'><strong>Verde fijo:<\/strong> Tensi\u00f3n de l\u00ednea presente&comma; NO en carga<\/li>\n<li style='margin-bottom: 5px;'><strong>Verde intermitente:<\/strong> Tensi\u00f3n de l\u00ednea presente&comma; en carga<\/li>\n<li style='margin-bottom: 5px;'><strong>Azul fijo:<\/strong> Funcionamiento con bater\u00eda<\/li>\n<li style='margin-bottom: 5px;'><strong>Azul intermitente:<\/strong> Funcionamiento en modalidad Green Power<\/li>\n<li style='margin-bottom: 5px;'><strong>Rojo:<\/strong> Bater\u00eda descargada<\/li>\n<\/ul><\/div>\n<p> <!-- Secci\u00f3n de especificaciones t\u00e9cnicas --> <\/p>\n<div style='display: flex; flex-wrap: wrap; gap: 20px; margin-bottom: 30px;'>\n<div style='flex: 1 1 250px; border: 1px solid rgba(150&comma; 150&comma; 150&comma; 0.4); border-radius: 8px; overflow: hidden; display: flex; flex-direction: column;'>\n<div style='padding: 15px; border-bottom: 1px solid rgba(150&comma; 150&comma; 150&comma; 0.2); font-weight: bold; font-size: 18px; color: inherit;'>Dimensiones<\/div>\n<div style='padding: 15px; color: inherit;'>\n<ul style='padding-left: 20px; margin: 0; font-size: 14px; list-style-type: disc;'>\n<li style='margin-bottom: 5px;'>93 x 43 x 51 mm<\/li>\n<li style='margin-bottom: 5px;'>134 x 67 x 61 mm<\/li>\n<\/ul><\/div>\n<\/p><\/div>\n<div style='flex: 1 1 250px; border: 1px solid rgba(150&comma; 150&comma; 150&comma; 0.4); border-radius: 8px; overflow: hidden; display: flex; flex-direction: column;'>\n<div style='padding: 15px; border-bottom: 1px solid rgba(150&comma; 150&comma; 150&comma; 0.2); font-weight: bold; font-size: 18px; color: inherit;'>Referencias<\/div>\n<div style='padding: 15px; color: inherit;'>\n<ul style='padding-left: 20px; margin: 0; font-size: 14px; list-style-type: disc;'>\n<li style='margin-bottom: 5px;'>SDN4\/6\/8\/10<\/li>\n<li style='margin-bottom: 5px;'>OPS001<\/li>\n<li style='margin-bottom: 5px;'>FA00148M4B<\/li>\n<li style='margin-bottom: 5px;'>ZN60<\/li>\n<li style='margin-bottom: 5px;'>ZN65<\/li>\n<li style='margin-bottom: 5px;'>LBF70<\/li>\n<\/ul><\/div>\n<\/p><\/div>\n<div style='flex: 1 1 250px; border: 1px solid rgba(150&comma; 150&comma; 150&comma; 0.4); border-radius: 8px; overflow: hidden; display: flex; flex-direction: column;'>\n<div style='padding: 15px; border-bottom: 1px solid rgba(150&comma; 150&comma; 150&comma; 0.2); font-weight: bold; font-size: 18px; color: inherit;'>Certificaciones<\/div>\n<div style='padding: 15px; color: inherit;'>\n<ul style='padding-left: 20px; margin: 0; font-size: 14px; list-style-type: disc;'>\n<li style='margin-bottom: 5px;'>Conforme a las Directivas vigentes<\/li>\n<li style='margin-bottom: 5px;'>Cumple con normativas vigentes<\/li>\n<\/ul><\/div>\n<\/p><\/div>\n<\/p><\/div>\n<p> <!-- Secci\u00f3n de instrucciones de instalaci\u00f3n --> <\/p>\n<div style='margin-bottom: 30px;'>\n<h3 style='font-size: 22px; border-bottom: 2px solid currentColor; padding-bottom: 5px; margin-top: 0; color: inherit; opacity: 0.8;'>Instrucciones de Instalaci\u00f3n<\/h3>\n<ol style='padding-left: 20px; font-size: 15px; color: inherit;'>\n<li style='margin-bottom: 10px;'>Desconectar la tensi\u00f3n de l\u00ednea antes de cualquier intervenci\u00f3n en los cuadros o automatizaciones.<\/li>\n<li style='margin-bottom: 10px;'>Fijar la tarjeta LB39&comma; sin caja&comma; en el cuadro de mando y colocar las bater\u00edas en una caja externa.<\/li>\n<li style='margin-bottom: 10px;'>Colocar la tarjeta RLB y las bater\u00edas seg\u00fan las indicaciones del fabricante.<\/li>\n<li style='margin-bottom: 10px;'>Desconectar el transformador de la tarjeta electr\u00f3nica y conectarlo a la tarjeta LB39.<\/li>\n<li style='margin-bottom: 10px;'>Conectar la tarjeta LB39 a la tarjeta electr\u00f3nica con el cable suministrado.<\/li>\n<li style='margin-bottom: 10px;'>Conectar las bater\u00edas con los cables suministrados.<\/li>\n<li style='margin-bottom: 10px;'>Para la instalaci\u00f3n en cuadros de mando&comma; prever cables de secci\u00f3n 1.5 mm\u00b2 con una longitud m\u00e1xima de 2 metros.<\/li>\n<li style='margin-bottom: 10px;'>Para la instalaci\u00f3n en motor FA7024\/7024CB&comma; utilizar cables de 1.5 mm\u00b2 con una longitud m\u00e1xima de 10 metros.<\/li>\n<\/ol><\/div>\n<p> <!-- Secci\u00f3n de eliminaci\u00f3n y medio ambiente --> <\/p>\n<div style='margin-bottom: 30px;'>\n<h3 style='font-size: 22px; border-bottom: 2px solid currentColor; padding-bottom: 5px; margin-top: 0; color: inherit; opacity: 0.8;'>Eliminaci\u00f3n y Medio Ambiente<\/h3>\n<ul style='padding-left: 20px; font-size: 15px; color: inherit;'>\n<li style='margin-bottom: 5px;'>Los componentes del embalaje (cart\u00f3n&comma; pl\u00e1stico&comma; etc.) se pueden considerar residuos s\u00f3lidos urbanos.<\/li>\n<li style='margin-bottom: 5px;'>Los componentes del producto (metales&comma; tarjetas electr\u00f3nicas&comma; bater\u00edas&comma; etc.) deben ser desmontados y eliminados por separado.<\/li>\n<li style='margin-bottom: 5px;'>Antes de eliminar el producto&comma; verificar las normativas vigentes en el lugar de instalaci\u00f3n.<\/li>\n<li style='margin-bottom: 5px;'><strong>No dejar en el medio ambiente.<\/strong><\/li>\n<\/ul><\/div>\n<p> <!-- Separador final --> <\/p>\n<hr style='border: 0; border-top: 1px solid rgba(150&comma; 150&comma; 150&comma; 0.3); margin: 30px 0;'> <\/div>\n","protected":false},"excerpt":{"rendered":"<p>Tarjeta Para Respaldo de Bater\u00edas Para Cuadros de Mando CAME \/ Compatible con Modelo  801QA-0080<\/p>\n","protected":false},"featured_media":25557,"comment_status":"open","ping_status":"closed","template":"","meta":[],"product_brand":[],"product_cat":[777],"product_tag":[401,93,779],"class_list":{"0":"post-25558","1":"product","2":"type-product","3":"status-publish","4":"has-post-thumbnail","6":"product_cat-accesorios-acceso-vehicular","7":"product_tag-acceso-vehicular","8":"product_tag-accesorios","9":"product_tag-came","11":"first","12":"instock","13":"sale","14":"shipping-taxable","15":"purchasable","16":"product-type-simple"},"_links":{"self":[{"href":"https:\/\/soydeaqui.ddns.net\/pachuca\/index.php\/wp-json\/wp\/v2\/product\/25558","targetHints":{"allow":["GET"]}}],"collection":[{"href":"https:\/\/soydeaqui.ddns.net\/pachuca\/index.php\/wp-json\/wp\/v2\/product"}],"about":[{"href":"https:\/\/soydeaqui.ddns.net\/pachuca\/index.php\/wp-json\/wp\/v2\/types\/product"}],"replies":[{"embeddable":true,"href":"https:\/\/soydeaqui.ddns.net\/pachuca\/index.php\/wp-json\/wp\/v2\/comments?post=25558"}],"wp:featuredmedia":[{"embeddable":true,"href":"https:\/\/soydeaqui.ddns.net\/pachuca\/index.php\/wp-json\/wp\/v2\/media\/25557"}],"wp:attachment":[{"href":"https:\/\/soydeaqui.ddns.net\/pachuca\/index.php\/wp-json\/wp\/v2\/media?parent=25558"}],"wp:term":[{"taxonomy":"product_brand","embeddable":true,"href":"https:\/\/soydeaqui.ddns.net\/pachuca\/index.php\/wp-json\/wp\/v2\/product_brand?post=25558"},{"taxonomy":"product_cat","embeddable":true,"href":"https:\/\/soydeaqui.ddns.net\/pachuca\/index.php\/wp-json\/wp\/v2\/product_cat?post=25558"},{"taxonomy":"product_tag","embeddable":true,"href":"https:\/\/soydeaqui.ddns.net\/pachuca\/index.php\/wp-json\/wp\/v2\/product_tag?post=25558"}],"curies":[{"name":"wp","href":"https:\/\/api.w.org\/{rel}","templated":true}]}}