{"id":2553,"date":"2026-03-18T05:58:15","date_gmt":"2026-03-18T05:58:15","guid":{"rendered":"https:\/\/soydeaqui.ddns.net\/pachuca\/index.php\/producto\/luz-de-pasillo-led-inalamabrica-buzzer-incorporado-iluminacion-segmentada-3-partes-alimentacion-a-baterias-pocsag-uso-solo-para-sistema-paciente-enfemero-wireless\/"},"modified":"2026-03-18T05:58:15","modified_gmt":"2026-03-18T05:58:15","slug":"luz-de-pasillo-led-inalamabrica-buzzer-incorporado-iluminacion-segmentada-3-partes-alimentacion-a-baterias-pocsag-uso-solo-para-sistema-paciente-enfemero-wireless","status":"publish","type":"product","link":"https:\/\/soydeaqui.ddns.net\/pachuca\/index.php\/producto\/luz-de-pasillo-led-inalamabrica-buzzer-incorporado-iluminacion-segmentada-3-partes-alimentacion-a-baterias-pocsag-uso-solo-para-sistema-paciente-enfemero-wireless\/","title":{"rendered":"Luz de Pasillo LED inalamabrica\/ Buzzer Incorporado \/ Iluminaci\u00f3n Segmentada 3 Partes \/ Alimentaci\u00f3n a baterias \/ POCSAG \/ Uso solo para sistema paciente-enfemero WIRELESS"},"content":{"rendered":"<div style='width: 100%; max-width: 1200px; margin: 0 auto; font-family: sans-serif; line-height: 1.6; color: inherit; background-color: transparent;'>\n<div style='display: flex; flex-wrap: wrap; gap: 30px; margin-bottom: 30px;'>\n<div style='flex: 1 1 300px; min-width: 280px;'>\n<h3 style='font-size: 22px; border-bottom: 2px solid currentColor; padding-bottom: 5px; margin-top: 0; color: inherit; opacity: 0.8;'>Descripci\u00f3n General<\/h3>\n<p style='font-size: 15px; color: inherit; margin-bottom: 15px;'>Luz de pasillo cuatricolor para la notificaci\u00f3n visual y ac\u00fastica de los eventos que ocurren en una habitaci\u00f3n&comma; sala o pasillo. Potencia ac\u00fastica regulable en 3 niveles.<\/p>\n<\/p><\/div>\n<\/p><\/div>\n<div style='display: flex; flex-wrap: wrap; gap: 20px; margin-bottom: 30px;'>\n<div style='flex: 1 1 250px; border: 1px solid rgba(150&comma; 150&comma; 150&comma; 0.4); border-radius: 8px; overflow: hidden; display: flex; flex-direction: column;'>\n<div style='padding: 15px; border-bottom: 1px solid rgba(150&comma; 150&comma; 150&comma; 0.2); font-weight: bold; font-size: 18px; color: inherit;'>Caracter\u00edsticas Principales<\/div>\n<div style='padding: 15px; color: inherit;'>\n<ul style='padding-left: 20px; margin: 0; font-size: 14px; list-style-type: disc;'>\n<li style='margin-bottom: 5px;'><strong>Peso:<\/strong> 0&comma;156 kg<\/li>\n<li style='margin-bottom: 5px;'><strong>Consumo:<\/strong> 50-600 mA<\/li>\n<li style='margin-bottom: 5px;'><strong>Frecuencia de operaci\u00f3n RF:<\/strong> 433MHz<\/li>\n<li style='margin-bottom: 5px;'><strong>Luz LED:<\/strong> 4 colores<\/li>\n<li style='margin-bottom: 5px;'><strong>Buzzer:<\/strong> Incorporado<\/li>\n<li style='margin-bottom: 5px;'><strong>Iluminaci\u00f3n:<\/strong> Segmentada en 3 partes<\/li>\n<\/ul><\/div>\n<\/p><\/div>\n<div style='flex: 1 1 250px; border: 1px solid rgba(150&comma; 150&comma; 150&comma; 0.4); border-radius: 8px; overflow: hidden; display: flex; flex-direction: column;'>\n<div style='padding: 15px; border-bottom: 1px solid rgba(150&comma; 150&comma; 150&comma; 0.2); font-weight: bold; font-size: 18px; color: inherit;'>Funcionalidades<\/div>\n<div style='padding: 15px; color: inherit;'>\n<ul style='padding-left: 20px; margin: 0; font-size: 14px; list-style-type: disc;'>\n<li style='margin-bottom: 5px;'><strong>Alimentaci\u00f3n:<\/strong> Posibilidad de usar pilas<\/li>\n<li style='margin-bottom: 5px;'><strong>Potencia ac\u00fastica:<\/strong> Regulable en 3 niveles<\/li>\n<\/ul><\/div>\n<\/p><\/div>\n<\/p><\/div>\n<div style='display: flex; flex-wrap: wrap; gap: 20px; margin-bottom: 30px;'>\n<div style='flex: 1 1 250px; border: 1px solid rgba(150&comma; 150&comma; 150&comma; 0.4); border-radius: 8px; overflow: hidden; display: flex; flex-direction: column;'>\n<div style='padding: 15px; border-bottom: 1px solid rgba(150&comma; 150&comma; 150&comma; 0.2); font-weight: bold; font-size: 18px; color: inherit;'>Interfaces y Conectividad<\/div>\n<div style='padding: 15px; color: inherit;'>\n<ul style='padding-left: 20px; margin: 0; font-size: 14px; list-style-type: disc;'>\n<li style='margin-bottom: 5px;'><strong>Comunicaci\u00f3n:<\/strong> POCSAG<\/li>\n<li style='margin-bottom: 5px;'><strong>Conexi\u00f3n:<\/strong> USB (Alimentaci\u00f3n)<\/li>\n<\/ul><\/div>\n<\/p><\/div>\n<div style='flex: 1 1 250px; border: 1px solid rgba(150&comma; 150&comma; 150&comma; 0.4); border-radius: 8px; overflow: hidden; display: flex; flex-direction: column;'>\n<div style='padding: 15px; border-bottom: 1px solid rgba(150&comma; 150&comma; 150&comma; 0.2); font-weight: bold; font-size: 18px; color: inherit;'>Requisitos y Compatibilidad<\/div>\n<div style='padding: 15px; color: inherit;'>\n<ul style='padding-left: 20px; margin: 0; font-size: 14px; list-style-type: disc;'>\n<li style='margin-bottom: 5px;'><strong>Alimentaci\u00f3n:<\/strong> 5V DC 1A<\/li>\n<\/ul><\/div>\n<\/p><\/div>\n<\/p><\/div>\n<div style='display: flex; flex-wrap: wrap; gap: 20px; margin-bottom: 30px;'>\n<div style='flex: 1 1 250px; border: 1px solid rgba(150&comma; 150&comma; 150&comma; 0.4); border-radius: 8px; overflow: hidden; display: flex; flex-direction: column;'>\n<div style='padding: 15px; border-bottom: 1px solid rgba(150&comma; 150&comma; 150&comma; 0.2); font-weight: bold; font-size: 18px; color: inherit;'>Aplicaciones<\/div>\n<div style='padding: 15px; color: inherit;'>\n<p style='margin: 0; font-size: 14px;'>Luz de notificaci\u00f3n de eventos en habitaciones&comma; salas o pasillos.<\/p>\n<\/p><\/div>\n<\/p><\/div>\n<\/p><\/div>\n<hr style='border: 0; border-top: 1px solid rgba(150&comma; 150&comma; 150&comma; 0.3); margin: 30px 0;'> <\/div>\n","protected":false},"excerpt":{"rendered":"<p>Luz de Pasillo LED inalamabrica\/ Buzzer Incorporado \/ Iluminaci\u00f3n Segmentada 3 Partes \/ Alimentaci\u00f3n a baterias \/ POCSAG \/ Uso solo para sistema paciente-enfemero WIRELESS<\/p>\n","protected":false},"featured_media":2552,"comment_status":"open","ping_status":"closed","template":"","meta":[],"product_brand":[],"product_cat":[151],"product_tag":[152,153,126],"class_list":{"0":"post-2553","1":"product","2":"type-product","3":"status-publish","4":"has-post-thumbnail","6":"product_cat-atencion-sociosanitaria","7":"product_tag-atencion-sociosanitaria","8":"product_tag-ibernex","9":"product_tag-sistemas-de-emergencia","11":"first","12":"outofstock","13":"sale","14":"shipping-taxable","15":"purchasable","16":"product-type-simple"},"yoast_head":"<!-- This site is optimized with the Yoast SEO plugin v27.4 - https:\/\/yoast.com\/product\/yoast-seo-wordpress\/ -->\r\n<title>Luz de Pasillo LED inalamabrica\/ Buzzer Incorporado \/ Iluminaci\u00f3n Segmentada 3 Partes \/ Alimentaci\u00f3n a baterias \/ POCSAG \/ Uso solo para sistema paciente-enfemero WIRELESS - Instalaci\u00f3n de C\u00e1maras de Seguridad en Pachuca<\/title>\r\n<meta name=\"robots\" content=\"index, follow, max-snippet:-1, max-image-preview:large, max-video-preview:-1\" \/>\r\n<link rel=\"canonical\" href=\"https:\/\/soydeaqui.ddns.net\/pachuca\/index.php\/producto\/luz-de-pasillo-led-inalamabrica-buzzer-incorporado-iluminacion-segmentada-3-partes-alimentacion-a-baterias-pocsag-uso-solo-para-sistema-paciente-enfemero-wireless\/\" \/>\r\n<meta property=\"og:locale\" content=\"es_MX\" \/>\r\n<meta property=\"og:type\" content=\"article\" \/>\r\n<meta property=\"og:title\" content=\"Luz de Pasillo LED inalamabrica\/ Buzzer Incorporado \/ Iluminaci\u00f3n Segmentada 3 Partes \/ Alimentaci\u00f3n a baterias \/ POCSAG \/ Uso solo para sistema paciente-enfemero WIRELESS - Instalaci\u00f3n de C\u00e1maras de Seguridad en Pachuca\" \/>\r\n<meta property=\"og:description\" content=\"Luz de Pasillo LED inalamabrica\/ Buzzer Incorporado \/ Iluminaci\u00f3n Segmentada 3 Partes \/ Alimentaci\u00f3n a baterias \/ POCSAG \/ Uso solo para sistema paciente-enfemero WIRELESS\" \/>\r\n<meta property=\"og:url\" content=\"https:\/\/soydeaqui.ddns.net\/pachuca\/index.php\/producto\/luz-de-pasillo-led-inalamabrica-buzzer-incorporado-iluminacion-segmentada-3-partes-alimentacion-a-baterias-pocsag-uso-solo-para-sistema-paciente-enfemero-wireless\/\" \/>\r\n<meta property=\"og:site_name\" content=\"Instalaci\u00f3n de C\u00e1maras de Seguridad en Pachuca\" \/>\r\n<meta property=\"og:image\" content=\"https:\/\/soydeaqui.ddns.net\/pachuca\/wp-content\/uploads\/2026\/03\/NX8820-l.png\" \/>\r\n\t<meta property=\"og:image:width\" content=\"1000\" \/>\r\n\t<meta property=\"og:image:height\" content=\"1000\" \/>\r\n\t<meta property=\"og:image:type\" content=\"image\/png\" \/>\r\n<meta name=\"twitter:card\" content=\"summary_large_image\" \/>\r\n<meta name=\"twitter:label1\" content=\"Tiempo de lectura\" \/>\n\t<meta name=\"twitter:data1\" content=\"1 minuto\" \/>\r\n<script type=\"application\/ld+json\" class=\"yoast-schema-graph\">{\"@context\":\"https:\\\/\\\/schema.org\",\"@graph\":[{\"@type\":\"WebPage\",\"@id\":\"https:\\\/\\\/soydeaqui.ddns.net\\\/pachuca\\\/index.php\\\/producto\\\/luz-de-pasillo-led-inalamabrica-buzzer-incorporado-iluminacion-segmentada-3-partes-alimentacion-a-baterias-pocsag-uso-solo-para-sistema-paciente-enfemero-wireless\\\/\",\"url\":\"https:\\\/\\\/soydeaqui.ddns.net\\\/pachuca\\\/index.php\\\/producto\\\/luz-de-pasillo-led-inalamabrica-buzzer-incorporado-iluminacion-segmentada-3-partes-alimentacion-a-baterias-pocsag-uso-solo-para-sistema-paciente-enfemero-wireless\\\/\",\"name\":\"Luz de Pasillo LED inalamabrica\\\/ Buzzer Incorporado \\\/ Iluminaci\u00f3n Segmentada 3 Partes \\\/ Alimentaci\u00f3n a baterias \\\/ POCSAG \\\/ Uso solo para sistema paciente-enfemero WIRELESS - Instalaci\u00f3n de C\u00e1maras de Seguridad en Pachuca\",\"isPartOf\":{\"@id\":\"https:\\\/\\\/soydeaqui.ddns.net\\\/pachuca\\\/#website\"},\"primaryImageOfPage\":{\"@id\":\"https:\\\/\\\/soydeaqui.ddns.net\\\/pachuca\\\/index.php\\\/producto\\\/luz-de-pasillo-led-inalamabrica-buzzer-incorporado-iluminacion-segmentada-3-partes-alimentacion-a-baterias-pocsag-uso-solo-para-sistema-paciente-enfemero-wireless\\\/#primaryimage\"},\"image\":{\"@id\":\"https:\\\/\\\/soydeaqui.ddns.net\\\/pachuca\\\/index.php\\\/producto\\\/luz-de-pasillo-led-inalamabrica-buzzer-incorporado-iluminacion-segmentada-3-partes-alimentacion-a-baterias-pocsag-uso-solo-para-sistema-paciente-enfemero-wireless\\\/#primaryimage\"},\"thumbnailUrl\":\"https:\\\/\\\/soydeaqui.ddns.net\\\/pachuca\\\/wp-content\\\/uploads\\\/2026\\\/03\\\/NX8820-l.png\",\"datePublished\":\"2026-03-18T05:58:15+00:00\",\"breadcrumb\":{\"@id\":\"https:\\\/\\\/soydeaqui.ddns.net\\\/pachuca\\\/index.php\\\/producto\\\/luz-de-pasillo-led-inalamabrica-buzzer-incorporado-iluminacion-segmentada-3-partes-alimentacion-a-baterias-pocsag-uso-solo-para-sistema-paciente-enfemero-wireless\\\/#breadcrumb\"},\"inLanguage\":\"es\",\"potentialAction\":[{\"@type\":\"ReadAction\",\"target\":[\"https:\\\/\\\/soydeaqui.ddns.net\\\/pachuca\\\/index.php\\\/producto\\\/luz-de-pasillo-led-inalamabrica-buzzer-incorporado-iluminacion-segmentada-3-partes-alimentacion-a-baterias-pocsag-uso-solo-para-sistema-paciente-enfemero-wireless\\\/\"]}]},{\"@type\":\"ImageObject\",\"inLanguage\":\"es\",\"@id\":\"https:\\\/\\\/soydeaqui.ddns.net\\\/pachuca\\\/index.php\\\/producto\\\/luz-de-pasillo-led-inalamabrica-buzzer-incorporado-iluminacion-segmentada-3-partes-alimentacion-a-baterias-pocsag-uso-solo-para-sistema-paciente-enfemero-wireless\\\/#primaryimage\",\"url\":\"https:\\\/\\\/soydeaqui.ddns.net\\\/pachuca\\\/wp-content\\\/uploads\\\/2026\\\/03\\\/NX8820-l.png\",\"contentUrl\":\"https:\\\/\\\/soydeaqui.ddns.net\\\/pachuca\\\/wp-content\\\/uploads\\\/2026\\\/03\\\/NX8820-l.png\",\"width\":1000,\"height\":1000},{\"@type\":\"BreadcrumbList\",\"@id\":\"https:\\\/\\\/soydeaqui.ddns.net\\\/pachuca\\\/index.php\\\/producto\\\/luz-de-pasillo-led-inalamabrica-buzzer-incorporado-iluminacion-segmentada-3-partes-alimentacion-a-baterias-pocsag-uso-solo-para-sistema-paciente-enfemero-wireless\\\/#breadcrumb\",\"itemListElement\":[{\"@type\":\"ListItem\",\"position\":1,\"name\":\"Inicio\",\"item\":\"https:\\\/\\\/soydeaqui.ddns.net\\\/pachuca\\\/\"},{\"@type\":\"ListItem\",\"position\":2,\"name\":\"Shop\",\"item\":\"https:\\\/\\\/soydeaqui.ddns.net\\\/pachuca\\\/index.php\\\/shop\\\/\"},{\"@type\":\"ListItem\",\"position\":3,\"name\":\"Luz de Pasillo LED inalamabrica\\\/ Buzzer Incorporado \\\/ Iluminaci\u00f3n Segmentada 3 Partes \\\/ Alimentaci\u00f3n a baterias \\\/ POCSAG \\\/ Uso solo para sistema paciente-enfemero WIRELESS\"}]},{\"@type\":\"WebSite\",\"@id\":\"https:\\\/\\\/soydeaqui.ddns.net\\\/pachuca\\\/#website\",\"url\":\"https:\\\/\\\/soydeaqui.ddns.net\\\/pachuca\\\/\",\"name\":\"Instalaci\u00f3n de C\u00e1maras de Seguridad en Pachuca\",\"description\":\"Instalaci\u00f3n de CCTV en Pachuca\",\"potentialAction\":[{\"@type\":\"SearchAction\",\"target\":{\"@type\":\"EntryPoint\",\"urlTemplate\":\"https:\\\/\\\/soydeaqui.ddns.net\\\/pachuca\\\/?s={search_term_string}\"},\"query-input\":{\"@type\":\"PropertyValueSpecification\",\"valueRequired\":true,\"valueName\":\"search_term_string\"}}],\"inLanguage\":\"es\"}]}<\/script>\r\n<!-- \/ Yoast SEO plugin. -->","yoast_head_json":{"title":"Luz de Pasillo LED inalamabrica\/ Buzzer Incorporado \/ Iluminaci\u00f3n Segmentada 3 Partes \/ Alimentaci\u00f3n a baterias \/ POCSAG \/ Uso solo para sistema paciente-enfemero WIRELESS - Instalaci\u00f3n de C\u00e1maras de Seguridad en Pachuca","robots":{"index":"index","follow":"follow","max-snippet":"max-snippet:-1","max-image-preview":"max-image-preview:large","max-video-preview":"max-video-preview:-1"},"canonical":"https:\/\/soydeaqui.ddns.net\/pachuca\/index.php\/producto\/luz-de-pasillo-led-inalamabrica-buzzer-incorporado-iluminacion-segmentada-3-partes-alimentacion-a-baterias-pocsag-uso-solo-para-sistema-paciente-enfemero-wireless\/","og_locale":"es_MX","og_type":"article","og_title":"Luz de Pasillo LED inalamabrica\/ Buzzer Incorporado \/ Iluminaci\u00f3n Segmentada 3 Partes \/ Alimentaci\u00f3n a baterias \/ POCSAG \/ Uso solo para sistema paciente-enfemero WIRELESS - Instalaci\u00f3n de C\u00e1maras de Seguridad en Pachuca","og_description":"Luz de Pasillo LED inalamabrica\/ Buzzer Incorporado \/ Iluminaci\u00f3n Segmentada 3 Partes \/ Alimentaci\u00f3n a baterias \/ POCSAG \/ Uso solo para sistema paciente-enfemero WIRELESS","og_url":"https:\/\/soydeaqui.ddns.net\/pachuca\/index.php\/producto\/luz-de-pasillo-led-inalamabrica-buzzer-incorporado-iluminacion-segmentada-3-partes-alimentacion-a-baterias-pocsag-uso-solo-para-sistema-paciente-enfemero-wireless\/","og_site_name":"Instalaci\u00f3n de C\u00e1maras de Seguridad en Pachuca","og_image":[{"width":1000,"height":1000,"url":"https:\/\/soydeaqui.ddns.net\/pachuca\/wp-content\/uploads\/2026\/03\/NX8820-l.png","type":"image\/png"}],"twitter_card":"summary_large_image","twitter_misc":{"Tiempo de lectura":"1 minuto"},"schema":{"@context":"https:\/\/schema.org","@graph":[{"@type":"WebPage","@id":"https:\/\/soydeaqui.ddns.net\/pachuca\/index.php\/producto\/luz-de-pasillo-led-inalamabrica-buzzer-incorporado-iluminacion-segmentada-3-partes-alimentacion-a-baterias-pocsag-uso-solo-para-sistema-paciente-enfemero-wireless\/","url":"https:\/\/soydeaqui.ddns.net\/pachuca\/index.php\/producto\/luz-de-pasillo-led-inalamabrica-buzzer-incorporado-iluminacion-segmentada-3-partes-alimentacion-a-baterias-pocsag-uso-solo-para-sistema-paciente-enfemero-wireless\/","name":"Luz de Pasillo LED inalamabrica\/ Buzzer Incorporado \/ Iluminaci\u00f3n Segmentada 3 Partes \/ Alimentaci\u00f3n a baterias \/ POCSAG \/ Uso solo para sistema paciente-enfemero WIRELESS - Instalaci\u00f3n de C\u00e1maras de Seguridad en Pachuca","isPartOf":{"@id":"https:\/\/soydeaqui.ddns.net\/pachuca\/#website"},"primaryImageOfPage":{"@id":"https:\/\/soydeaqui.ddns.net\/pachuca\/index.php\/producto\/luz-de-pasillo-led-inalamabrica-buzzer-incorporado-iluminacion-segmentada-3-partes-alimentacion-a-baterias-pocsag-uso-solo-para-sistema-paciente-enfemero-wireless\/#primaryimage"},"image":{"@id":"https:\/\/soydeaqui.ddns.net\/pachuca\/index.php\/producto\/luz-de-pasillo-led-inalamabrica-buzzer-incorporado-iluminacion-segmentada-3-partes-alimentacion-a-baterias-pocsag-uso-solo-para-sistema-paciente-enfemero-wireless\/#primaryimage"},"thumbnailUrl":"https:\/\/soydeaqui.ddns.net\/pachuca\/wp-content\/uploads\/2026\/03\/NX8820-l.png","datePublished":"2026-03-18T05:58:15+00:00","breadcrumb":{"@id":"https:\/\/soydeaqui.ddns.net\/pachuca\/index.php\/producto\/luz-de-pasillo-led-inalamabrica-buzzer-incorporado-iluminacion-segmentada-3-partes-alimentacion-a-baterias-pocsag-uso-solo-para-sistema-paciente-enfemero-wireless\/#breadcrumb"},"inLanguage":"es","potentialAction":[{"@type":"ReadAction","target":["https:\/\/soydeaqui.ddns.net\/pachuca\/index.php\/producto\/luz-de-pasillo-led-inalamabrica-buzzer-incorporado-iluminacion-segmentada-3-partes-alimentacion-a-baterias-pocsag-uso-solo-para-sistema-paciente-enfemero-wireless\/"]}]},{"@type":"ImageObject","inLanguage":"es","@id":"https:\/\/soydeaqui.ddns.net\/pachuca\/index.php\/producto\/luz-de-pasillo-led-inalamabrica-buzzer-incorporado-iluminacion-segmentada-3-partes-alimentacion-a-baterias-pocsag-uso-solo-para-sistema-paciente-enfemero-wireless\/#primaryimage","url":"https:\/\/soydeaqui.ddns.net\/pachuca\/wp-content\/uploads\/2026\/03\/NX8820-l.png","contentUrl":"https:\/\/soydeaqui.ddns.net\/pachuca\/wp-content\/uploads\/2026\/03\/NX8820-l.png","width":1000,"height":1000},{"@type":"BreadcrumbList","@id":"https:\/\/soydeaqui.ddns.net\/pachuca\/index.php\/producto\/luz-de-pasillo-led-inalamabrica-buzzer-incorporado-iluminacion-segmentada-3-partes-alimentacion-a-baterias-pocsag-uso-solo-para-sistema-paciente-enfemero-wireless\/#breadcrumb","itemListElement":[{"@type":"ListItem","position":1,"name":"Inicio","item":"https:\/\/soydeaqui.ddns.net\/pachuca\/"},{"@type":"ListItem","position":2,"name":"Shop","item":"https:\/\/soydeaqui.ddns.net\/pachuca\/index.php\/shop\/"},{"@type":"ListItem","position":3,"name":"Luz de Pasillo LED inalamabrica\/ Buzzer Incorporado \/ Iluminaci\u00f3n Segmentada 3 Partes \/ Alimentaci\u00f3n a baterias \/ POCSAG \/ Uso solo para sistema paciente-enfemero WIRELESS"}]},{"@type":"WebSite","@id":"https:\/\/soydeaqui.ddns.net\/pachuca\/#website","url":"https:\/\/soydeaqui.ddns.net\/pachuca\/","name":"Instalaci\u00f3n de C\u00e1maras de Seguridad en Pachuca","description":"Instalaci\u00f3n de CCTV en Pachuca","potentialAction":[{"@type":"SearchAction","target":{"@type":"EntryPoint","urlTemplate":"https:\/\/soydeaqui.ddns.net\/pachuca\/?s={search_term_string}"},"query-input":{"@type":"PropertyValueSpecification","valueRequired":true,"valueName":"search_term_string"}}],"inLanguage":"es"}]}},"_links":{"self":[{"href":"https:\/\/soydeaqui.ddns.net\/pachuca\/index.php\/wp-json\/wp\/v2\/product\/2553","targetHints":{"allow":["GET"]}}],"collection":[{"href":"https:\/\/soydeaqui.ddns.net\/pachuca\/index.php\/wp-json\/wp\/v2\/product"}],"about":[{"href":"https:\/\/soydeaqui.ddns.net\/pachuca\/index.php\/wp-json\/wp\/v2\/types\/product"}],"replies":[{"embeddable":true,"href":"https:\/\/soydeaqui.ddns.net\/pachuca\/index.php\/wp-json\/wp\/v2\/comments?post=2553"}],"wp:featuredmedia":[{"embeddable":true,"href":"https:\/\/soydeaqui.ddns.net\/pachuca\/index.php\/wp-json\/wp\/v2\/media\/2552"}],"wp:attachment":[{"href":"https:\/\/soydeaqui.ddns.net\/pachuca\/index.php\/wp-json\/wp\/v2\/media?parent=2553"}],"wp:term":[{"taxonomy":"product_brand","embeddable":true,"href":"https:\/\/soydeaqui.ddns.net\/pachuca\/index.php\/wp-json\/wp\/v2\/product_brand?post=2553"},{"taxonomy":"product_cat","embeddable":true,"href":"https:\/\/soydeaqui.ddns.net\/pachuca\/index.php\/wp-json\/wp\/v2\/product_cat?post=2553"},{"taxonomy":"product_tag","embeddable":true,"href":"https:\/\/soydeaqui.ddns.net\/pachuca\/index.php\/wp-json\/wp\/v2\/product_tag?post=2553"}],"curies":[{"name":"wp","href":"https:\/\/api.w.org\/{rel}","templated":true}]}}