{"id":25451,"date":"2026-03-18T11:54:07","date_gmt":"2026-03-18T11:54:07","guid":{"rendered":"https:\/\/soydeaqui.ddns.net\/pachuca\/index.php\/producto\/kit-transmisor-receptor-electronivel-1-km-linea-de-vista-para-tinaco-y-cisterna\/"},"modified":"2026-03-18T11:54:14","modified_gmt":"2026-03-18T11:54:14","slug":"kit-transmisor-receptor-electronivel-1-km-linea-de-vista-para-tinaco-y-cisterna","status":"publish","type":"product","link":"https:\/\/soydeaqui.ddns.net\/pachuca\/index.php\/producto\/kit-transmisor-receptor-electronivel-1-km-linea-de-vista-para-tinaco-y-cisterna\/","title":{"rendered":"KIT Transmisor \/ Receptor Electronivel \/ 1 KM Linea de Vista \/ Para tinaco y cisterna"},"content":{"rendered":"<div style='width: 100%; max-width: 1200px; margin: 0 auto; font-family: sans-serif; line-height: 1.6; color: inherit; background-color: transparent;'> <!-- Banner principal --> <\/p>\n<div style='width: 100%; margin-bottom: 30px;'> <img style='width: 100%; height: auto; border: 1px solid rgba(150&comma;150&comma;150&comma;0.3); border-radius: 8px;' src='https:\/\/ftp3.syscom.mx\/usuarios\/vvega\/yonusa\/equipos\/eil1k0v1\/electronivel_banner.jpg' alt=''> <\/div>\n<p> <!-- Descripci\u00f3n principal --> <\/p>\n<div style='margin-bottom: 30px; font-size: 15px;'>\n<p>Este dispositivo inal\u00e1mbrico es un controlador a distancia que nos da hasta 1KM (sin repetidor).<\/p>\n<p>Controla de manera autom\u00e1tica e inal\u00e1mbrica el llenado de l\u00edquido de un tanque de uso dom\u00e9stico o industrial. El equipo cuenta con dos m\u00f3dulos de radiofrecuencia transceptores que ayudan a que ambos sistemas se comuniquen entre s\u00ed&comma; evitando la p\u00e9rdida de datos y asegurando un correcto funcionamiento.<\/p>\n<p>El equipo consta de dos m\u00f3dulos&comma; cada uno con un transceptor RF y cuenta con una seguridad de cifrado.<\/p>\n<p style='color: #e67e22; font-weight: bold;'>NOTA: Se requiere flotador el\u00e9ctrico (incluye 2 electroniveles)<\/p>\n<\/p><\/div>\n<p> <!-- Secci\u00f3n de caracter\u00edsticas --> <\/p>\n<div style='display: flex; flex-wrap: wrap; gap: 30px; margin-bottom: 30px;'>\n<div style='flex: 1 1 300px; min-width: 280px;'>\n<div style='border-left: 5px solid #0091ff; border-radius: 5px; padding: 15px; box-shadow: 2px 2px 10px rgba(216&comma;216&comma;216&comma;0.3);'>\n<h3 style='font-size: 18px; margin-top: 0; margin-bottom: 15px; color: inherit; font-weight: bold;'>Funcionalidad<\/h3>\n<ul style='padding-left: 20px; font-size: 14px; color: inherit; list-style-type: disc;'>\n<li style='margin-bottom: 8px;'>Evita tendidos largos de cableado&comma; tuber\u00eda y mano de obra extra en instalaciones.<\/li>\n<li style='margin-bottom: 8px;'>Comunicaci\u00f3n encriptada<\/li>\n<li style='margin-bottom: 8px;'>LED indicador de potencia de recepci\u00f3n.<\/li>\n<li style='margin-bottom: 8px;'>Protecci\u00f3n para corriente de encendido.<\/li>\n<li style='margin-bottom: 8px;'>Programaci\u00f3n sencilla.<\/li>\n<li style='margin-bottom: 8px;'>Selecciona autom\u00e1ticamente el canal de comunicaci\u00f3n no ocupado<\/li>\n<li style='margin-bottom: 8px;'>Compatibilidad con repetidor para mayor alcance.<\/li>\n<li style='margin-bottom: 8px;'>Alimentaci\u00f3n por panel solar (opcional).<\/li>\n<\/ul><\/div>\n<\/p><\/div>\n<div style='flex: 1 1 300px; min-width: 280px;'>\n<div style='border-left: 5px solid #0091ff; border-radius: 5px; padding: 15px; box-shadow: 2px 2px 10px rgba(216&comma;216&comma;216&comma;0.3);'>\n<h3 style='font-size: 18px; margin-top: 0; margin-bottom: 15px; color: inherit; font-weight: bold;'>Caracter\u00edsticas F\u00edsicas y El\u00e9ctricas:<\/h3>\n<ul style='padding-left: 20px; font-size: 14px; color: inherit; list-style-type: disc;'>\n<li style='margin-bottom: 8px;'>Contiene Transmisor y Receptor<\/li>\n<li style='margin-bottom: 8px;'>Frecuencia central: 915MHz<\/li>\n<li style='margin-bottom: 8px;'>Voltaje de entrada: 12 Vcc<\/li>\n<li style='margin-bottom: 8px;'>Consumo: 140 mA<\/li>\n<li style='margin-bottom: 8px;'>Alcance aprox: 1000 metros l\u00ednea de vista<\/li>\n<li style='margin-bottom: 8px;'>Capacidad de relevador: 16 A. 250 Vac (Inrush 50A)<\/li>\n<li style='margin-bottom: 8px;'>Tiempo de respuesta: 1 seg<\/li>\n<li style='margin-bottom: 8px;'>Gabinete con knockouts o conos pasa cables<\/li>\n<li style='margin-bottom: 8px;'>Dimensiones de cada equipo: 10 x 10 x 50 cm<\/li>\n<li style='margin-bottom: 8px;'>Grado protecci\u00f3n del gabinete: IP55<\/li>\n<li style='margin-bottom: 8px;'>Intervalo temperatura: -30 a 60 C<\/li>\n<\/ul><\/div>\n<\/p><\/div>\n<div style='flex: 1 1 300px; min-width: 280px;'>\n<div style='border-left: 5px solid #0091ff; border-radius: 5px; padding: 15px; box-shadow: 2px 2px 10px rgba(216&comma;216&comma;216&comma;0.3);'>\n<h3 style='font-size: 18px; margin-top: 0; margin-bottom: 15px; color: inherit; font-weight: bold;'>Caracter\u00edsticas Destacadas:<\/h3>\n<p style='font-size: 14px; color: inherit;'>Sistema electr\u00f3nico inal\u00e1mbrico para controlar el encendido\/apagado de una bomba centrifuga a usarse en el llenado de l\u00edquido de un tanque. Gracias a su alcance de hasta 1000 metros es ideal para evitar tendidos largos de cableado&comma; tuber\u00eda y mano de obra extra en instalaciones.<\/p>\n<p style='font-size: 14px; color: inherit;'><strong>Puede usarse para controlar:<\/strong><\/p>\n<ul style='padding-left: 20px; font-size: 14px; color: inherit; list-style-type: disc;'>\n<li style='margin-bottom: 8px;'>Bomba centrifuga de hasta 1 HP o motores de uso general de misma potencia.<\/li>\n<li style='margin-bottom: 8px;'>Un contactor el\u00e9ctrico para bombas centrifugas o motores de mayor potencia.<\/li>\n<\/ul><\/div>\n<\/p><\/div>\n<\/p><\/div>\n<p> <!-- Im\u00e1genes adicionales --> <\/p>\n<div style='display: flex; flex-wrap: wrap; gap: 20px; margin-bottom: 30px;'>\n<div style='flex: 1 1 100%; min-width: 300px;'> <img style='width: 100%; height: auto; border: 1px solid rgba(150&comma;150&comma;150&comma;0.3); border-radius: 8px;' src='https:\/\/ftp3.syscom.mx\/usuarios\/vvega\/yonusa\/equipos\/eil1k0v1\/electronivel_linea.jpg' alt=''> <\/div>\n<div style='flex: 1 1 100%; min-width: 300px;'> <img style='width: 100%; height: auto; border: 1px solid rgba(150&comma;150&comma;150&comma;0.3); border-radius: 8px;' src='https:\/\/ftp3.syscom.mx\/usuarios\/vvega\/yonusa\/equipos\/eil1k0v1\/Electronivel.jpg' alt=''> <\/div>\n<\/p><\/div>\n<\/p><\/div>\n","protected":false},"excerpt":{"rendered":"<p>KIT Transmisor \/ Receptor Electronivel \/ 1 KM Linea de Vista \/ Para tinaco y cisterna<\/p>\n","protected":false},"featured_media":25450,"comment_status":"open","ping_status":"closed","template":"","meta":[],"product_brand":[],"product_cat":[92],"product_tag":[93,82,84],"class_list":{"0":"post-25451","1":"product","2":"type-product","3":"status-publish","4":"has-post-thumbnail","6":"product_cat-accesorios","7":"product_tag-accesorios","8":"product_tag-cercas-electricas","9":"product_tag-yonusa","11":"first","12":"outofstock","13":"sale","14":"shipping-taxable","15":"purchasable","16":"product-type-simple"},"_links":{"self":[{"href":"https:\/\/soydeaqui.ddns.net\/pachuca\/index.php\/wp-json\/wp\/v2\/product\/25451","targetHints":{"allow":["GET"]}}],"collection":[{"href":"https:\/\/soydeaqui.ddns.net\/pachuca\/index.php\/wp-json\/wp\/v2\/product"}],"about":[{"href":"https:\/\/soydeaqui.ddns.net\/pachuca\/index.php\/wp-json\/wp\/v2\/types\/product"}],"replies":[{"embeddable":true,"href":"https:\/\/soydeaqui.ddns.net\/pachuca\/index.php\/wp-json\/wp\/v2\/comments?post=25451"}],"wp:featuredmedia":[{"embeddable":true,"href":"https:\/\/soydeaqui.ddns.net\/pachuca\/index.php\/wp-json\/wp\/v2\/media\/25450"}],"wp:attachment":[{"href":"https:\/\/soydeaqui.ddns.net\/pachuca\/index.php\/wp-json\/wp\/v2\/media?parent=25451"}],"wp:term":[{"taxonomy":"product_brand","embeddable":true,"href":"https:\/\/soydeaqui.ddns.net\/pachuca\/index.php\/wp-json\/wp\/v2\/product_brand?post=25451"},{"taxonomy":"product_cat","embeddable":true,"href":"https:\/\/soydeaqui.ddns.net\/pachuca\/index.php\/wp-json\/wp\/v2\/product_cat?post=25451"},{"taxonomy":"product_tag","embeddable":true,"href":"https:\/\/soydeaqui.ddns.net\/pachuca\/index.php\/wp-json\/wp\/v2\/product_tag?post=25451"}],"curies":[{"name":"wp","href":"https:\/\/api.w.org\/{rel}","templated":true}]}}