{"id":2541,"date":"2026-03-18T05:58:09","date_gmt":"2026-03-18T05:58:09","guid":{"rendered":"https:\/\/soydeaqui.ddns.net\/pachuca\/index.php\/producto\/cable-coaxial-10-metros-baja-perdida-diametro-5-mm-impedancia-50-apantallamiento-90db-operacion-5-3000-mhz-conectores-n-y-sma-macho-compatible-nx9775-nx9776-nx9783\/"},"modified":"2026-03-18T05:58:10","modified_gmt":"2026-03-18T05:58:10","slug":"cable-coaxial-10-metros-baja-perdida-diametro-5-mm-impedancia-50-apantallamiento-90db-operacion-5-3000-mhz-conectores-n-y-sma-macho-compatible-nx9775-nx9776-nx9783","status":"publish","type":"product","link":"https:\/\/soydeaqui.ddns.net\/pachuca\/index.php\/producto\/cable-coaxial-10-metros-baja-perdida-diametro-5-mm-impedancia-50-apantallamiento-90db-operacion-5-3000-mhz-conectores-n-y-sma-macho-compatible-nx9775-nx9776-nx9783\/","title":{"rendered":"Cable Coaxial 10 Metros \/ Baja P\u00e9rdida \/ Di\u00e1metro 5 mm \/ Impedancia 50 ? \/ Apantallamiento >90dB \/ Operaci\u00f3n 5-3000 MHz \/ Conectores N y SMA Macho \/ Compatible NX9775 NX9776 NX9783"},"content":{"rendered":"<div style='width: 100%; max-width: 1200px; margin: 0 auto; font-family: sans-serif; line-height: 1.6; color: inherit; background-color: transparent;'>\n<div style='display: flex; flex-wrap: wrap; gap: 30px; margin-bottom: 30px;'>\n<div style='flex: 1 1 300px; min-width: 280px;'>\n<h3 style='font-size: 22px; border-bottom: 2px solid currentColor; padding-bottom: 5px; margin-top: 0; color: inherit; opacity: 0.8;'>Caracter\u00edsticas principales<\/h3>\n<ul style='padding-left: 20px; font-size: 15px; color: inherit;'>\n<li style='margin-bottom: 5px;'>Apto para interiores<\/li>\n<li style='margin-bottom: 5px;'>Incluye conectores para su conexi\u00f3n con la antena y el concentrador<\/li>\n<li style='margin-bottom: 5px;'>Compatible con NX9783\/LT<\/li>\n<\/ul><\/div>\n<div style='flex: 1 1 300px; min-width: 280px;'>\n<h3 style='font-size: 22px; border-bottom: 2px solid currentColor; padding-bottom: 5px; margin-top: 0; color: inherit; opacity: 0.8;'>Caracter\u00edsticas el\u00e9ctricas y f\u00edsicas<\/h3>\n<ul style='padding-left: 20px; font-size: 15px; color: inherit;'>\n<li style='margin-bottom: 5px;'><strong>Grosor cable:<\/strong> 5mm<\/li>\n<li style='margin-bottom: 5px;'><strong>Longitud:<\/strong> 10 m<\/li>\n<li style='margin-bottom: 5px;'><strong>Dise\u00f1ado acorde la norma europea:<\/strong> EN 50117-1<\/li>\n<li style='margin-bottom: 5px;'><strong>Impedancia:<\/strong> 50 \u03a9<\/li>\n<li style='margin-bottom: 5px;'><strong>Frecuencia de operaci\u00f3n:<\/strong> 5 a 3000 MHz<\/li>\n<li style='margin-bottom: 5px;'><strong>Rango de temp:<\/strong> -15\u00b0 a 70\u00b0 C<\/li>\n<\/ul><\/div>\n<div style='flex: 1 1 300px; min-width: 280px;'>\n<h3 style='font-size: 22px; border-bottom: 2px solid currentColor; padding-bottom: 5px; margin-top: 0; color: inherit; opacity: 0.8;'>Caracter\u00edsticas Destacadas<\/h3>\n<p style='font-size: 15px; color: inherit;'>El cable coaxial NX9775\/C10 conecta la antena UHF NX9775 a los lectores de largo alcance NX9776&comma; NX9783\/EU y NX9783\/LT.<\/p>\n<\/p><\/div>\n<\/p><\/div>\n<div style='margin: 30px 0; padding: 15px; border-left: 5px solid #ff8000; background-color: rgba(255&comma; 128&comma; 0&comma; 0.05);'>\n<p style='margin: 0; font-size: 15px; color: inherit;'><strong>Nota:<\/strong> Requiere certificaci\u00f3n para su instalaci\u00f3n y para solicitar soporte t\u00e9cnico.<\/p>\n<\/p><\/div>\n<hr style='border: 0; border-top: 1px solid rgba(150&comma; 150&comma; 150&comma; 0.3); margin: 30px 0;'> <\/div>\n","protected":false},"excerpt":{"rendered":"<p>Cable Coaxial 10 Metros \/ Baja P\u00e9rdida \/ Di\u00e1metro 5 mm \/ Impedancia 50 ? \/ Apantallamiento >90dB \/ Operaci\u00f3n 5-3000 MHz \/ Conectores N y SMA Macho \/ Compatible NX9775 NX9776 NX9783<\/p>\n","protected":false},"featured_media":2540,"comment_status":"open","ping_status":"closed","template":"","meta":[],"product_brand":[],"product_cat":[151],"product_tag":[152,153,126],"class_list":{"0":"post-2541","1":"product","2":"type-product","3":"status-publish","4":"has-post-thumbnail","6":"product_cat-atencion-sociosanitaria","7":"product_tag-atencion-sociosanitaria","8":"product_tag-ibernex","9":"product_tag-sistemas-de-emergencia","11":"first","12":"instock","13":"sale","14":"shipping-taxable","15":"purchasable","16":"product-type-simple"},"_links":{"self":[{"href":"https:\/\/soydeaqui.ddns.net\/pachuca\/index.php\/wp-json\/wp\/v2\/product\/2541","targetHints":{"allow":["GET"]}}],"collection":[{"href":"https:\/\/soydeaqui.ddns.net\/pachuca\/index.php\/wp-json\/wp\/v2\/product"}],"about":[{"href":"https:\/\/soydeaqui.ddns.net\/pachuca\/index.php\/wp-json\/wp\/v2\/types\/product"}],"replies":[{"embeddable":true,"href":"https:\/\/soydeaqui.ddns.net\/pachuca\/index.php\/wp-json\/wp\/v2\/comments?post=2541"}],"wp:featuredmedia":[{"embeddable":true,"href":"https:\/\/soydeaqui.ddns.net\/pachuca\/index.php\/wp-json\/wp\/v2\/media\/2540"}],"wp:attachment":[{"href":"https:\/\/soydeaqui.ddns.net\/pachuca\/index.php\/wp-json\/wp\/v2\/media?parent=2541"}],"wp:term":[{"taxonomy":"product_brand","embeddable":true,"href":"https:\/\/soydeaqui.ddns.net\/pachuca\/index.php\/wp-json\/wp\/v2\/product_brand?post=2541"},{"taxonomy":"product_cat","embeddable":true,"href":"https:\/\/soydeaqui.ddns.net\/pachuca\/index.php\/wp-json\/wp\/v2\/product_cat?post=2541"},{"taxonomy":"product_tag","embeddable":true,"href":"https:\/\/soydeaqui.ddns.net\/pachuca\/index.php\/wp-json\/wp\/v2\/product_tag?post=2541"}],"curies":[{"name":"wp","href":"https:\/\/api.w.org\/{rel}","templated":true}]}}