{"id":25408,"date":"2026-03-18T11:53:21","date_gmt":"2026-03-18T11:53:21","guid":{"rendered":"https:\/\/soydeaqui.ddns.net\/pachuca\/index.php\/producto\/torniquete-tripode-de-acero-inoxidable-diseno-ultra-compacto-25-personas-por-minuto-2-millones-de-ciclos\/"},"modified":"2026-03-18T11:53:21","modified_gmt":"2026-03-18T11:53:21","slug":"torniquete-tripode-de-acero-inoxidable-diseno-ultra-compacto-25-personas-por-minuto-2-millones-de-ciclos","status":"publish","type":"product","link":"https:\/\/soydeaqui.ddns.net\/pachuca\/index.php\/producto\/torniquete-tripode-de-acero-inoxidable-diseno-ultra-compacto-25-personas-por-minuto-2-millones-de-ciclos\/","title":{"rendered":"Torniquete Tr\u00edpode de Acero Inoxidable \/ Dise\u00f1o ultra compacto \/ 25 Personas por Minuto \/ 2 Millones de ciclos"},"content":{"rendered":"<div style='width: 100%; max-width: 1200px; margin: 0 auto; font-family: sans-serif; line-height: 1.6; color: inherit; background-color: transparent;'>\n<p style='font-size: 15px; color: inherit; margin-bottom: 20px;'> <span style='letter-spacing: -0.16px;'>La serie MTS1000 est\u00e1 hecha principalmente de acero inoxidable SUS304&comma; lo que aumenta la durabilidad.<\/span> <span style='letter-spacing: -0.16px;'>Su dise\u00f1o compacto proporciona una soluci\u00f3n rentable y que ahorra espacio en m\u00faltiples escenarios&comma; como oficinas corporativas y parques tem\u00e1ticos.<\/span> <\/p>\n<div style='display: flex; flex-wrap: wrap; gap: 30px; margin-bottom: 30px;'>\n<div style='flex: 1 1 300px; min-width: 280px;'>\n<h3 style='font-size: 22px; border-bottom: 2px solid currentColor; padding-bottom: 5px; margin-top: 0; color: inherit; opacity: 0.8;'>Caracter\u00edsticas principales<\/h3>\n<ul style='padding-left: 20px; font-size: 15px; color: inherit;'>\n<li style='margin-bottom: 5px;'>Carcasa de acero inoxidable SUS304<\/li>\n<li style='margin-bottom: 5px;'>Tornique tripoide bidireccional con funcion de caida de brazo<\/li>\n<li style='margin-bottom: 5px;'>Pictograma LED para un uso intuitivo<\/li>\n<li style='margin-bottom: 5px;'>Alto indice de rendimiento<\/li>\n<li style='margin-bottom: 5px;'>Proceso de instalacion facil y sencillo<\/li>\n<\/ul><\/div>\n<div style='flex: 1 1 300px; min-width: 280px;'>\n<h3 style='font-size: 22px; border-bottom: 2px solid currentColor; padding-bottom: 5px; margin-top: 0; color: inherit; opacity: 0.8;'>Caracter\u00edsticas F\u00edsicas y El\u00e9ctricas<\/h3>\n<ul style='padding-left: 20px; font-size: 15px; color: inherit;'>\n<li style='margin-bottom: 5px;'>Requisitos de Energia: AC110V\/220V&comma; 50\/60Hz<\/li>\n<li style='margin-bottom: 5px;'>Consumo de Energia: En uso 40w&comma; En reposo 10w.<\/li>\n<li style='margin-bottom: 5px;'>Operaci\u00f3n de temperatura: -28\u00b0C a 60\u00b0C<\/li>\n<li style='margin-bottom: 5px;'>Operaci\u00f3n de humedad: 5%RH a 80%RH<\/li>\n<li style='margin-bottom: 5px;'>Operaci\u00f3n de ambiente: Interior \/ exterior (si est\u00e1 protegido)<\/li>\n<li style='margin-bottom: 5px;'>Ancho de carril: 478(mm)<\/li>\n<\/ul><\/div>\n<div style='flex: 1 1 300px; min-width: 280px;'>\n<h3 style='font-size: 22px; border-bottom: 2px solid currentColor; padding-bottom: 5px; margin-top: 0; color: inherit; opacity: 0.8;'>Caracter\u00edsticas Destacadas<\/h3>\n<ul style='padding-left: 20px; font-size: 15px; color: inherit;'>\n<li style='margin-bottom: 5px;'>Velocidad de Paso: RFID : M\u00e1ximo 25\/minuto Huella digital : M\u00e1ximo 20\/minuto<\/li>\n<li style='margin-bottom: 5px;'>Lector de huella: 250*138(mm*mm)<\/li>\n<li style='margin-bottom: 5px;'>Dimensi\u00f3n: 798*750*950(mm)<\/li>\n<li style='margin-bottom: 5px;'>Dimensi\u00f3n de embalaje: 380*450*1150(mm)<\/li>\n<li style='margin-bottom: 5px;'>Ciclos medios entre fallas (MCBF): 2 millones<\/li>\n<li style='margin-bottom: 5px;'>Modo de Emergencia: Disponible<\/li>\n<\/ul><\/div>\n<\/p><\/div>\n<\/p><\/div>\n","protected":false},"excerpt":{"rendered":"<p>Torniquete Tr\u00edpode de Acero Inoxidable \/ Dise\u00f1o ultra compacto \/ 25 Personas por Minuto \/ 2 Millones de ciclos<\/p>\n","protected":false},"featured_media":25407,"comment_status":"open","ping_status":"closed","template":"","meta":[],"product_brand":[],"product_cat":[758],"product_tag":[760,759,844],"class_list":{"0":"post-25408","1":"product","2":"type-product","3":"status-publish","4":"has-post-thumbnail","6":"product_cat-torniquetes-de-medio-cuerpo","7":"product_tag-torniquetes-de-medio-cuerpo","8":"product_tag-torniquetes-y-puertas-de-cortesia","9":"product_tag-zkteco","11":"first","12":"instock","13":"sale","14":"shipping-taxable","15":"purchasable","16":"product-type-simple"},"_links":{"self":[{"href":"https:\/\/soydeaqui.ddns.net\/pachuca\/index.php\/wp-json\/wp\/v2\/product\/25408","targetHints":{"allow":["GET"]}}],"collection":[{"href":"https:\/\/soydeaqui.ddns.net\/pachuca\/index.php\/wp-json\/wp\/v2\/product"}],"about":[{"href":"https:\/\/soydeaqui.ddns.net\/pachuca\/index.php\/wp-json\/wp\/v2\/types\/product"}],"replies":[{"embeddable":true,"href":"https:\/\/soydeaqui.ddns.net\/pachuca\/index.php\/wp-json\/wp\/v2\/comments?post=25408"}],"wp:featuredmedia":[{"embeddable":true,"href":"https:\/\/soydeaqui.ddns.net\/pachuca\/index.php\/wp-json\/wp\/v2\/media\/25407"}],"wp:attachment":[{"href":"https:\/\/soydeaqui.ddns.net\/pachuca\/index.php\/wp-json\/wp\/v2\/media?parent=25408"}],"wp:term":[{"taxonomy":"product_brand","embeddable":true,"href":"https:\/\/soydeaqui.ddns.net\/pachuca\/index.php\/wp-json\/wp\/v2\/product_brand?post=25408"},{"taxonomy":"product_cat","embeddable":true,"href":"https:\/\/soydeaqui.ddns.net\/pachuca\/index.php\/wp-json\/wp\/v2\/product_cat?post=25408"},{"taxonomy":"product_tag","embeddable":true,"href":"https:\/\/soydeaqui.ddns.net\/pachuca\/index.php\/wp-json\/wp\/v2\/product_tag?post=25408"}],"curies":[{"name":"wp","href":"https:\/\/api.w.org\/{rel}","templated":true}]}}