{"id":25351,"date":"2026-03-18T11:52:15","date_gmt":"2026-03-18T11:52:15","guid":{"rendered":"https:\/\/soydeaqui.ddns.net\/pachuca\/index.php\/producto\/kit-de-control-de-acceso-todo-incluido-con-lector-de-rostros-qrs-y-tarjetas-1500-rostros-compatible-con-app-hikconnect-incluye-electroiman-boton-de-salida-y-montajes-z-y-l-para-iman-hik-ia\/"},"modified":"2026-03-18T11:52:17","modified_gmt":"2026-03-18T11:52:17","slug":"kit-de-control-de-acceso-todo-incluido-con-lector-de-rostros-qrs-y-tarjetas-1500-rostros-compatible-con-app-hikconnect-incluye-electroiman-boton-de-salida-y-montajes-z-y-l-para-iman-hik-ia","status":"publish","type":"product","link":"https:\/\/soydeaqui.ddns.net\/pachuca\/index.php\/producto\/kit-de-control-de-acceso-todo-incluido-con-lector-de-rostros-qrs-y-tarjetas-1500-rostros-compatible-con-app-hikconnect-incluye-electroiman-boton-de-salida-y-montajes-z-y-l-para-iman-hik-ia\/","title":{"rendered":"Kit de Control de Acceso TODO INCLUIDO con Lector de Rostros, QRs y Tarjetas \/ 1,500 rostros \/ Compatible con App HIKConnect \/Incluye Electroim\u00e1n  Bot\u00f3n de Salida y Montajes Z y L para im\u00e1n \/ HIK-IA"},"content":{"rendered":"<div style='width: 100%; max-width: 1200px; margin: 0 auto; font-family: sans-serif; line-height: 1.6; color: inherit; background-color: transparent;'> <!-- Imagen principal --> <\/p>\n<div style='margin-bottom: 30px;'> <img style='width: 100%; height: auto; border: 1px solid rgba(150&comma;150&comma;150&comma;0.3); border-radius: 8px;' src='https:\/\/ftp3.syscom.mx\/usuarios\/fespinoza\/HIKVISION\/Dispositivos\/Banners\/control_acceso_hikvision02.jpg' alt=''> <\/div>\n<p> <!-- Banner destacado --> <\/p>\n<div style='margin-bottom: 30px; padding: 20px; text-align: center; background-color: rgba(255&comma; 255&comma; 255&comma; 0.9); border-left: 5px solid #ff0000;'> <strong style='font-size: 20px; color: inherit; display: block;'> Compatible con P2P a trav\u00e9s de APP Hik-Connect solo para apertura y monitoreo de camara remotamente desde cualquier parte del mundo. Sin IP p\u00fablica fija \/ Sin DDNS (En la NUBE). <\/strong> <\/div>\n<p> <!-- Secci\u00f3n de caracter\u00edsticas --> <\/p>\n<div style='display: flex; flex-wrap: wrap; gap: 30px; margin-bottom: 30px;'>\n<div style='flex: 1 1 300px; min-width: 280px;'>\n<h3 style='font-size: 22px; border-bottom: 2px solid currentColor; padding-bottom: 5px; margin-top: 0; color: inherit; opacity: 0.8;'>Caracter\u00edsticas principales<\/h3>\n<ul style='padding-left: 20px; font-size: 15px; color: inherit;'>\n<li style='margin-bottom: 5px;'>Web server.<\/li>\n<li style='margin-bottom: 5px;'>C\u00e1mara 2 MP gran angular.<\/li>\n<li style='margin-bottom: 5px; color: #c0392b;'>HikConnect: Soportado.<\/li>\n<li style='margin-bottom: 5px; color: #c0392b;'>Detecci\u00f3n de cubrebocas: Soportado.<\/li>\n<li style='margin-bottom: 5px;'>Funci\u00f3n de videoportero.<\/li>\n<li style='margin-bottom: 5px;'>Capacidad de 1&comma;500 rostros y 3&comma;000 tarjetas MIFARE o c\u00f3digos QR.<\/li>\n<li style='margin-bottom: 5px;'> <span style='font-size: 10.5pt; font-family: 'Helvetica'&comma;sans-serif; color: inherit; background: transparent;'>Tarjetas recomendadas: <strong>ACCESSCARM1K&comma;ACCESSCARDM4K&comma; ACCESKFBM1K&comma; ACCESSWB65M1K&comma; ACCESSWB74M1K<\/strong>.<\/span> <strong><u><a href='https:\/\/www.syscom.mx\/principal\/promociones\/tarjetas_mifare-7359.html?ordenar=Relevancia&#038;pag=1' style='color: #007bff; text-decoration: none; font-weight: bold;'>Ver aqu\u00ed.<\/a><\/u><\/strong> <\/li>\n<li style='margin-bottom: 5px;'>Control de acceso con rostro o Tarjeta.<\/li>\n<li style='margin-bottom: 5px;'>Pantalla t\u00e1ctil de 4.3 pulgadas.<\/li>\n<li style='margin-bottom: 5px;'>150&comma;000 registros de eventos<\/li>\n<\/ul><\/div>\n<div style='flex: 1 1 300px; min-width: 280px;'>\n<h3 style='font-size: 22px; border-bottom: 2px solid currentColor; padding-bottom: 5px; margin-top: 0; color: inherit; opacity: 0.8;'>Caracter\u00edsticas F\u00edsicas y El\u00e9ctricas<\/h3>\n<ul style='padding-left: 20px; font-size: 15px; color: inherit;'>\n<li style='margin-bottom: 5px;'>Aplicaci\u00f3n: Interior<\/li>\n<li style='margin-bottom: 5px;'>Alimentaci\u00f3n: 12 Vcc (Fuente incluida)<\/li>\n<li style='margin-bottom: 5px;'>Temperatura de operaci\u00f3n: -10 \u00baC hasta 45 \u00baC<\/li>\n<\/ul><\/div>\n<div style='flex: 1 1 300px; min-width: 280px;'>\n<h3 style='font-size: 22px; border-bottom: 2px solid currentColor; padding-bottom: 5px; margin-top: 0; color: inherit; opacity: 0.8;'>Caracter\u00edsticas Destacadas<\/h3>\n<p style='margin-bottom: 15px;'>El terminal frontal de la serie DS-K1T343 adopta un algoritmo DEEP LEARNING con <strong style='color: #007bff;'>HIK-IA<\/strong> que ayuda a reconocer el rostro de las personas m\u00e1s r\u00e1pido y con mayor precisi\u00f3n. Aplicable en escenarios&comma; como edificios&comma; empresas&comma; industrias y otras \u00e1reas importantes.<\/p>\n<p style='margin-bottom: 15px;'>Kit todo incluido listo para instalar.<\/p>\n<p style='margin-bottom: 10px;'>El Kit incluye:<\/p>\n<ul style='padding-left: 20px; font-size: 15px; color: inherit;'>\n<li style='margin-bottom: 5px;'>Biometrico DS-K1T343MWX.<\/li>\n<li style='margin-bottom: 5px;'>Chapa magn\u00e9tica de 600 lbs DSK4H2585<\/li>\n<li style='margin-bottom: 5px;'>Montajes Z \/ L (para chapa magnetica) DSK4H258LZ<\/li>\n<li style='margin-bottom: 5px;'>Bot\u00f3n REX DSK7P03.<\/li>\n<li style='margin-bottom: 5px;'>Fuente de poder (12 Vcc)<\/li>\n<\/ul><\/div>\n<\/p><\/div>\n<p> <!-- Separador --> <\/p>\n<hr style='border: 0; border-top: 1px solid rgba(150&comma; 150&comma; 150&comma; 0.3); margin: 30px 0;'> <!-- Consideraciones --> <\/p>\n<div style='margin-bottom: 30px; padding: 15px; border-left: 5px solid #ff0000; background-color: rgba(255&comma; 255&comma; 255&comma; 0.05);'> <strong style='display: block; margin-bottom: 10px; color: inherit;'>Consideraciones:<\/strong> <\/p>\n<ul style='padding-left: 20px; color: inherit; font-size: 15px;'>\n<li style='margin-bottom: 5px;'> <\/li>\n<\/ul><\/div>\n<p> <!-- Imagen adicional --> <\/p>\n<div style='margin-bottom: 30px;'> <img style='width: 100%; height: auto; border: 1px solid rgba(150&comma;150&comma;150&comma;0.3); border-radius: 8px;' src='https:\/\/downloads.intercomcdn.com\/i\/o\/413484020\/240fa77358a0d47efe3ebdaf\/DS-KAS261.png' alt=''> <\/div>\n<p> <!-- V\u00eddeos --> <\/p>\n<div style='display: flex; flex-wrap: wrap; gap: 30px; margin-bottom: 30px;'>\n<div style='flex: 1 1 500px; min-width: 300px; position: relative; padding-bottom: 56.25%; height: 0; overflow: hidden;'>   <\/div>\n<div style='flex: 1 1 500px; min-width: 300px; position: relative; padding-bottom: 56.25%; height: 0; overflow: hidden;'>   <\/div>\n<\/p><\/div>\n<\/p><\/div>\n","protected":false},"excerpt":{"rendered":"<p>Kit de Control de Acceso TODO INCLUIDO con Lector de Rostros, QRs y Tarjetas \/ 1,500 rostros \/ Compatible con App HIKConnect \/Incluye Electroim\u00e1n  Bot\u00f3n de Salida y Montajes Z y L para im\u00e1n \/ HIK-IA<\/p>\n","protected":false},"featured_media":25350,"comment_status":"open","ping_status":"closed","template":"","meta":[],"product_brand":[],"product_cat":[806],"product_tag":[744,54,807],"class_list":{"0":"post-25351","1":"product","2":"type-product","3":"status-publish","4":"has-post-thumbnail","6":"product_cat-para-control-de-acceso","7":"product_tag-biometricos","8":"product_tag-hikvision","9":"product_tag-para-control-de-acceso","11":"first","12":"instock","13":"sale","14":"shipping-taxable","15":"purchasable","16":"product-type-simple"},"_links":{"self":[{"href":"https:\/\/soydeaqui.ddns.net\/pachuca\/index.php\/wp-json\/wp\/v2\/product\/25351","targetHints":{"allow":["GET"]}}],"collection":[{"href":"https:\/\/soydeaqui.ddns.net\/pachuca\/index.php\/wp-json\/wp\/v2\/product"}],"about":[{"href":"https:\/\/soydeaqui.ddns.net\/pachuca\/index.php\/wp-json\/wp\/v2\/types\/product"}],"replies":[{"embeddable":true,"href":"https:\/\/soydeaqui.ddns.net\/pachuca\/index.php\/wp-json\/wp\/v2\/comments?post=25351"}],"wp:featuredmedia":[{"embeddable":true,"href":"https:\/\/soydeaqui.ddns.net\/pachuca\/index.php\/wp-json\/wp\/v2\/media\/25350"}],"wp:attachment":[{"href":"https:\/\/soydeaqui.ddns.net\/pachuca\/index.php\/wp-json\/wp\/v2\/media?parent=25351"}],"wp:term":[{"taxonomy":"product_brand","embeddable":true,"href":"https:\/\/soydeaqui.ddns.net\/pachuca\/index.php\/wp-json\/wp\/v2\/product_brand?post=25351"},{"taxonomy":"product_cat","embeddable":true,"href":"https:\/\/soydeaqui.ddns.net\/pachuca\/index.php\/wp-json\/wp\/v2\/product_cat?post=25351"},{"taxonomy":"product_tag","embeddable":true,"href":"https:\/\/soydeaqui.ddns.net\/pachuca\/index.php\/wp-json\/wp\/v2\/product_tag?post=25351"}],"curies":[{"name":"wp","href":"https:\/\/api.w.org\/{rel}","templated":true}]}}