{"id":25318,"date":"2026-03-18T11:51:38","date_gmt":"2026-03-18T11:51:38","guid":{"rendered":"https:\/\/soydeaqui.ddns.net\/pachuca\/index.php\/producto\/terminal-min-moe-wifi-de-reconocimiento-facial-ultra-rapido-exterior-ip65-hasta-1-5-mts-en-lectura-soporta-p2p-hik-connect-3000-usuarios-qr-y-videoportero-ambientes-de-bajo-ruido-hik-ia\/"},"modified":"2026-03-18T11:51:47","modified_gmt":"2026-03-18T11:51:47","slug":"terminal-min-moe-wifi-de-reconocimiento-facial-ultra-rapido-exterior-ip65-hasta-1-5-mts-en-lectura-soporta-p2p-hik-connect-3000-usuarios-qr-y-videoportero-ambientes-de-bajo-ruido-hik-ia","status":"publish","type":"product","link":"https:\/\/soydeaqui.ddns.net\/pachuca\/index.php\/producto\/terminal-min-moe-wifi-de-reconocimiento-facial-ultra-rapido-exterior-ip65-hasta-1-5-mts-en-lectura-soporta-p2p-hik-connect-3000-usuarios-qr-y-videoportero-ambientes-de-bajo-ruido-hik-ia\/","title":{"rendered":"Terminal Min Moe WiFi de Reconocimiento Facial ULTRA R\u00c1PIDO (Exterior IP65) \/ Hasta 1.5 mts en lectura \/ Soporta P2P Hik-Connect \/ 3,000 Usuarios \/QR y Videoportero (ambientes de bajo ruido) \/ HIK-IA"},"content":{"rendered":"<div style='width: 100%; max-width: 1200px; margin: 0 auto; font-family: sans-serif; line-height: 1.6; color: inherit; background-color: transparent;'> <!-- info general --> <\/p>\n<div style='display: flex; flex-wrap: wrap; gap: 30px; margin-bottom: 30px;'>\n<div style='flex: 1 1 50%; min-width: 280px;'> <img style='width: 100%; height: auto; border: 1px solid rgba(150&comma;150&comma;150&comma;0.3); border-radius: 8px;' src='https:\/\/ftp3.syscom.mx\/usuarios\/fespinoza\/HIKVISION\/banner_hikconnect_6.png' alt='Banner Hik-Connect'> <\/div>\n<div style='flex: 1 1 50%; min-width: 280px;'>\n<h2 style='font-size: 24px; margin-top: 0; color: inherit;'>Administre este equipo en la Nube Aproveche <span style='color: #c0392b;'>Hik-Connect Teams<\/span><\/h2>\n<p style='color: inherit;'><span style='color: #c0392b;'>* Gratis para 10 Dispositivos y 100 empleados. <\/span><span style='color: #000000;'>Reg\u00edstrese en<\/span> <a href='https:\/\/ius.hik-connect.com\/' style='color: #2880b9; text-decoration: none;'><strong>www.hik-connect.com<\/strong><\/a><\/p>\n<p style='color: inherit;'>HikConnect Teams es una plataforma <strong>SaaS<\/strong> para la gesti\u00f3n unificada en la nube de la seguridad con mayor rentabilidad&comma; f\u00e1cil de implementar&comma; altamente escalable en todos sus niveles y extremadamente seguro.<\/p>\n<p style='color: inherit;'><em><strong>*SaaS<\/strong> &#8211; Software as a Service \/ Software como servicio.<\/em><\/p>\n<ul style='padding-left: 20px; color: inherit;'>\n<li style='margin-bottom: 5px;'><em>Administraci\u00f3n de usuarios&comma; roles&comma; y sucursales.<\/em><\/li>\n<li style='margin-bottom: 5px;'><em>Sincronizaci\u00f3n autom\u00e1tica de usuarios por \u00e1reas.<\/em><\/li>\n<li style='margin-bottom: 5px;'><em>Chequeo de Asistencia por App de Smartphone con ubicaci\u00f3n GPS.<\/em><\/li>\n<li style='margin-bottom: 5px;'><em>Reportes de acceso y asistencia remotos.<\/em><\/li>\n<li style='margin-bottom: 5px;'><em>Pases temporales para visitantes generados desde App.<\/em><\/li>\n<li style='margin-bottom: 5px;'><em>Integrable con Videovigilancia&comma; Intercom&comma; Monitoreo de Veh\u00edculos etc<\/em><\/li>\n<\/ul><\/div>\n<\/p><\/div>\n<p> <!-- Caracter\u00edsticas --> <\/p>\n<div style='display: flex; flex-wrap: wrap; gap: 20px; margin-bottom: 30px;'>\n<div style='flex: 1 1 30%; min-width: 250px; border: 1px solid rgba(150&comma; 150&comma; 150&comma; 0.4); border-radius: 8px; overflow: hidden; display: flex; flex-direction: column;'>\n<div style='padding: 15px; border-bottom: 1px solid rgba(150&comma; 150&comma; 150&comma; 0.2); font-weight: bold; font-size: 18px; color: inherit;'>Caracter\u00edsticas Principales:<\/div>\n<div style='padding: 15px; color: inherit;'>\n<ul style='padding-left: 20px; margin: 0; font-size: 14px; list-style-type: disc;'>\n<li style='margin-bottom: 5px;'>Pantalla t\u00e1ctil de 4.3 pulgadas<\/li>\n<li style='margin-bottom: 5px;'>C\u00e1mara 2 MP con lente doble&comma; de gran angular.<\/li>\n<li style='margin-bottom: 5px;'>Distancia de detecci\u00f3n de los rostros: 0.3 mts hasta 3 mts.<\/li>\n<li style='margin-bottom: 5px;'>Distancia de Reconocimiento 0.3 a 1.5 m<\/li>\n<li style='margin-bottom: 5px;'>Soporta hasta 3&comma;000 rostros.<\/li>\n<li style='margin-bottom: 5px;'>Capacidad para 150&comma;000 eventos.<\/li>\n<li style='margin-bottom: 5px;'>Soporta hasta 3&comma;000 huellas.<\/li>\n<li style='margin-bottom: 5px;'>Soporta hasta 3&comma;000 tarjetas (Mifare).<\/li>\n<li style='margin-bottom: 5px;'>Funcion WDR<\/li>\n<\/ul><\/div>\n<\/p><\/div>\n<div style='flex: 1 1 30%; min-width: 250px; border: 1px solid rgba(150&comma; 150&comma; 150&comma; 0.4); border-radius: 8px; overflow: hidden; display: flex; flex-direction: column;'>\n<div style='padding: 15px; border-bottom: 1px solid rgba(150&comma; 150&comma; 150&comma; 0.2); font-weight: bold; font-size: 18px; color: inherit;'>Caracter\u00edsticas F\u00edsicas y El\u00e9ctricas<\/div>\n<div style='padding: 15px; color: inherit;'>\n<ul style='padding-left: 20px; margin: 0; font-size: 14px; list-style-type: disc;'>\n<li style='margin-bottom: 5px;'>Alimentaci\u00f3n: 12 Vcc \/ 2 Amp \/ 24 W. (Incluido)<\/li>\n<li style='margin-bottom: 5px;'>Aplicaci\u00f3n: Interior \/ Exterior protegido (IP65)<\/li>\n<li style='margin-bottom: 5px;'>Temperatura: -30 \u00b0C to 60 \u00b0C (-22 \u00b0F to 140 \u00b0F)<\/li>\n<li style='margin-bottom: 5px;'>Dimensiones: 172.5 mm \u00d7 83.2 mm \u00d7 22.7 mm<\/li>\n<\/ul>\n<p style='margin: 20px 0 10px 0; font-weight: bold; color: #333333;'>Interfaces:<\/p>\n<ul style='padding-left: 20px; margin: 0; font-size: 14px; list-style-type: disc;'>\n<li style='margin-bottom: 5px;'>Puerto de Red: 1 (<strong>tambi\u00e9n es WiFi<\/strong>)<\/li>\n<li style='margin-bottom: 5px;'>Cerradura El\u00e9ctrica: 1<\/li>\n<li style='margin-bottom: 5px;'>USB 2.0: 1<\/li>\n<li style='margin-bottom: 5px;'>RS-485: 1 (Soporta lector esclavo <a style='color: #005cb9; text-decoration: none;' href='https:\/\/soporte.syscom.mx\/es\/articles\/6445856-conexion-de-lectores-esclavos-rs485-en-biometricos-hikvision'>Ver aqu\u00ed<\/a><span style='color: #333333;'>)<\/span><\/li>\n<li style='margin-bottom: 5px;'>Bot\u00f3n de salida: 1<\/li>\n<li style='margin-bottom: 5px;'>Wiegand Configurable (Entrada\/Salida).<\/li>\n<\/ul><\/div>\n<\/p><\/div>\n<div style='flex: 1 1 30%; min-width: 250px; border: 1px solid rgba(150&comma; 150&comma; 150&comma; 0.4); border-radius: 8px; overflow: hidden; display: flex; flex-direction: column;'>\n<div style='padding: 15px; border-bottom: 1px solid rgba(150&comma; 150&comma; 150&comma; 0.2); font-weight: bold; font-size: 18px; color: inherit;'>Caracter\u00edsticas Destacadas:<\/div>\n<div style='padding: 15px; color: inherit;'>\n<ul style='padding-left: 20px; margin: 0; font-size: 14px; list-style-type: disc;'>\n<li style='margin-bottom: 5px;'>El terminal frontal de la serie DS-K1T341 adopta un algoritmo DEEP LEARNING con <strong>HIK-IA<\/strong> que ayuda a reconocer el rostro de las personas m\u00e1s r\u00e1pido y con mayor precisi\u00f3n. Aplicable en escenarios&comma; como edificios&comma; empresas&comma; industrias y otras \u00e1reas importantes.<\/li>\n<li style='margin-bottom: 5px;'><span style='color: #c0392b;'>Soporta pases temporales para visitantes (c\u00f3digo QR y PIN) con HikConnect Teams.<\/span><\/li>\n<\/ul><\/div>\n<\/p><\/div>\n<\/p><\/div>\n<p> <!-- Otras Plataformas Compatibles --> <\/p>\n<h2 style='text-align: center; font-size: 24px; margin: 30px 0 20px; color: inherit;'>Otras Plataformas Compatibles<\/h2>\n<div style='width: 100%; margin-bottom: 30px;'>   <\/div>\n<p> <!-- M\u00f3dulo esclavo --> <\/p>\n<div style='border: 1px solid rgba(150&comma; 150&comma; 150&comma; 0.4); border-radius: 8px; padding: 20px; margin-bottom: 30px; text-align: center;'> <span style='font-family: verdana&comma; geneva&comma; sans-serif; font-size: 16px; color: #1a1a1a; background-color: #ffffff;'><strong>Instalaciones seguras con m\u00f3dulo esclavo <a href='https:\/\/www.syscom.mx\/producto\/DS-K2M061-HIKVISION-205871.html' style='color: #2880b9; text-decoration: none;'>DS-K2M061<\/a><\/strong><\/span> <\/p>\n<ul style='padding-left: 20px; margin: 20px 0; font-size: 14px; list-style-type: disc;'>\n<li style='margin-bottom: 10px;'>En una instalaci\u00f3n de control de acceso convencional con dispositivos aut\u00f3nomos es recomendado a\u00f1adir un sistema que permita mantener el control de la puerta desde el interior del recinto aumentando significativamente la seguridad de nuestra instalaci\u00f3n.<\/li>\n<\/ul>\n<h3 style='text-align: center; margin: 20px 0;'><a href='https:\/\/soporte.syscom.mx\/es\/articles\/5608107-hikvision-instalacion-segura-de-control-de-acceso-con-equipo-autonomo-y-ds-k2m061' target='_blank' rel='noopener' style='color: #2880b9; text-decoration: none;'><strong><span style='font-size: 14pt;'>\u00bfPor qu\u00e9 es recomendado usar un m\u00f3dulo seguro para sistemas aut\u00f3nomos?<\/span><\/strong><\/a><\/h3>\n<p> <img style='width: 100%; height: auto; border: 1px solid rgba(150&comma;150&comma;150&comma;0.3); border-radius: 8px; max-width: 700px; display: block; margin: 0 auto;' src='http:\/\/ftp3.syscom.mx\/usuarios\/fespinoza\/modulo%20seguro.png' alt='M\u00f3dulo Seguro'> <\/div>\n<p> <!-- Demostraci\u00f3n de Desempe\u00f1o --> <\/p>\n<h2 style='text-align: center; font-size: 24px; margin: 30px 0 20px; color: inherit;'>Demostraci\u00f3n de Desempe\u00f1o<\/h2>\n<hr style='border: 0; border-top: 1px solid rgba(150&comma; 150&comma; 150&comma; 0.3); margin: 30px 0;'>\n<div style='display: flex; flex-wrap: wrap; gap: 20px; margin-bottom: 30px;'>\n<div style='flex: 1 1 30%; min-width: 280px;'> <span style='font-size: 14pt; color: #2880b9; font-weight: bold; display: block; text-align: center; margin-bottom: 10px;'>Lectura de Rostros Ultra R\u00e1pida<\/span> <\/p>\n<div style='position: relative; padding-bottom: 56.25%; height: 0; overflow: hidden;'>   <\/div>\n<\/p><\/div>\n<div style='flex: 1 1 30%; min-width: 280px;'> <span style='font-size: 14pt; color: #2880b9; font-weight: bold; display: block; text-align: center; margin-bottom: 10px;'>Prueba con Hermanos Gemelos<\/span> <\/p>\n<div style='position: relative; padding-bottom: 56.25%; height: 0; overflow: hidden;'>   <\/div>\n<\/p><\/div>\n<div style='flex: 1 1 30%; min-width: 280px;'> <span style='font-size: 14pt; color: #2880b9; font-weight: bold; display: block; text-align: center; margin-bottom: 10px;'>Integraci\u00f3n con Torniquetes<\/span> <\/p>\n<div style='position: relative; padding-bottom: 56.25%; height: 0; overflow: hidden;'>   <\/div>\n<\/p><\/div>\n<\/p><\/div>\n<p> <!-- Configuraci\u00f3n con IVMS4200 --> <\/p>\n<h2 style='text-align: center; font-size: 24px; margin: 30px 0 20px; color: inherit;'>\u00bfConfiguraci\u00f3n con IVMS4200? Consulte el video paso a paso<\/h2>\n<div style='position: relative; padding-bottom: 31.25%; height: 0; overflow: hidden; margin-bottom: 30px;'>   <\/div>\n<p> <!-- Soporte T\u00e9cnico --> <\/p>\n<div style='text-align: center; margin: 30px 0;'> <a href='http:\/\/soporte.syscom.mx\/es\/articles\/3879039-hikvision-control-de-acceso-lista-de-videos-y-tips-tecnicos' style='display: inline-block;'> <img style='width: 100%; max-width: 600px; height: auto; border: 1px solid rgba(150&comma;150&comma;150&comma;0.3); border-radius: 8px;' src='https:\/\/ftp3.syscom.mx\/usuarios\/fotos\/DSK1T607E\/171893-hikvision-controlacceso.png' alt='Soporte T\u00e9cnico Hikvision'> <\/a> <\/div>\n<\/p><\/div>\n","protected":false},"excerpt":{"rendered":"<p>Terminal Min Moe WiFi de Reconocimiento Facial ULTRA R\u00c1PIDO (Exterior IP65) \/ Hasta 1.5 mts en lectura \/ Soporta P2P Hik-Connect \/ 3,000 Usuarios \/QR y Videoportero (ambientes de bajo ruido) \/ HIK-IA<\/p>\n","protected":false},"featured_media":25317,"comment_status":"open","ping_status":"closed","template":"","meta":[],"product_brand":[],"product_cat":[743],"product_tag":[744,54,745],"class_list":{"0":"post-25318","1":"product","2":"type-product","3":"status-publish","4":"has-post-thumbnail","6":"product_cat-para-tiempo-y-asistencia-checadores","7":"product_tag-biometricos","8":"product_tag-hikvision","9":"product_tag-para-tiempo-y-asistencia-checadores","11":"first","12":"instock","13":"sale","14":"shipping-taxable","15":"purchasable","16":"product-type-simple"},"_links":{"self":[{"href":"https:\/\/soydeaqui.ddns.net\/pachuca\/index.php\/wp-json\/wp\/v2\/product\/25318","targetHints":{"allow":["GET"]}}],"collection":[{"href":"https:\/\/soydeaqui.ddns.net\/pachuca\/index.php\/wp-json\/wp\/v2\/product"}],"about":[{"href":"https:\/\/soydeaqui.ddns.net\/pachuca\/index.php\/wp-json\/wp\/v2\/types\/product"}],"replies":[{"embeddable":true,"href":"https:\/\/soydeaqui.ddns.net\/pachuca\/index.php\/wp-json\/wp\/v2\/comments?post=25318"}],"wp:featuredmedia":[{"embeddable":true,"href":"https:\/\/soydeaqui.ddns.net\/pachuca\/index.php\/wp-json\/wp\/v2\/media\/25317"}],"wp:attachment":[{"href":"https:\/\/soydeaqui.ddns.net\/pachuca\/index.php\/wp-json\/wp\/v2\/media?parent=25318"}],"wp:term":[{"taxonomy":"product_brand","embeddable":true,"href":"https:\/\/soydeaqui.ddns.net\/pachuca\/index.php\/wp-json\/wp\/v2\/product_brand?post=25318"},{"taxonomy":"product_cat","embeddable":true,"href":"https:\/\/soydeaqui.ddns.net\/pachuca\/index.php\/wp-json\/wp\/v2\/product_cat?post=25318"},{"taxonomy":"product_tag","embeddable":true,"href":"https:\/\/soydeaqui.ddns.net\/pachuca\/index.php\/wp-json\/wp\/v2\/product_tag?post=25318"}],"curies":[{"name":"wp","href":"https:\/\/api.w.org\/{rel}","templated":true}]}}