{"id":25260,"date":"2026-03-18T11:50:32","date_gmt":"2026-03-18T11:50:32","guid":{"rendered":"https:\/\/soydeaqui.ddns.net\/pachuca\/index.php\/producto\/lector-multitecnolgia-de-tarjetas-mifare-moviles-atraves-de-bluetooth-2\/"},"modified":"2026-03-18T11:50:35","modified_gmt":"2026-03-18T11:50:35","slug":"lector-multitecnolgia-de-tarjetas-mifare-moviles-atraves-de-bluetooth-2","status":"publish","type":"product","link":"https:\/\/soydeaqui.ddns.net\/pachuca\/index.php\/producto\/lector-multitecnolgia-de-tarjetas-mifare-moviles-atraves-de-bluetooth-2\/","title":{"rendered":"Lector  Multitecnolgia de tarjetas Mifare, m\u00f3viles atraves de Bluetooth"},"content":{"rendered":"<div style='width: 100%; max-width: 1200px; margin: 0 auto; font-family: sans-serif; line-height: 1.6; color: inherit;'> <!-- Descripci\u00f3n principal --> <\/p>\n<div style='margin-bottom: 30px;'>\n<p style='font-size: 16px; color: inherit;'>Es una terminal vers\u00e1til inteligente que soporta tarjetas de RFID&comma; acceso m\u00f3vil y tambi\u00e9n c\u00f3digos QR&comma; ofreciendo la m\u00e1s reciente flexibilidad en t\u00e9rminos de las opciones de credenciales y dise\u00f1o del sistema. Equipado con un seguro proceso de inicio&comma; protocolo de supervisi\u00f3n abierta (OSDP) y c\u00e1mara para eventos de im\u00e1genes&comma; X-Station 2 mejora la seguridad mientras resguarda los datos de los usuarios. X-Station 2 es f\u00e1cil de instalar&comma; el uso y mantenimiento con caracter\u00edsticas como alimentaci\u00f3n PoE&comma; interfaz gr\u00e1fica intuitiva en la amplia pantalla Touchscreen de 4&#8217;&comma; y grado de protecci\u00f3n IP65.<\/p>\n<\/p><\/div>\n<p> <!-- Especificaciones --> <\/p>\n<div style='margin-bottom: 30px;'>\n<h3 style='font-size: 24px; border-bottom: 2px solid currentColor; padding-bottom: 5px; margin-top: 0; color: inherit; opacity: 0.8;'>Especificaciones<\/h3>\n<p> <!-- Secci\u00f3n RFID --> <\/p>\n<div style='margin-bottom: 15px;'>\n<div style='background-color: rgba(150&comma; 150&comma; 150&comma; 0.1); padding: 15px; font-weight: bold; color: inherit;'>RFID<\/div>\n<div style='display: flex; flex-wrap: wrap; gap: 10px; margin-top: 10px;'>\n<div style='flex: 1 1 200px; min-width: 180px; border: 1px solid rgba(150&comma; 150&comma; 150&comma; 0.3); border-radius: 8px; padding: 10px;'> <strong style='display: block; margin-bottom: 5px; color: inherit;'>RF Option<\/strong> <\/p>\n<p style='margin: 0; font-size: 14px; color: inherit;'>125 kHz EM &#038; 13.56 MHz MIFARE&comma; MIFARE Plus&comma; DESFire EV1\/EV2<sup>1)<\/sup>&comma; FeliCa<\/p>\n<\/p><\/div>\n<div style='flex: 1 1 200px; min-width: 180px; border: 1px solid rgba(150&comma; 150&comma; 150&comma; 0.3); border-radius: 8px; padding: 10px;'> <strong style='display: block; margin-bottom: 5px; color: inherit;'>Tarjeta m\u00f3vil<\/strong> <\/p>\n<p style='margin: 0; font-size: 14px; color: inherit;'>NFC&comma; BLE<\/p>\n<\/p><\/div>\n<div style='flex: 1 1 200px; min-width: 180px; border: 1px solid rgba(150&comma; 150&comma; 150&comma; 0.3); border-radius: 8px; padding: 10px;'> <strong style='display: block; margin-bottom: 5px; color: inherit;'>QR\/Barcode<\/strong> <\/p>\n<p style='margin: 0; font-size: 14px; color: inherit;'>N\/A<\/p>\n<\/p><\/div>\n<div style='flex: 1 1 200px; min-width: 180px; border: 1px solid rgba(150&comma; 150&comma; 150&comma; 0.3); border-radius: 8px; padding: 10px;'> <strong style='display: block; margin-bottom: 5px; color: inherit;'>QR\/Barcode<\/strong> <\/p>\n<p style='margin: 0; font-size: 14px; color: inherit;'>Soportado<sup>2)<\/sup><\/p>\n<\/p><\/div>\n<\/p><\/div>\n<\/p><\/div>\n<p> <!-- Secci\u00f3n Hardware --> <\/p>\n<div style='margin-bottom: 15px;'>\n<div style='background-color: rgba(150&comma; 150&comma; 150&comma; 0.1); padding: 15px; font-weight: bold; color: inherit;'>Hardware<\/div>\n<div style='display: flex; flex-wrap: wrap; gap: 10px; margin-top: 10px;'>\n<div style='flex: 1 1 200px; min-width: 180px; border: 1px solid rgba(150&comma; 150&comma; 150&comma; 0.3); border-radius: 8px; padding: 10px;'> <strong style='display: block; margin-bottom: 5px; color: inherit;'>CPU<\/strong> <\/p>\n<p style='margin: 0; font-size: 14px; color: inherit;'>1.5 GHz Quad Core<\/p>\n<\/p><\/div>\n<div style='flex: 1 1 200px; min-width: 180px; border: 1px solid rgba(150&comma; 150&comma; 150&comma; 0.3); border-radius: 8px; padding: 10px;'> <strong style='display: block; margin-bottom: 5px; color: inherit;'>Memoria<\/strong> <\/p>\n<p style='margin: 0; font-size: 14px; color: inherit;'>16 GB Flash + 1 GB RAM<\/p>\n<\/p><\/div>\n<div style='flex: 1 1 200px; min-width: 180px; border: 1px solid rgba(150&comma; 150&comma; 150&comma; 0.3); border-radius: 8px; padding: 10px;'> <strong style='display: block; margin-bottom: 5px; color: inherit;'>Capacidad de usuarios<\/strong> <\/p>\n<p style='margin: 0; font-size: 14px; color: inherit;'>500&comma;000<\/p>\n<\/p><\/div>\n<div style='flex: 1 1 200px; min-width: 180px; border: 1px solid rgba(150&comma; 150&comma; 150&comma; 0.3); border-radius: 8px; padding: 10px;'> <strong style='display: block; margin-bottom: 5px; color: inherit;'>Eventos<\/strong> <\/p>\n<p style='margin: 0; font-size: 14px; color: inherit;'>Texto 5&comma;000&comma;000 \/ Imagen 50&comma;000<\/p>\n<\/p><\/div>\n<div style='flex: 1 1 200px; min-width: 180px; border: 1px solid rgba(150&comma; 150&comma; 150&comma; 0.3); border-radius: 8px; padding: 10px;'> <strong style='display: block; margin-bottom: 5px; color: inherit;'>LCD<\/strong> <\/p>\n<p style='margin: 0; font-size: 14px; color: inherit;'>4&#8242; IPS color LCD \/ 480 x 800 pixels<\/p>\n<\/p><\/div>\n<div style='flex: 1 1 200px; min-width: 180px; border: 1px solid rgba(150&comma; 150&comma; 150&comma; 0.3); border-radius: 8px; padding: 10px;'> <strong style='display: block; margin-bottom: 5px; color: inherit;'>C\u00e1mara<\/strong> <\/p>\n<p style='margin: 0; font-size: 14px; color: inherit;'>CMOS 2M pixels \/ 1600 x 1200<\/p>\n<\/p><\/div>\n<div style='flex: 1 1 200px; min-width: 180px; border: 1px solid rgba(150&comma; 150&comma; 150&comma; 0.3); border-radius: 8px; padding: 10px;'> <strong style='display: block; margin-bottom: 5px; color: inherit;'>Temperatura de Operaci\u00f3n<\/strong> <\/p>\n<p style='margin: 0; font-size: 14px; color: inherit;'>-20\u00b0C\u201350\u00b0C (-4\u00b0F\u2013122\u00b0F)<\/p>\n<\/p><\/div>\n<div style='flex: 1 1 200px; min-width: 180px; border: 1px solid rgba(150&comma; 150&comma; 150&comma; 0.3); border-radius: 8px; padding: 10px;'> <strong style='display: block; margin-bottom: 5px; color: inherit;'>Dimensiones<\/strong> <\/p>\n<p style='margin: 0; font-size: 14px; color: inherit;'>XS2-DPB: 82 mm x 159 mm x 25.9 mm<br \/>XS2-QDPB: 82 mm x 203 mm x 33.9 mm<br \/>XS2-APB: 82 mm x 159 mm x 25.9 mm<br \/>XS2-QAPB: 82 mm x 203 mm x 33.9 mm<\/p>\n<\/p><\/div>\n<div style='flex: 1 1 200px; min-width: 180px; border: 1px solid rgba(150&comma; 150&comma; 150&comma; 0.3); border-radius: 8px; padding: 10px;'> <strong style='display: block; margin-bottom: 5px; color: inherit;'>Tamper<\/strong> <\/p>\n<p style='margin: 0; font-size: 14px; color: inherit;'>Soportado<\/p>\n<\/p><\/div>\n<div style='flex: 1 1 200px; min-width: 180px; border: 1px solid rgba(150&comma; 150&comma; 150&comma; 0.3); border-radius: 8px; padding: 10px;'> <strong style='display: block; margin-bottom: 5px; color: inherit;'>Certificaciones<\/strong> <\/p>\n<p style='margin: 0; font-size: 14px; color: inherit;'>KC&comma; CE&comma; FCC (Compliance: RoHS&comma; REACH&comma; WEEE)<\/p>\n<\/p><\/div>\n<\/p><\/div>\n<\/p><\/div>\n<p> <!-- Secci\u00f3n Interfaces --> <\/p>\n<div style='margin-bottom: 15px;'>\n<div style='background-color: rgba(150&comma; 150&comma; 150&comma; 0.1); padding: 15px; font-weight: bold; color: inherit;'>Interfaces<\/div>\n<div style='display: flex; flex-wrap: wrap; gap: 10px; margin-top: 10px;'>\n<div style='flex: 1 1 200px; min-width: 180px; border: 1px solid rgba(150&comma; 150&comma; 150&comma; 0.3); border-radius: 8px; padding: 10px;'> <strong style='display: block; margin-bottom: 5px; color: inherit;'>Ethernet<\/strong> <\/p>\n<p style='margin: 0; font-size: 14px; color: inherit;'>Soporta (10\/100 Mbps&comma; auto MDI\/MDI-X)<\/p>\n<\/p><\/div>\n<div style='flex: 1 1 200px; min-width: 180px; border: 1px solid rgba(150&comma; 150&comma; 150&comma; 0.3); border-radius: 8px; padding: 10px;'> <strong style='display: block; margin-bottom: 5px; color: inherit;'>RS-485<\/strong> <\/p>\n<p style='margin: 0; font-size: 14px; color: inherit;'>1 Maestro o esclavo (Seleccionable)<\/p>\n<\/p><\/div>\n<div style='flex: 1 1 200px; min-width: 180px; border: 1px solid rgba(150&comma; 150&comma; 150&comma; 0.3); border-radius: 8px; padding: 10px;'> <strong style='display: block; margin-bottom: 5px; color: inherit;'>Wiegand<\/strong> <\/p>\n<p style='margin: 0; font-size: 14px; color: inherit;'>1 entrada o salida (Seleccionable)<\/p>\n<\/p><\/div>\n<div style='flex: 1 1 200px; min-width: 180px; border: 1px solid rgba(150&comma; 150&comma; 150&comma; 0.3); border-radius: 8px; padding: 10px;'> <strong style='display: block; margin-bottom: 5px; color: inherit;'>TTL<\/strong> <\/p>\n<p style='margin: 0; font-size: 14px; color: inherit;'>2 entradas<\/p>\n<\/p><\/div>\n<div style='flex: 1 1 200px; min-width: 180px; border: 1px solid rgba(150&comma; 150&comma; 150&comma; 0.3); border-radius: 8px; padding: 10px;'> <strong style='display: block; margin-bottom: 5px; color: inherit;'>Relevador<\/strong> <\/p>\n<p style='margin: 0; font-size: 14px; color: inherit;'>1 Relevador<\/p>\n<\/p><\/div>\n<div style='flex: 1 1 200px; min-width: 180px; border: 1px solid rgba(150&comma; 150&comma; 150&comma; 0.3); border-radius: 8px; padding: 10px;'> <strong style='display: block; margin-bottom: 5px; color: inherit;'>USB<\/strong> <\/p>\n<p style='margin: 0; font-size: 14px; color: inherit;'>USB 2.0 (Host)<\/p>\n<\/p><\/div>\n<div style='flex: 1 1 200px; min-width: 180px; border: 1px solid rgba(150&comma; 150&comma; 150&comma; 0.3); border-radius: 8px; padding: 10px;'> <strong style='display: block; margin-bottom: 5px; color: inherit;'>PoE<\/strong> <\/p>\n<p style='margin: 0; font-size: 14px; color: inherit;'>Soporta (IEEE 802.3af compliant)<\/p>\n<\/p><\/div>\n<div style='flex: 1 1 200px; min-width: 180px; border: 1px solid rgba(150&comma; 150&comma; 150&comma; 0.3); border-radius: 8px; padding: 10px;'> <strong style='display: block; margin-bottom: 5px; color: inherit;'>Grado protecci\u00f3n IP<\/strong> <\/p>\n<p style='margin: 0; font-size: 14px; color: inherit;'>IP65<\/p>\n<\/p><\/div>\n<\/p><\/div>\n<\/p><\/div>\n<p> <!-- Secci\u00f3n El\u00e9ctricas --> <\/p>\n<div style='margin-bottom: 15px;'>\n<div style='background-color: rgba(150&comma; 150&comma; 150&comma; 0.1); padding: 15px; font-weight: bold; color: inherit;'>El\u00e9ctricas<\/div>\n<div style='display: flex; flex-wrap: wrap; gap: 10px; margin-top: 10px;'>\n<div style='flex: 1 1 200px; min-width: 180px; border: 1px solid rgba(150&comma; 150&comma; 150&comma; 0.3); border-radius: 8px; padding: 10px;'> <strong style='display: block; margin-bottom: 5px; color: inherit;'>Alimentaci\u00f3n<\/strong> <\/p>\n<p style='margin: 0; font-size: 14px; color: inherit;'>12 Vcc (Max. 0.8 A) o 24 Vcc (Max. 0.45 A)<\/p>\n<\/p><\/div>\n<\/p><\/div>\n<\/p><\/div>\n<\/p><\/div>\n<p> <!-- Notas --> <\/p>\n<div style='margin-bottom: 30px;'>\n<p style='font-size: 14px; color: inherit; margin: 0; padding: 0;'><sup>1)<\/sup> Tarjetas DESFire EV2 son soportadas teniendo compatibilidad con versiones anteriores de tarjetas DESFire EV1. CSN y tarjetas inteligentes son compatibles con X-Station 2.<\/p>\n<p style='font-size: 14px; color: inherit; margin: 0; padding: 0;'><sup>2)<\/sup> Soporta c\u00f3digos QR\/Barcodes compuestos de hasta 32 cadenas de c\u00f3digo ASCII. C\u00f3digos QR pueden ser emitidos en Biostar2 de Suprema o sistemas de terceras partes.<\/p>\n<\/p><\/div>\n<\/p><\/div>\n","protected":false},"excerpt":{"rendered":"<p>Lector  Multitecnolgia de tarjetas Mifare, m\u00f3viles atraves de Bluetooth<\/p>\n","protected":false},"featured_media":25259,"comment_status":"open","ping_status":"closed","template":"","meta":[],"product_brand":[],"product_cat":[465],"product_tag":[466,467,798],"class_list":{"0":"post-25260","1":"product","2":"type-product","3":"status-publish","4":"has-post-thumbnail","6":"product_cat-proximidad-125-khz","7":"product_tag-lectoras-y-tarjetas","8":"product_tag-proximidad-125-khz","9":"product_tag-suprema","11":"first","12":"instock","13":"sale","14":"shipping-taxable","15":"purchasable","16":"product-type-simple"},"_links":{"self":[{"href":"https:\/\/soydeaqui.ddns.net\/pachuca\/index.php\/wp-json\/wp\/v2\/product\/25260","targetHints":{"allow":["GET"]}}],"collection":[{"href":"https:\/\/soydeaqui.ddns.net\/pachuca\/index.php\/wp-json\/wp\/v2\/product"}],"about":[{"href":"https:\/\/soydeaqui.ddns.net\/pachuca\/index.php\/wp-json\/wp\/v2\/types\/product"}],"replies":[{"embeddable":true,"href":"https:\/\/soydeaqui.ddns.net\/pachuca\/index.php\/wp-json\/wp\/v2\/comments?post=25260"}],"wp:featuredmedia":[{"embeddable":true,"href":"https:\/\/soydeaqui.ddns.net\/pachuca\/index.php\/wp-json\/wp\/v2\/media\/25259"}],"wp:attachment":[{"href":"https:\/\/soydeaqui.ddns.net\/pachuca\/index.php\/wp-json\/wp\/v2\/media?parent=25260"}],"wp:term":[{"taxonomy":"product_brand","embeddable":true,"href":"https:\/\/soydeaqui.ddns.net\/pachuca\/index.php\/wp-json\/wp\/v2\/product_brand?post=25260"},{"taxonomy":"product_cat","embeddable":true,"href":"https:\/\/soydeaqui.ddns.net\/pachuca\/index.php\/wp-json\/wp\/v2\/product_cat?post=25260"},{"taxonomy":"product_tag","embeddable":true,"href":"https:\/\/soydeaqui.ddns.net\/pachuca\/index.php\/wp-json\/wp\/v2\/product_tag?post=25260"}],"curies":[{"name":"wp","href":"https:\/\/api.w.org\/{rel}","templated":true}]}}