{"id":25222,"date":"2026-03-18T11:49:46","date_gmt":"2026-03-18T11:49:46","guid":{"rendered":"https:\/\/soydeaqui.ddns.net\/pachuca\/index.php\/producto\/manija-castelli-biometrica-acabado-negro-30-usuarios-para-puerta-izq-o-derecha-de-60-70mm\/"},"modified":"2026-03-18T11:49:50","modified_gmt":"2026-03-18T11:49:50","slug":"manija-castelli-biometrica-acabado-negro-30-usuarios-para-puerta-izq-o-derecha-de-60-70mm","status":"publish","type":"product","link":"https:\/\/soydeaqui.ddns.net\/pachuca\/index.php\/producto\/manija-castelli-biometrica-acabado-negro-30-usuarios-para-puerta-izq-o-derecha-de-60-70mm\/","title":{"rendered":"Manija Castelli Biom\u00e9trica\/ Acabado Negro \/ 30 usuarios\/Para Puerta Izq o Derecha de 60-70mm"},"content":{"rendered":"<div style='width: 100%; max-width: 1200px; margin: 0 auto; font-family: sans-serif; line-height: 1.6; color: inherit; background-color: transparent;'>\n<div style='display: flex; flex-wrap: wrap; gap: 30px; margin-bottom: 30px;'>\n<div style='flex: 1 1 300px; min-width: 280px;'>\n<h3 style='font-size: 22px; border-bottom: 2px solid currentColor; padding-bottom: 5px; margin-top: 0; color: inherit; opacity: 0.8;'>Funciones<\/h3>\n<ul style='padding-left: 20px; font-size: 15px; color: inherit;'>\n<li style='margin-bottom: 5px;'>Manija interior ciega con salida anti p\u00e1nico&comma; al girar la manija retrae el pestillo.<\/li>\n<li style='margin-bottom: 5px;'>Manija exterior con sensor biom\u00e9trico.<\/li>\n<li style='margin-bottom: 5px;'>La manija exterior cuenta con sistema de clutch (la manija no activa el picaporte)&comma; al detectar la huella registrada se puede retraer el pestillo.<\/li>\n<li style='margin-bottom: 5px;'>Cierre autom\u00e1tico despu\u00e9s de 5 segundos.<\/li>\n<\/ul><\/div>\n<\/p><\/div>\n<div style='display: flex; flex-wrap: wrap; gap: 30px; margin-bottom: 30px;'>\n<div style='flex: 1 1 300px; min-width: 280px;'>\n<h3 style='font-size: 22px; border-bottom: 2px solid currentColor; padding-bottom: 5px; margin-top: 0; color: inherit; opacity: 0.8;'>Caracter\u00edsticas<\/h3>\n<ul style='padding-left: 20px; font-size: 15px; color: inherit;'>\n<li style='margin-bottom: 5px;'><strong>Acabado negro.<\/strong><\/li>\n<li style='margin-bottom: 5px;'>Registro de huellas por medio de indicador de luz led y bot\u00f3n de configuraciones&comma; se pueden registrar hasta <strong>30 usuarios<\/strong> de los cuales los primeros 3 son los administradores.<\/li>\n<li style='margin-bottom: 5px;'>Para apertura de puerta <strong>izquierda o derecha.<\/strong><\/li>\n<li style='margin-bottom: 5px;'>Con llave de extra seguridad para desbloquear el pestillo.<\/li>\n<li style='margin-bottom: 5px;'>Pestillo anti tarjeta de aleaci\u00f3n met\u00e1lica con backset ajustable (<strong>60-70mm<\/strong>).<\/li>\n<li style='margin-bottom: 5px;'>Requiere 4 pilas AAA de 1.5Vcc&comma; no necesita conectarse a la red el\u00e9ctrica (no incluidas).<\/li>\n<li style='margin-bottom: 5px;'>Cuenta con funci\u00f3n de paso para bloquear-desbloquear la manija.<\/li>\n<li style='margin-bottom: 5px;'>Cuenta con puerto auxiliar en caso de agotarse la bater\u00eda acabado <strong>n\u00edquel sat\u00edn.<\/strong><\/li>\n<\/ul><\/div>\n<\/p><\/div>\n<div style='display: flex; flex-wrap: wrap; gap: 30px; margin-bottom: 30px;'>\n<div style='flex: 1 1 300px; min-width: 280px;'>\n<h3 style='font-size: 22px; border-bottom: 2px solid currentColor; padding-bottom: 5px; margin-top: 0; color: inherit; opacity: 0.8;'>Video de Operaci\u00f3n<\/h3>\n<div style='position: relative; padding-bottom: 56.25%; height: 0; overflow: hidden; margin-bottom: 30px;'>   <\/div>\n<\/p><\/div>\n<\/p><\/div>\n<hr style='border: 0; border-top: 1px solid rgba(150&comma; 150&comma; 150&comma; 0.3); margin: 30px 0;'> <\/div>\n","protected":false},"excerpt":{"rendered":"<p>Manija Castelli Biom\u00e9trica\/ Acabado Negro \/ 30 usuarios\/Para Puerta Izq o Derecha de 60-70mm<\/p>\n","protected":false},"featured_media":25221,"comment_status":"open","ping_status":"closed","template":"","meta":[],"product_brand":[],"product_cat":[86],"product_tag":[88,87,395],"class_list":{"0":"post-25222","1":"product","2":"type-product","3":"status-publish","4":"has-post-thumbnail","6":"product_cat-autonomas-inteligentes","7":"product_tag-autonomas-inteligentes","8":"product_tag-cerraduras","9":"product_tag-yale-assa-abloy","11":"first","12":"instock","13":"sale","14":"shipping-taxable","15":"purchasable","16":"product-type-simple"},"_links":{"self":[{"href":"https:\/\/soydeaqui.ddns.net\/pachuca\/index.php\/wp-json\/wp\/v2\/product\/25222","targetHints":{"allow":["GET"]}}],"collection":[{"href":"https:\/\/soydeaqui.ddns.net\/pachuca\/index.php\/wp-json\/wp\/v2\/product"}],"about":[{"href":"https:\/\/soydeaqui.ddns.net\/pachuca\/index.php\/wp-json\/wp\/v2\/types\/product"}],"replies":[{"embeddable":true,"href":"https:\/\/soydeaqui.ddns.net\/pachuca\/index.php\/wp-json\/wp\/v2\/comments?post=25222"}],"wp:featuredmedia":[{"embeddable":true,"href":"https:\/\/soydeaqui.ddns.net\/pachuca\/index.php\/wp-json\/wp\/v2\/media\/25221"}],"wp:attachment":[{"href":"https:\/\/soydeaqui.ddns.net\/pachuca\/index.php\/wp-json\/wp\/v2\/media?parent=25222"}],"wp:term":[{"taxonomy":"product_brand","embeddable":true,"href":"https:\/\/soydeaqui.ddns.net\/pachuca\/index.php\/wp-json\/wp\/v2\/product_brand?post=25222"},{"taxonomy":"product_cat","embeddable":true,"href":"https:\/\/soydeaqui.ddns.net\/pachuca\/index.php\/wp-json\/wp\/v2\/product_cat?post=25222"},{"taxonomy":"product_tag","embeddable":true,"href":"https:\/\/soydeaqui.ddns.net\/pachuca\/index.php\/wp-json\/wp\/v2\/product_tag?post=25222"}],"curies":[{"name":"wp","href":"https:\/\/api.w.org\/{rel}","templated":true}]}}