{"id":25216,"date":"2026-03-18T11:49:36","date_gmt":"2026-03-18T11:49:36","guid":{"rendered":"https:\/\/soydeaqui.ddns.net\/pachuca\/index.php\/producto\/manija-castelli-biometrica-niquel-satinado-30-usuarios-para-puerta-izq-o-derecha-de-60-70mm\/"},"modified":"2026-03-18T11:49:42","modified_gmt":"2026-03-18T11:49:42","slug":"manija-castelli-biometrica-niquel-satinado-30-usuarios-para-puerta-izq-o-derecha-de-60-70mm","status":"publish","type":"product","link":"https:\/\/soydeaqui.ddns.net\/pachuca\/index.php\/producto\/manija-castelli-biometrica-niquel-satinado-30-usuarios-para-puerta-izq-o-derecha-de-60-70mm\/","title":{"rendered":"Manija Castelli Biom\u00e9trica\/ Niquel Satinado \/ 30 usuarios \/ Para Puerta Izq o Derecha de 60-70mm"},"content":{"rendered":"<div style='width: 100%; max-width: 1200px; margin: 0 auto; font-family: sans-serif; line-height: 1.6; color: inherit; background-color: transparent;'>\n<div style='display: flex; flex-wrap: wrap; gap: 30px; margin-bottom: 30px;'>\n<div style='flex: 1 1 300px; min-width: 280px;'>\n<h3 style='font-size: 22px; border-bottom: 2px solid currentColor; padding-bottom: 5px; margin-top: 0; color: inherit; opacity: 0.8;'>Funciones<\/h3>\n<ul style='padding-left: 20px; font-size: 15px; color: inherit;'>\n<li>Manija interior ciega con salida anti p\u00e1nico&comma; al girar la manija retrae el pestillo.<\/li>\n<li>Manija exterior con sensor biom\u00e9trico.<\/li>\n<li>La manija exterior cuenta con sistema de clutch (la manija no activa el picaporte)&comma; al detectar la huella registrada se puede retraer el pestillo.<\/li>\n<li>Cierre autom\u00e1tico despu\u00e9s de 5 segundos.<\/li>\n<\/ul>\n<\/div>\n<\/div>\n<div style='display: flex; flex-wrap: wrap; gap: 30px; margin-bottom: 30px;'>\n<div style='flex: 1 1 300px; min-width: 280px;'>\n<h3 style='font-size: 22px; border-bottom: 2px solid currentColor; padding-bottom: 5px; margin-top: 0; color: inherit; opacity: 0.8;'>Caracter\u00edsticas<\/h3>\n<ul style='padding-left: 20px; font-size: 15px; color: inherit;'>\n<li>Acabado n\u00edquel sat\u00edn.<\/li>\n<li>Registro de huellas por medio de indicador de luz led y bot\u00f3n de configuraciones&comma; se pueden registrar hasta <strong>30 usuarios<\/strong> de los cuales los primeros 3 son los administradores.<\/li>\n<li>Para apertura de puerta <strong>izquierda o derecha<\/strong>.<\/li>\n<li>Con llave de extra seguridad para desbloquear el pestillo.<\/li>\n<li>Pestillo anti tarjeta de aleaci\u00f3n met\u00e1lica con backset ajustable (<strong>60-70mm<\/strong>).<\/li>\n<li>Para puertas de 35 a 45 mm.<\/li>\n<li>Requiere 4 pilas AAA de 1.5Vcc&comma; no necesita conectarse a la red el\u00e9ctrica (no incluidas).<\/li>\n<li>Cuenta con funci\u00f3n de paso para bloquear-desbloquear la manija.<\/li>\n<li>Cuenta con puerto auxiliar en caso de agotarse la bater\u00eda acabado <strong>n\u00edquel sat\u00edn<\/strong>.<\/li>\n<\/ul>\n<\/div>\n<\/div>\n<div style='display: flex; flex-wrap: wrap; gap: 30px; margin-bottom: 30px;'>\n<div style='flex: 1 1 300px; min-width: 280px;'>\n<h3 style='font-size: 22px; border-bottom: 2px solid currentColor; padding-bottom: 5px; margin-top: 0; color: inherit; opacity: 0.8;'>Video de Operaci\u00f3n<\/h3>\n<div style='position: relative; padding-bottom: 56.25%; height: 0; overflow: hidden; margin-bottom: 30px;'> <\/div>\n<\/div>\n<\/div>\n<div style='display: flex; flex-wrap: wrap; gap: 30px; margin-bottom: 30px;'>\n<div style='flex: 1 1 300px; min-width: 280px;'>\n<h3 style='font-size: 22px; border-bottom: 2px solid currentColor; padding-bottom: 5px; margin-top: 0; color: inherit; opacity: 0.8;'>Marca<\/h3>\n<div style='padding: 15px; color: inherit;'><img style='width: 100%; height: auto; border: 1px solid rgba(150&comma;150&comma;150&comma;0.3); border-radius: 8px;' src='http:\/\/ftp3.syscom.mx\/usuarios\/ftp\/2017\/01\/03\/43ba4\/yale-logo.jpg' alt=''><\/div>\n<\/div>\n<\/div>\n<\/div>\n","protected":false},"excerpt":{"rendered":"<p>Manija Castelli Biom\u00e9trica\/ Niquel Satinado \/ 30 usuarios \/ Para Puerta Izq o Derecha de 60-70mm<\/p>\n","protected":false},"featured_media":25215,"comment_status":"open","ping_status":"closed","template":"","meta":[],"product_brand":[],"product_cat":[86],"product_tag":[88,87,395],"class_list":{"0":"post-25216","1":"product","2":"type-product","3":"status-publish","4":"has-post-thumbnail","6":"product_cat-autonomas-inteligentes","7":"product_tag-autonomas-inteligentes","8":"product_tag-cerraduras","9":"product_tag-yale-assa-abloy","11":"first","12":"instock","13":"sale","14":"shipping-taxable","15":"purchasable","16":"product-type-simple"},"_links":{"self":[{"href":"https:\/\/soydeaqui.ddns.net\/pachuca\/index.php\/wp-json\/wp\/v2\/product\/25216","targetHints":{"allow":["GET"]}}],"collection":[{"href":"https:\/\/soydeaqui.ddns.net\/pachuca\/index.php\/wp-json\/wp\/v2\/product"}],"about":[{"href":"https:\/\/soydeaqui.ddns.net\/pachuca\/index.php\/wp-json\/wp\/v2\/types\/product"}],"replies":[{"embeddable":true,"href":"https:\/\/soydeaqui.ddns.net\/pachuca\/index.php\/wp-json\/wp\/v2\/comments?post=25216"}],"wp:featuredmedia":[{"embeddable":true,"href":"https:\/\/soydeaqui.ddns.net\/pachuca\/index.php\/wp-json\/wp\/v2\/media\/25215"}],"wp:attachment":[{"href":"https:\/\/soydeaqui.ddns.net\/pachuca\/index.php\/wp-json\/wp\/v2\/media?parent=25216"}],"wp:term":[{"taxonomy":"product_brand","embeddable":true,"href":"https:\/\/soydeaqui.ddns.net\/pachuca\/index.php\/wp-json\/wp\/v2\/product_brand?post=25216"},{"taxonomy":"product_cat","embeddable":true,"href":"https:\/\/soydeaqui.ddns.net\/pachuca\/index.php\/wp-json\/wp\/v2\/product_cat?post=25216"},{"taxonomy":"product_tag","embeddable":true,"href":"https:\/\/soydeaqui.ddns.net\/pachuca\/index.php\/wp-json\/wp\/v2\/product_tag?post=25216"}],"curies":[{"name":"wp","href":"https:\/\/api.w.org\/{rel}","templated":true}]}}