{"id":24810,"date":"2026-03-18T11:41:47","date_gmt":"2026-03-18T11:41:47","guid":{"rendered":"https:\/\/soydeaqui.ddns.net\/pachuca\/index.php\/producto\/kit-de-barrera-gard12-disenada-para-accesos-especiales-de-gran-dimension-soporta-brazo-de-hasta-12-metros\/"},"modified":"2026-03-18T11:41:48","modified_gmt":"2026-03-18T11:41:48","slug":"kit-de-barrera-gard12-disenada-para-accesos-especiales-de-gran-dimension-soporta-brazo-de-hasta-12-metros","status":"publish","type":"product","link":"https:\/\/soydeaqui.ddns.net\/pachuca\/index.php\/producto\/kit-de-barrera-gard12-disenada-para-accesos-especiales-de-gran-dimension-soporta-brazo-de-hasta-12-metros\/","title":{"rendered":"Kit de Barrera GARD12 \/ Dise\u00f1ada Para Accesos Especiales de Gran Dimensi\u00f3n \/ Soporta Brazo de Hasta 12 Metros"},"content":{"rendered":"<div style='width: 100%; max-width: 1200px; margin: 0 auto; font-family: sans-serif; line-height: 1.6; color: inherit; background-color: transparent;'> <!-- Secci\u00f3n de caracter\u00edsticas en tres columnas --> <\/p>\n<div style='display: flex; flex-wrap: wrap; gap: 30px; margin-bottom: 30px;'>\n<div style='flex: 1 1 300px; min-width: 280px;'>\n<h3 style='font-size: 22px; border-bottom: 2px solid currentColor; padding-bottom: 5px; margin-top: 0; color: inherit; opacity: 0.8;'>Caracter\u00edsticas principales:<\/h3>\n<ul style='padding-left: 20px; font-size: 15px; color: inherit;'>\n<li style='margin-bottom: 5px;'>Soporta mastil de hasta 12 metros<\/li>\n<li style='margin-bottom: 5px;'>Intermitencia o funcionamiento del 50%<\/li>\n<li style='margin-bottom: 5px;'>Tiempo de apertura 10 segundos.<\/li>\n<\/ul><\/div>\n<div style='flex: 1 1 300px; min-width: 280px;'>\n<h3 style='font-size: 22px; border-bottom: 2px solid currentColor; padding-bottom: 5px; margin-top: 0; color: inherit; opacity: 0.8;'>Caracter\u00edsticas F\u00edsicas y El\u00e9ctricas:<\/h3>\n<ul style='padding-left: 20px; font-size: 15px; color: inherit;'>\n<li style='margin-bottom: 5px;'>Alimentaci\u00f3n de la barrera 220VAC<\/li>\n<li style='margin-bottom: 5px;'>Alimentaci\u00f3n del motor 24VDC<\/li>\n<li style='margin-bottom: 5px;'>Consumo de corriente 15A<\/li>\n<\/ul><\/div>\n<div style='flex: 1 1 300px; min-width: 280px;'>\n<h3 style='font-size: 22px; border-bottom: 2px solid currentColor; padding-bottom: 5px; margin-top: 0; color: inherit; opacity: 0.8;'>Caracter\u00edsticas Destacadas:<\/h3>\n<ul style='padding-left: 20px; font-size: 15px; color: inherit;'>\n<li style='margin-bottom: 5px;'>Grado de protecci\u00f3n IP54<\/li>\n<li style='margin-bottom: 5px;'>Temperatura de operaci\u00f3n de -20\u00b0 a 55\u00b0C<\/li>\n<li style='margin-bottom: 5px;'>Par del motor 600 Nm.<\/li>\n<\/ul><\/div>\n<\/p><\/div>\n<p> <!-- Separador --> <\/p>\n<hr style='border: 0; border-top: 1px solid rgba(150&comma; 150&comma; 150&comma; 0.3); margin: 30px 0;'> <!-- Contenedor de contenido principal --> <\/p>\n<div style='display: flex; flex-wrap: wrap; gap: 30px; margin-bottom: 30px;'>\n<div style='flex: 1 1 400px; min-width: 300px;'>\n<h2 style='font-size: 20px; margin-top: 0; color: inherit;'>Kit de barrera GARD 12<\/h2>\n<h2 style='font-size: 20px; color: inherit;'>El kit incluye:<\/h2>\n<ul style='padding-left: 20px; font-size: 15px; color: inherit;'>\n<li style='margin-bottom: 5px;'>1 x <strong>001G1201K<\/strong> Barrera GARD 12 de 220V con gabinete de acero pintado.<\/li>\n<li style='margin-bottom: 5px;'>1 x <strong>001G1325<\/strong> Paquete de contrapesos para GARD 12.<\/li>\n<li style='margin-bottom: 5px;'>1 x <strong>001G0121<\/strong> Kit de brazos con soporte fijo.<\/li>\n<li style='margin-bottom: 5px;'>2 x <strong>001G02809<\/strong> Paquete de bandas rojas para brazo<\/li>\n<li style='margin-bottom: 5px;'>1 x <strong>001G02807<\/strong> Apoyo fijo para mastiles CAME<\/li>\n<\/ul>\n<h2 style='font-size: 20px; color: inherit;'>Notas adicionales:<\/h2>\n<ul style='padding-left: 20px; font-size: 15px; color: inherit;'>\n<li style='margin-bottom: 5px;'>Equipo con un a\u00f1o de garantia contra defectos de fabricaci\u00f3n.<\/li>\n<\/ul><\/div>\n<div style='flex: 1 1 400px; min-width: 300px;'> <img style='width: 100%; height: auto; border: 1px solid rgba(150&comma;150&comma;150&comma;0.3); border-radius: 8px;' src='https:\/\/ftp3.syscom.mx\/usuarios\/fotos\/KTGARD12\/198709-gard_12.png' alt=''> <\/div>\n<\/p><\/div>\n<p> <!-- Separador --> <\/p>\n<hr style='border: 0; border-top: 1px solid rgba(150&comma; 150&comma; 150&comma; 0.3); margin: 30px 0;'> <!-- Caracter\u00edsticas adicionales --> <\/p>\n<div style='margin-bottom: 30px;'>\n<h2 style='font-size: 20px; text-align: center; margin-bottom: 20px; color: inherit;'>Caracteristicas principales<\/h2>\n<div style='display: flex; flex-direction: column; gap: 15px; color: inherit;'>\n<p style='text-align: center; margin: 0; font-size: 15px;'>Dos motorreductores de 24VDC montados en el mismo eje para ofrecer m\u00e1s par motor.<\/p>\n<p style='text-align: center; margin: 0; font-size: 15px;'>Equilibrado con contrapesos modulares&comma; garantiza un movimiento seguro y fiable del mastil.<\/p>\n<p style='text-align: center; margin: 0; font-size: 15px;'>Estructura robusta con armario de acero galvanizado con acabado en pintura color gris.<\/p>\n<\/p><\/div>\n<\/p><\/div>\n<p> <!-- Separador --> <\/p>\n<hr style='border: 0; border-top: 1px solid rgba(150&comma; 150&comma; 150&comma; 0.3); margin: 30px 0;'> <!-- Imagen de medidas --> <\/p>\n<div style='margin-bottom: 30px;'>\n<h2 style='font-size: 20px; text-align: center; margin-bottom: 20px; color: inherit;'>Medidas de barrera GARD 12<\/h2>\n<p> <img style='width: 100%; height: auto; border: 1px solid rgba(150&comma;150&comma;150&comma;0.3); border-radius: 8px;' src='https:\/\/ftp3.syscom.mx\/usuarios\/fotos\/KTGARD12\/198709-medidas_gard_12.jpg' alt='Medidas barrera GARD 12'> <\/div>\n<p> <!-- Nota final --> <\/p>\n<div style='margin-bottom: 30px;'>\n<h2 style='font-size: 16px; color: inherit; margin: 0;'> NOTA: Considerar descansabrazos <a href='https:\/\/www.syscom.mx\/principal\/searchcont?route=XB-POST-AccessPRO-Industrial-183352&#038;autodetect=xbpost' target='_blank' rel='noopener' style='color: #0091ff; text-decoration: none; font-weight: bold;'>XB-POST<\/a> en brazos de 4 m o m\u00e1s para evitar da\u00f1o prematuro del mecanismo. <\/h2>\n<\/p><\/div>\n<\/p><\/div>\n","protected":false},"excerpt":{"rendered":"<p>Kit de Barrera GARD12 \/ Dise\u00f1ada Para Accesos Especiales de Gran Dimensi\u00f3n \/ Soporta Brazo de Hasta 12 Metros<\/p>\n","protected":false},"featured_media":24809,"comment_status":"open","ping_status":"closed","template":"","meta":[],"product_brand":[],"product_cat":[748],"product_tag":[401,749,779],"class_list":{"0":"post-24810","1":"product","2":"type-product","3":"status-publish","4":"has-post-thumbnail","6":"product_cat-barreras-vehiculares","7":"product_tag-acceso-vehicular","8":"product_tag-barreras-vehiculares","9":"product_tag-came","11":"first","12":"outofstock","13":"sale","14":"shipping-taxable","15":"purchasable","16":"product-type-simple"},"_links":{"self":[{"href":"https:\/\/soydeaqui.ddns.net\/pachuca\/index.php\/wp-json\/wp\/v2\/product\/24810","targetHints":{"allow":["GET"]}}],"collection":[{"href":"https:\/\/soydeaqui.ddns.net\/pachuca\/index.php\/wp-json\/wp\/v2\/product"}],"about":[{"href":"https:\/\/soydeaqui.ddns.net\/pachuca\/index.php\/wp-json\/wp\/v2\/types\/product"}],"replies":[{"embeddable":true,"href":"https:\/\/soydeaqui.ddns.net\/pachuca\/index.php\/wp-json\/wp\/v2\/comments?post=24810"}],"wp:featuredmedia":[{"embeddable":true,"href":"https:\/\/soydeaqui.ddns.net\/pachuca\/index.php\/wp-json\/wp\/v2\/media\/24809"}],"wp:attachment":[{"href":"https:\/\/soydeaqui.ddns.net\/pachuca\/index.php\/wp-json\/wp\/v2\/media?parent=24810"}],"wp:term":[{"taxonomy":"product_brand","embeddable":true,"href":"https:\/\/soydeaqui.ddns.net\/pachuca\/index.php\/wp-json\/wp\/v2\/product_brand?post=24810"},{"taxonomy":"product_cat","embeddable":true,"href":"https:\/\/soydeaqui.ddns.net\/pachuca\/index.php\/wp-json\/wp\/v2\/product_cat?post=24810"},{"taxonomy":"product_tag","embeddable":true,"href":"https:\/\/soydeaqui.ddns.net\/pachuca\/index.php\/wp-json\/wp\/v2\/product_tag?post=24810"}],"curies":[{"name":"wp","href":"https:\/\/api.w.org\/{rel}","templated":true}]}}