{"id":24798,"date":"2026-03-18T11:41:32","date_gmt":"2026-03-18T11:41:32","guid":{"rendered":"https:\/\/soydeaqui.ddns.net\/pachuca\/index.php\/producto\/curso-de-motores-de-garage-en-aplicaciones-en-aplicaciones-de-de-puertas-corredizas-y-abatibles\/"},"modified":"2026-03-18T11:41:33","modified_gmt":"2026-03-18T11:41:33","slug":"curso-de-motores-de-garage-en-aplicaciones-en-aplicaciones-de-de-puertas-corredizas-y-abatibles","status":"publish","type":"product","link":"https:\/\/soydeaqui.ddns.net\/pachuca\/index.php\/producto\/curso-de-motores-de-garage-en-aplicaciones-en-aplicaciones-de-de-puertas-corredizas-y-abatibles\/","title":{"rendered":"Curso de Motores de Garage en aplicaciones en aplicaciones de de puertas Corredizas y Abatibles"},"content":{"rendered":"<div style='width: 100%; max-width: 1200px; margin: 0 auto; font-family: sans-serif; line-height: 1.6; color: inherit; background-color: transparent;'> <!-- T\u00edtulo principal --> <\/p>\n<div style='margin-bottom: 30px;'>\n<h1 style='font-size: 24px; border-bottom: 2px solid currentColor; padding-bottom: 8px; margin-top: 0; color: inherit; opacity: 0.9; font-weight: bold;'> CURSO DE MOTORES DE GARAGE EN APLICACIONES DE PUERTAS CORREDIZAS Y ABATIBLES <\/h1>\n<\/p><\/div>\n<p> <!-- Descripci\u00f3n general --> <\/p>\n<div style='margin-bottom: 30px;'>\n<p style='font-size: 15px; color: inherit; margin: 0 0 15px;'> Este curso es sobre la implementaci\u00f3n de las aplicaciones de un motor de garaje de la marca ACCESSPRO. Le permitir\u00e1 ampliar su criterio de la correcta selecci\u00f3n e instalaci\u00f3n del motor de garaje en alternativas de puertas corrediza y\/o abatible para su correcta instalaci\u00f3n. Tambi\u00e9n se familiarizar\u00e1 con los conceptos y elementos requeridos para implementar toda la soluci\u00f3n de control para las puertas. Al final usted podr\u00e1 seleccionar y recomendar de forma profesional este tipo de productos con sus clientes. <\/p>\n<\/p><\/div>\n<p> <!-- Secci\u00f3n de requisitos --> <\/p>\n<div style='margin-bottom: 30px;'>\n<h3 style='font-size: 20px; border-bottom: 2px solid currentColor; padding-bottom: 5px; margin-top: 0; color: inherit; opacity: 0.8;'>Requisitos:<\/h3>\n<ul style='padding-left: 20px; font-size: 15px; color: inherit; margin: 15px 0;'>\n<li style='margin-bottom: 8px;'>Ser Distribuidor SYSCOM.<\/li>\n<li style='margin-bottom: 8px;'>Conocimientos b\u00e1sicos de: Electricidad&comma; Electr\u00f3nica<\/li>\n<li style='margin-bottom: 8px;'>Conocimientos b\u00e1sicos de Control de Acceso<\/li>\n<li style='margin-bottom: 8px;'>Identificaci\u00f3n de la empresa que representa.<\/li>\n<\/ul><\/div>\n<p> <!-- A quien va dirigido --> <\/p>\n<div style='margin-bottom: 30px;'>\n<h3 style='font-size: 20px; border-bottom: 2px solid currentColor; padding-bottom: 5px; margin-top: 0; color: inherit; opacity: 0.8;'>A qui\u00e9n est\u00e1 dirigido:<\/h3>\n<p style='font-size: 15px; color: inherit; margin: 15px 0 0;'> A todos los que inician y desean involucrarse en las soluciones de apertura de puertas por medio de motores y tecnolog\u00edas de apertura para el control de acceso. <\/p>\n<\/p><\/div>\n<p> <!-- Objetivos del curso --> <\/p>\n<div style='margin-bottom: 30px;'>\n<h3 style='font-size: 20px; border-bottom: 2px solid currentColor; padding-bottom: 5px; margin-top: 0; color: inherit; opacity: 0.8;'>Objetivos del Curso:<\/h3>\n<p style='font-size: 15px; color: inherit; margin: 15px 0 0;'> Al t\u00e9rmino del curso el participante tendr\u00e1 los conocimientos necesarios para realizar la recomendaci\u00f3n e instalaci\u00f3n correcta del motor de garaje de ACCESSPRO en puertas abatible o corrediza. <\/p>\n<\/p><\/div>\n<p> <!-- Contenido del curso --> <\/p>\n<div style='margin-bottom: 30px;'>\n<h3 style='font-size: 20px; border-bottom: 2px solid currentColor; padding-bottom: 5px; margin-top: 0; color: inherit; opacity: 0.8;'>Contenido del Curso:<\/h3>\n<ul style='padding-left: 25px; font-size: 15px; color: inherit; margin: 15px 0;'>\n<li style='margin-bottom: 8px;'><strong>1.<\/strong> Motores de garaje (FS1000SPEED y ACCESSFORCE)<\/li>\n<li style='margin-bottom: 8px;'><strong>2.<\/strong> Consideraciones de preinstalaci\u00f3n para los motores<\/li>\n<li style='margin-bottom: 8px;'><strong>3.<\/strong> Consideraciones de preinstalaci\u00f3n para la puerta<\/li>\n<li style='margin-bottom: 8px;'><strong>4.<\/strong> Ajustes de la puerta corrediza y abatible<\/li>\n<li style='margin-bottom: 8px;'><strong>5.<\/strong> Ajustes de los motores<\/li>\n<li style='margin-bottom: 8px;'><strong>6.<\/strong> Mantenimiento de la puerta corrediza\/abatible y el Motor<\/li>\n<li style='margin-bottom: 8px;'><strong>7.<\/strong> Compatibilidad con equipos de control de Acceso de terceros<\/li>\n<\/ul><\/div>\n<p> <!-- Separador final --> <\/p>\n<hr style='border: 0; border-top: 1px solid rgba(150&comma; 150&comma; 150&comma; 0.3); margin: 30px 0;'> <\/div>\n","protected":false},"excerpt":{"rendered":"<p>Curso de Motores de Garage en aplicaciones en aplicaciones de de puertas Corredizas y Abatibles<\/p>\n","protected":false},"featured_media":24797,"comment_status":"open","ping_status":"closed","template":"","meta":[],"product_brand":[],"product_cat":[748],"product_tag":[401,749,63],"class_list":{"0":"post-24798","1":"product","2":"type-product","3":"status-publish","4":"has-post-thumbnail","6":"product_cat-barreras-vehiculares","7":"product_tag-acceso-vehicular","8":"product_tag-barreras-vehiculares","9":"product_tag-syscom","11":"first","12":"outofstock","13":"sale","14":"shipping-taxable","15":"purchasable","16":"product-type-simple"},"_links":{"self":[{"href":"https:\/\/soydeaqui.ddns.net\/pachuca\/index.php\/wp-json\/wp\/v2\/product\/24798","targetHints":{"allow":["GET"]}}],"collection":[{"href":"https:\/\/soydeaqui.ddns.net\/pachuca\/index.php\/wp-json\/wp\/v2\/product"}],"about":[{"href":"https:\/\/soydeaqui.ddns.net\/pachuca\/index.php\/wp-json\/wp\/v2\/types\/product"}],"replies":[{"embeddable":true,"href":"https:\/\/soydeaqui.ddns.net\/pachuca\/index.php\/wp-json\/wp\/v2\/comments?post=24798"}],"wp:featuredmedia":[{"embeddable":true,"href":"https:\/\/soydeaqui.ddns.net\/pachuca\/index.php\/wp-json\/wp\/v2\/media\/24797"}],"wp:attachment":[{"href":"https:\/\/soydeaqui.ddns.net\/pachuca\/index.php\/wp-json\/wp\/v2\/media?parent=24798"}],"wp:term":[{"taxonomy":"product_brand","embeddable":true,"href":"https:\/\/soydeaqui.ddns.net\/pachuca\/index.php\/wp-json\/wp\/v2\/product_brand?post=24798"},{"taxonomy":"product_cat","embeddable":true,"href":"https:\/\/soydeaqui.ddns.net\/pachuca\/index.php\/wp-json\/wp\/v2\/product_cat?post=24798"},{"taxonomy":"product_tag","embeddable":true,"href":"https:\/\/soydeaqui.ddns.net\/pachuca\/index.php\/wp-json\/wp\/v2\/product_tag?post=24798"}],"curies":[{"name":"wp","href":"https:\/\/api.w.org\/{rel}","templated":true}]}}