{"id":24376,"date":"2026-03-18T11:33:16","date_gmt":"2026-03-18T11:33:16","guid":{"rendered":"https:\/\/soydeaqui.ddns.net\/pachuca\/index.php\/producto\/teclado-autonomo-con-lector-de-proximidad-integrado-para-interior\/"},"modified":"2026-03-18T11:33:16","modified_gmt":"2026-03-18T11:33:16","slug":"teclado-autonomo-con-lector-de-proximidad-integrado-para-interior","status":"publish","type":"product","link":"https:\/\/soydeaqui.ddns.net\/pachuca\/index.php\/producto\/teclado-autonomo-con-lector-de-proximidad-integrado-para-interior\/","title":{"rendered":"Teclado Aut\u00f3nomo con Lector de Proximidad Integrado para interior."},"content":{"rendered":"<div style='width: 100%; max-width: 1200px; margin: 0 auto; font-family: sans-serif; line-height: 1.6; color: inherit; background-color: transparent;'> <!-- Secci\u00f3n de descripci\u00f3n --> <\/p>\n<div style='margin-bottom: 30px;'>\n<p style='margin: 0 0 15px 0; color: inherit;'>La serie ProKeypad es la combinaci\u00f3n de un teclado industrial robusto con una tarjeta de control para uso continuo por largos periodos de tiempo.<\/p>\n<p style='margin: 0 0 15px 0; color: inherit;'>Dise\u00f1os exclusivos de alt\u00edsima calidad y confiabilidad&comma; completos en funciones y extremadamente elegantes hacen a la serie ProKeypad la elecci\u00f3n segura para expertos en seguridad.<\/p>\n<\/p><\/div>\n<p> <!-- Secci\u00f3n de caracter\u00edsticas --> <\/p>\n<div style='display: flex; flex-wrap: wrap; gap: 30px; margin-bottom: 30px;'>\n<div style='flex: 1 1 300px; min-width: 280px;'>\n<h3 style='font-size: 22px; border-bottom: 2px solid currentColor; padding-bottom: 5px; margin-top: 0; color: inherit; opacity: 0.8;'>Caracter\u00edsticas<\/h3>\n<ul style='padding-left: 20px; font-size: 15px; color: inherit;'>\n<li style='margin-bottom: 5px;'>Para montaje en pared (incluye montaje)<\/li>\n<li style='margin-bottom: 5px;'>Soporta 1&comma;100 usuarios divididos en 2 grupos de acceso (1 por salida)<\/li>\n<li style='margin-bottom: 5px; margin-left: 20px;'>Grupo 1: 1&comma;000 usuarios<\/li>\n<li style='margin-bottom: 5px; margin-left: 20px;'>Grupo 2: 100 usuarios<\/li>\n<li style='margin-bottom: 5px;'>Uso solo en interior<\/li>\n<li style='margin-bottom: 5px;'>Salida Wiegand compatible con paneles AccessPRO <a href='https:\/\/www.youtube.com\/watch?v=CyW7C3pWaLU' target='_blank' rel='noopener' style='color: inherit; text-decoration: underline; font-weight: 500;'>Ver video tutorial<\/a><\/li>\n<li style='margin-bottom: 5px;'>Luz posterior en los botones<\/li>\n<li style='margin-bottom: 5px;'>Switch Tamper interconstruido<\/li>\n<li style='margin-bottom: 5px;'>2 entradas (Rex y sensor de puerta)<\/li>\n<li style='margin-bottom: 5px;'>Salida 1 es contacto h\u00famedo (salida de voltaje)<\/li>\n<li style='margin-bottom: 5px;'>Salida 2 es contacto seco (salida de relevador)<\/li>\n<li style='margin-bottom: 5px;'>Funci\u00f3n de visitante (programe usuarios v\u00e1lidos por cierto per\u00edodo de tiempo)<\/li>\n<li style='margin-bottom: 5px;'>Placa de acero inoxidable<\/li>\n<li style='margin-bottom: 5px;'>Voltaje de operaci\u00f3n: 12 Vcc autojustable (fuente no incluida)<\/li>\n<li style='margin-bottom: 5px;'>Dimensiones: 117 x 74 x 48 mm&comma; 200 gr.<\/li>\n<li style='margin-bottom: 5px;'>1 A\u00f1o de Garant\u00eda.<\/li>\n<\/ul><\/div>\n<\/p><\/div>\n<p> <!-- Secci\u00f3n de video --> <\/p>\n<div style='margin-bottom: 30px;'>\n<div style='position: relative; padding-bottom: 56.25%; height: 0; overflow: hidden;'>   <\/div>\n<\/p><\/div>\n<\/p><\/div>\n","protected":false},"excerpt":{"rendered":"<p>Teclado Aut\u00f3nomo con Lector de Proximidad Integrado para interior.<\/p>\n","protected":false},"featured_media":32,"comment_status":"open","ping_status":"closed","template":"","meta":[],"product_brand":[],"product_cat":[835],"product_tag":[865,836,62],"class_list":{"0":"post-24376","1":"product","2":"type-product","3":"status-publish","4":"has-post-thumbnail","6":"product_cat-todos-teclados-autonomos","7":"product_tag-accesspro-industrial","8":"product_tag-teclados-autonomos","9":"product_tag-todos","11":"first","12":"instock","13":"sale","14":"shipping-taxable","15":"purchasable","16":"product-type-simple"},"_links":{"self":[{"href":"https:\/\/soydeaqui.ddns.net\/pachuca\/index.php\/wp-json\/wp\/v2\/product\/24376","targetHints":{"allow":["GET"]}}],"collection":[{"href":"https:\/\/soydeaqui.ddns.net\/pachuca\/index.php\/wp-json\/wp\/v2\/product"}],"about":[{"href":"https:\/\/soydeaqui.ddns.net\/pachuca\/index.php\/wp-json\/wp\/v2\/types\/product"}],"replies":[{"embeddable":true,"href":"https:\/\/soydeaqui.ddns.net\/pachuca\/index.php\/wp-json\/wp\/v2\/comments?post=24376"}],"wp:featuredmedia":[{"embeddable":true,"href":"https:\/\/soydeaqui.ddns.net\/pachuca\/index.php\/wp-json\/wp\/v2\/media\/32"}],"wp:attachment":[{"href":"https:\/\/soydeaqui.ddns.net\/pachuca\/index.php\/wp-json\/wp\/v2\/media?parent=24376"}],"wp:term":[{"taxonomy":"product_brand","embeddable":true,"href":"https:\/\/soydeaqui.ddns.net\/pachuca\/index.php\/wp-json\/wp\/v2\/product_brand?post=24376"},{"taxonomy":"product_cat","embeddable":true,"href":"https:\/\/soydeaqui.ddns.net\/pachuca\/index.php\/wp-json\/wp\/v2\/product_cat?post=24376"},{"taxonomy":"product_tag","embeddable":true,"href":"https:\/\/soydeaqui.ddns.net\/pachuca\/index.php\/wp-json\/wp\/v2\/product_tag?post=24376"}],"curies":[{"name":"wp","href":"https:\/\/api.w.org\/{rel}","templated":true}]}}