{"id":24368,"date":"2026-03-18T11:33:03","date_gmt":"2026-03-18T11:33:03","guid":{"rendered":"https:\/\/soydeaqui.ddns.net\/pachuca\/index.php\/producto\/sensor-de-microondas-ideal-para-puertas-automaticas-industriales-ip65-angulo-de-inclinacionn-0-a-180\/"},"modified":"2026-03-18T11:33:07","modified_gmt":"2026-03-18T11:33:07","slug":"sensor-de-microondas-ideal-para-puertas-automaticas-industriales-ip65-angulo-de-inclinacionn-0-a-180","status":"publish","type":"product","link":"https:\/\/soydeaqui.ddns.net\/pachuca\/index.php\/producto\/sensor-de-microondas-ideal-para-puertas-automaticas-industriales-ip65-angulo-de-inclinacionn-0-a-180\/","title":{"rendered":"Sensor de Microondas Ideal Para Puertas Autom\u00e1ticas Industriales \/ IP65 \/ \u00c1ngulo de Inclinaci\u00f3nn 0 a 180\u00b0"},"content":{"rendered":"<div style='width: 100%; max-width: 1200px; margin: 0 auto; font-family: sans-serif; line-height: 1.6; color: inherit; background-color: transparent;'> <!-- T\u00edtulo y descripci\u00f3n principal --> <\/p>\n<div style='width: 100%; margin-bottom: 30px; text-align: center;'>\n<h1 style='font-size: 28px; color: inherit; margin: 0 0 15px 0;'><strong>10FALCON<\/strong><\/h1>\n<p style='margin: 0 70px 20px; font-size: 15px; color: inherit; opacity: 0.9;'>La FAMILIA de sensores FALCON de BEA es la principal soluci\u00f3n de activaci\u00f3n por microondas para aplicaciones industriales en interiores y exteriores.<\/p>\n<p style='margin: 0 70px 20px; font-size: 15px; color: inherit; opacity: 0.9;'>La FAMILIA de sensores FALCON de BEA es ideal para puertas industriales autom\u00e1ticas&comma; puertas \/ barreras para veh\u00edculos&comma; detecci\u00f3n de veh\u00edculos&comma; muelles de carga o cualquier otra aplicaci\u00f3n industrial donde se requiera detecci\u00f3n de movimiento.<\/p>\n<p style='margin: 0 70px 20px; font-size: 15px; color: inherit; opacity: 0.9;'>Alojado en un gabinete con clasificaci\u00f3n NEMA 4&comma; FALCON est\u00e1 dise\u00f1ado para operar en ambientes hostiles.<\/p>\n<\/p><\/div>\n<p> <!-- Separador --> <\/p>\n<hr style='border: 0; border-top: 1px solid rgba(150&comma; 150&comma; 150&comma; 0.3); margin: 30px 0;'> <!-- Secci\u00f3n de caracter\u00edsticas --> <\/p>\n<div style='display: flex; flex-wrap: wrap; gap: 30px; margin-bottom: 30px;'>\n<div style='flex: 1 1 300px; min-width: 280px;'>\n<div style='border-left: 5px solid #0091ff; border-radius: 5px; padding: 5px; box-shadow: 2px 2px 10px rgba(216&comma; 216&comma; 216&comma; 0.4);'> <strong style='font-size: 18px; display: block; margin-bottom: 10px; color: inherit;'>Caracter\u00edsticas principales:<\/strong> <\/p>\n<ul style='padding-left: 20px; font-size: 15px; color: inherit; list-style-type: disc;'>\n<li style='margin-bottom: 5px; color: inherit;'>Tecnolog\u00eda: Radar Doppler de microondas<\/li>\n<li style='margin-bottom: 5px; color: inherit;'>Fecuencia radiada: 24.150 GHz<\/li>\n<li style='margin-bottom: 5px; color: inherit;'>Transmisor de frecuencia irradiada: < 20 dBm EIRP<\/li>\n<li style='margin-bottom: 5px; color: inherit;'>Densidad de energ\u00eda radiada: < 5 mW \/ cm\u00b2<\/li>\n<\/ul><\/div>\n<\/p><\/div>\n<div style='flex: 1 1 300px; min-width: 280px;'>\n<div style='border-left: 5px solid #0091ff; border-radius: 5px; padding: 5px; box-shadow: 2px 2px 10px rgba(216&comma; 216&comma; 216&comma; 0.4);'> <strong style='font-size: 18px; display: block; margin-bottom: 10px; color: inherit;'>Caracter\u00edsticas F\u00edsicas y El\u00e9ctricas:<\/strong> <\/p>\n<ul style='padding-left: 20px; font-size: 15px; color: inherit; list-style-type: disc;'>\n<li style='margin-bottom: 5px; color: inherit;'>Voltaje de entrada: 12-24 Vca \/ Vcc 50 &#8211; 60 Hz.<\/li>\n<li style='margin-bottom: 5px; color: inherit;'>Potencia m\u00e1xima: < 2 W<\/li>\n<li style='margin-bottom: 5px; color: inherit;'>Dimensiones: 9.5&#215;10.1&#215;12.7 cm<\/li>\n<li style='margin-bottom: 5px; color: inherit;'>Salida de contacto seco<\/li>\n<\/ul><\/div>\n<\/p><\/div>\n<div style='flex: 1 1 300px; min-width: 280px;'>\n<div style='border-left: 5px solid #0091ff; border-radius: 5px; padding: 5px; box-shadow: 2px 2px 10px rgba(216&comma; 216&comma; 216&comma; 0.4);'> <strong style='font-size: 18px; display: block; margin-bottom: 10px; color: inherit;'>Caracter\u00edsticas Destacadas:<\/strong> <\/p>\n<ul style='padding-left: 20px; font-size: 15px; color: inherit; list-style-type: disc;'>\n<li style='margin-bottom: 5px; color: inherit;'>Temperatura: -30 \u00b0C a +60 \u00b0C<\/li>\n<li style='margin-bottom: 5px; color: inherit;'>Clasificaci\u00f3n IP: IP65 para exteriores<\/li>\n<li style='margin-bottom: 5px; color: inherit;'>Material: ABS y Policarbonato<\/li>\n<\/ul><\/div>\n<\/p><\/div>\n<\/p><\/div>\n<p> <!-- Separador --> <\/p>\n<hr style='border: 0; border-top: 1px solid rgba(150&comma; 150&comma; 150&comma; 0.3); margin: 30px 0;'> <!-- Galer\u00eda de im\u00e1genes --> <\/p>\n<div style='display: flex; flex-wrap: wrap; gap: 20px; margin-bottom: 30px;'>\n<div style='flex: 1 1 45%; min-width: 280px;'> <img style='width: 100%; height: auto; border: 1px solid rgba(150&comma;150&comma;150&comma;0.3); border-radius: 8px;' src='https:\/\/ftp3.syscom.mx\/usuarios\/scorrea\/CA\/BEA\/FALCON\/barrreras.JPG' alt=''> <\/div>\n<div style='flex: 1 1 45%; min-width: 280px;'> <img style='width: 100%; height: auto; border: 1px solid rgba(150&comma;150&comma;150&comma;0.3); border-radius: 8px;' src='https:\/\/ftp3.syscom.mx\/usuarios\/scorrea\/CA\/BEA\/FALCON\/Entradas.JPG' alt=''> <\/div>\n<div style='flex: 1 1 45%; min-width: 280px;'> <img style='width: 100%; height: auto; border: 1px solid rgba(150&comma;150&comma;150&comma;0.3); border-radius: 8px;' src='https:\/\/ftp3.syscom.mx\/usuarios\/scorrea\/CA\/BEA\/FALCON\/estacionamientos.JPG' alt=''> <\/div>\n<div style='flex: 1 1 45%; min-width: 280px;'> <img style='width: 100%; height: auto; border: 1px solid rgba(150&comma;150&comma;150&comma;0.3); border-radius: 8px;' src='https:\/\/ftp3.syscom.mx\/usuarios\/scorrea\/CA\/BEA\/FALCON\/peatones.JPG' alt=''> <\/div>\n<\/p><\/div>\n<\/p><\/div>\n","protected":false},"excerpt":{"rendered":"<p>Sensor de Microondas Ideal Para Puertas Autom\u00e1ticas Industriales \/ IP65 \/ \u00c1ngulo de Inclinaci\u00f3nn 0 a 180\u00b0<\/p>\n","protected":false},"featured_media":24367,"comment_status":"open","ping_status":"closed","template":"","meta":[],"product_brand":[],"product_cat":[777],"product_tag":[401,93,843],"class_list":{"0":"post-24368","1":"product","2":"type-product","3":"status-publish","4":"has-post-thumbnail","6":"product_cat-accesorios-acceso-vehicular","7":"product_tag-acceso-vehicular","8":"product_tag-accesorios","9":"product_tag-bea","11":"first","12":"instock","13":"sale","14":"shipping-taxable","15":"purchasable","16":"product-type-simple"},"_links":{"self":[{"href":"https:\/\/soydeaqui.ddns.net\/pachuca\/index.php\/wp-json\/wp\/v2\/product\/24368","targetHints":{"allow":["GET"]}}],"collection":[{"href":"https:\/\/soydeaqui.ddns.net\/pachuca\/index.php\/wp-json\/wp\/v2\/product"}],"about":[{"href":"https:\/\/soydeaqui.ddns.net\/pachuca\/index.php\/wp-json\/wp\/v2\/types\/product"}],"replies":[{"embeddable":true,"href":"https:\/\/soydeaqui.ddns.net\/pachuca\/index.php\/wp-json\/wp\/v2\/comments?post=24368"}],"wp:featuredmedia":[{"embeddable":true,"href":"https:\/\/soydeaqui.ddns.net\/pachuca\/index.php\/wp-json\/wp\/v2\/media\/24367"}],"wp:attachment":[{"href":"https:\/\/soydeaqui.ddns.net\/pachuca\/index.php\/wp-json\/wp\/v2\/media?parent=24368"}],"wp:term":[{"taxonomy":"product_brand","embeddable":true,"href":"https:\/\/soydeaqui.ddns.net\/pachuca\/index.php\/wp-json\/wp\/v2\/product_brand?post=24368"},{"taxonomy":"product_cat","embeddable":true,"href":"https:\/\/soydeaqui.ddns.net\/pachuca\/index.php\/wp-json\/wp\/v2\/product_cat?post=24368"},{"taxonomy":"product_tag","embeddable":true,"href":"https:\/\/soydeaqui.ddns.net\/pachuca\/index.php\/wp-json\/wp\/v2\/product_tag?post=24368"}],"curies":[{"name":"wp","href":"https:\/\/api.w.org\/{rel}","templated":true}]}}