{"id":24305,"date":"2026-03-18T11:31:50","date_gmt":"2026-03-18T11:31:50","guid":{"rendered":"https:\/\/soydeaqui.ddns.net\/pachuca\/index.php\/producto\/lector-usb-para-autentificacion-unidactilar-20-x-25-mm-incluye-sdk-para-desarrollos-500-dpi\/"},"modified":"2026-03-18T11:31:50","modified_gmt":"2026-03-18T11:31:50","slug":"lector-usb-para-autentificacion-unidactilar-20-x-25-mm-incluye-sdk-para-desarrollos-500-dpi","status":"publish","type":"product","link":"https:\/\/soydeaqui.ddns.net\/pachuca\/index.php\/producto\/lector-usb-para-autentificacion-unidactilar-20-x-25-mm-incluye-sdk-para-desarrollos-500-dpi\/","title":{"rendered":"Lector USB para Autentificaci\u00f3n Unidactilar 20 x 25 mm\/ Incluye SDK para Desarrollos\/ 500 DPI"},"content":{"rendered":"<div style='width: 100%; max-width: 1200px; margin: 0 auto; font-family: sans-serif; line-height: 1.6; color: inherit; background-color: transparent;'>\n<div style='display: flex; flex-direction: column; gap: 20px;'>\n<p style='font-size: 15px; color: inherit; margin-bottom: 15px;'>El DigitalPersona\u00ae 5300 de HID es un lector \u00f3ptico compacto de una sola huella dactilar que cumple con las normas FIPS 201\/PIV y FBI Mobile ID FAP 30. El dise\u00f1o del lector le permite cumplir con los requerimientos de alto volumen en aplicaciones a gran escala de inscripci\u00f3n y autenticaci\u00f3n comercial y de identificaci\u00f3n civil.<\/p>\n<p style='font-size: 15px; color: inherit; margin-bottom: 15px;'>El DigitalPersona 5300 viene con una superficie de vidrio con grado de protecci\u00f3n IP64&comma; que tambi\u00e9n es muy resistente al da\u00f1o qu\u00edmico y f\u00edsico&comma; lo cual lo hace ideal para entornos extremos.<\/p>\n<div style='display: flex; flex-wrap: wrap; gap: 30px; margin-bottom: 30px;'>\n<div style='flex: 1 1 300px; min-width: 280px;'>\n<h3 style='font-size: 22px; border-bottom: 2px solid currentColor; padding-bottom: 5px; margin-top: 0; color: inherit; opacity: 0.8;'>Caracter\u00edsticas<\/h3>\n<ul style='padding-left: 20px; font-size: 15px; color: inherit;'>\n<li style='margin-bottom: 5px;'>Resoluci\u00f3n: 500 PPP<\/li>\n<li style='margin-bottom: 5px;'><strong>\u00c1rea de captura de escaneo:<\/strong> 20.32 x 25.4 mm<\/li>\n<li style='margin-bottom: 5px;'>Compatible con USB 1.0&comma; 1.1 y 2.0<\/li>\n<li style='margin-bottom: 5px;'>Voltaje de Alimentaci\u00f3n: 5 V&comma; 100 mA<\/li>\n<li style='margin-bottom: 5px;'>Dimensiones: 86 x 53 x 31 mm.<\/li>\n<li style='margin-bottom: 5px;'>Peso: 245 g<\/li>\n<\/ul><\/div>\n<\/p><\/div>\n<div style='margin: 30px 0;'>\n<h3 style='font-size: 22px; margin-top: 0; margin-bottom: 15px; color: inherit; opacity: 0.8;'>V\u00eddeo<\/h3>\n<div style='display: flex; flex-direction: column; gap: 15px;'>\n<div style='position: relative; padding-bottom: 56.25%; height: 0; overflow: hidden;'>   <\/div>\n<div style='position: relative; padding-bottom: 56.25%; height: 0; overflow: hidden;'>   <\/div>\n<\/p><\/div>\n<\/p><\/div>\n<hr style='border: 0; border-top: 1px solid rgba(150&comma; 150&comma; 150&comma; 0.3); margin: 30px 0;'> <\/div>\n<\/p><\/div>\n","protected":false},"excerpt":{"rendered":"<p>Lector USB para Autentificaci\u00f3n Unidactilar 20 x 25 mm\/ Incluye SDK para Desarrollos\/ 500 DPI<\/p>\n","protected":false},"featured_media":24304,"comment_status":"open","ping_status":"closed","template":"","meta":[],"product_brand":[],"product_cat":[841],"product_tag":[744,842,814],"class_list":{"0":"post-24305","1":"product","2":"type-product","3":"status-publish","4":"has-post-thumbnail","6":"product_cat-enroladores-y-lectores-usb","7":"product_tag-biometricos","8":"product_tag-enroladores-y-lectores-usb","9":"product_tag-hid","11":"first","12":"instock","13":"sale","14":"shipping-taxable","15":"purchasable","16":"product-type-simple"},"_links":{"self":[{"href":"https:\/\/soydeaqui.ddns.net\/pachuca\/index.php\/wp-json\/wp\/v2\/product\/24305","targetHints":{"allow":["GET"]}}],"collection":[{"href":"https:\/\/soydeaqui.ddns.net\/pachuca\/index.php\/wp-json\/wp\/v2\/product"}],"about":[{"href":"https:\/\/soydeaqui.ddns.net\/pachuca\/index.php\/wp-json\/wp\/v2\/types\/product"}],"replies":[{"embeddable":true,"href":"https:\/\/soydeaqui.ddns.net\/pachuca\/index.php\/wp-json\/wp\/v2\/comments?post=24305"}],"wp:featuredmedia":[{"embeddable":true,"href":"https:\/\/soydeaqui.ddns.net\/pachuca\/index.php\/wp-json\/wp\/v2\/media\/24304"}],"wp:attachment":[{"href":"https:\/\/soydeaqui.ddns.net\/pachuca\/index.php\/wp-json\/wp\/v2\/media?parent=24305"}],"wp:term":[{"taxonomy":"product_brand","embeddable":true,"href":"https:\/\/soydeaqui.ddns.net\/pachuca\/index.php\/wp-json\/wp\/v2\/product_brand?post=24305"},{"taxonomy":"product_cat","embeddable":true,"href":"https:\/\/soydeaqui.ddns.net\/pachuca\/index.php\/wp-json\/wp\/v2\/product_cat?post=24305"},{"taxonomy":"product_tag","embeddable":true,"href":"https:\/\/soydeaqui.ddns.net\/pachuca\/index.php\/wp-json\/wp\/v2\/product_tag?post=24305"}],"curies":[{"name":"wp","href":"https:\/\/api.w.org\/{rel}","templated":true}]}}