{"id":24105,"date":"2026-03-18T11:28:00","date_gmt":"2026-03-18T11:28:00","guid":{"rendered":"https:\/\/soydeaqui.ddns.net\/pachuca\/index.php\/producto\/modulo-de-supervision-de-12-entradas-y-2-salidas-de-relevador\/"},"modified":"2026-03-18T11:28:07","modified_gmt":"2026-03-18T11:28:07","slug":"modulo-de-supervision-de-12-entradas-y-2-salidas-de-relevador","status":"publish","type":"product","link":"https:\/\/soydeaqui.ddns.net\/pachuca\/index.php\/producto\/modulo-de-supervision-de-12-entradas-y-2-salidas-de-relevador\/","title":{"rendered":"M\u00f3dulo de Supervisi\u00f3n de  12 Entradas y 2 salidas de Relevador"},"content":{"rendered":"<div style='width: 100%; max-width: 1200px; margin: 0 auto; font-family: sans-serif; line-height: 1.6; color: inherit; background-color: transparent;'> <!-- Descripci\u00f3n principal --> <\/p>\n<div style='margin-bottom: 30px;'>\n<h2 style='font-size: 28px; margin-top: 0; margin-bottom: 15px; color: inherit;'>M\u00f3dulo de Supervisi\u00f3n de 12 Entradas y 2 salidas de Relevador<\/h2>\n<p style='font-size: 16px; margin-bottom: 15px;'><strong>El m\u00f3dulo de entradas es un m\u00f3dulo de extensi\u00f3n de m\u00faltiples entradas<\/strong> el cual puede controlar hasta 12 entradas supervisadas&comma; 1 tamper switch y 2 relevadores. Un total de 31 unidades pueden ser conectadas a un equipo maestro v\u00eda RS485 en conexi\u00f3n en cascada. Esto permitiendo usar las entradas para enlazarlas a sensores o contactos de puertas&comma; etc.&comma; y tambi\u00e9n como la brindar una sencilla interface de contacto seco a otros sistemas.<\/p>\n<\/p><\/div>\n<p> <!-- Secci\u00f3n de especificaciones --> <\/p>\n<div style='margin-bottom: 30px;'>\n<h3 style='font-size: 24px; margin-top: 0; margin-bottom: 20px; border-bottom: 2px solid currentColor; padding-bottom: 8px; color: inherit; opacity: 0.8;'>Especificaciones<\/h3>\n<p> <!-- Especificaciones en formato de cards --> <\/p>\n<div style='display: flex; flex-wrap: wrap; gap: 20px; margin-bottom: 30px;'> <!-- Capacidad --> <\/p>\n<div style='flex: 1 1 250px; border: 1px solid rgba(150&comma; 150&comma; 150&comma; 0.4); border-radius: 8px; overflow: hidden; display: flex; flex-direction: column;'>\n<div style='padding: 15px; border-bottom: 1px solid rgba(150&comma; 150&comma; 150&comma; 0.2); font-weight: bold; font-size: 18px; color: inherit;'>Capacidad<\/div>\n<div style='padding: 15px; color: inherit;'>\n<ul style='padding-left: 20px; margin: 0; font-size: 14px; list-style-type: disc;'>\n<li style='margin-bottom: 5px;'><strong>Max. Text Log:<\/strong> 10ea por puerto<\/li>\n<\/ul><\/div>\n<\/p><\/div>\n<p> <!-- General --> <\/p>\n<div style='flex: 1 1 250px; border: 1px solid rgba(150&comma; 150&comma; 150&comma; 0.4); border-radius: 8px; overflow: hidden; display: flex; flex-direction: column;'>\n<div style='padding: 15px; border-bottom: 1px solid rgba(150&comma; 150&comma; 150&comma; 0.2); font-weight: bold; font-size: 18px; color: inherit;'>General<\/div>\n<div style='padding: 15px; color: inherit;'>\n<ul style='padding-left: 20px; margin: 0; font-size: 14px; list-style-type: disc;'>\n<li style='margin-bottom: 5px;'><strong>CPU:<\/strong> Cortex M3 72 MHz<\/li>\n<li style='margin-bottom: 5px;'><strong>Memoria:<\/strong> 512 KB Flash + 64 KB SRAM<\/li>\n<li style='margin-bottom: 5px;'><strong>LED:<\/strong> Multi-color<\/li>\n<li style='margin-bottom: 5px;'><strong>Temperatura operaci\u00f3n:<\/strong> -20\u00b0C\u201360\u00b0C<\/li>\n<li style='margin-bottom: 5px;'><strong>Temperatura almacenamiento:<\/strong> -40\u00b0C\u201370\u00b0C<\/li>\n<li style='margin-bottom: 5px;'><strong>Humedad de operaci\u00f3n:<\/strong> 0 %\u201395 %&comma; sin condensar<\/li>\n<li style='margin-bottom: 5px;'><strong>Humedad almacenamiento:<\/strong> 0 %\u201395 %&comma; sin condensar<\/li>\n<li style='margin-bottom: 5px;'><strong>Peso:<\/strong> 203 g<\/li>\n<li style='margin-bottom: 5px;'><strong>Dimensiones (WxHxD&comma; mm):<\/strong> 90 mm x 190 mm x 21 mm<\/li>\n<li style='margin-bottom: 5px;'><strong>Tamper:<\/strong> 1 canal<\/li>\n<li style='margin-bottom: 5px;'><strong>Certificados:<\/strong> CE&comma; FCC&comma; KC&comma; RoHS&comma; REACH&comma; WEEE<\/li>\n<\/ul><\/div>\n<\/p><\/div>\n<p> <!-- Interface --> <\/p>\n<div style='flex: 1 1 250px; border: 1px solid rgba(150&comma; 150&comma; 150&comma; 0.4); border-radius: 8px; overflow: hidden; display: flex; flex-direction: column;'>\n<div style='padding: 15px; border-bottom: 1px solid rgba(150&comma; 150&comma; 150&comma; 0.2); font-weight: bold; font-size: 18px; color: inherit;'>Interface<\/div>\n<div style='padding: 15px; color: inherit;'>\n<ul style='padding-left: 20px; margin: 0; font-size: 14px; list-style-type: disc;'>\n<li style='margin-bottom: 5px;'><strong>RS-485:<\/strong> 1 canal<\/li>\n<li style='margin-bottom: 5px;'><strong>Relevadores:<\/strong> 2 relevadores<\/li>\n<li style='margin-bottom: 5px;'><strong>Entradas supervisadas:<\/strong> 12 canales (TTL entradas seleccionables)<\/li>\n<li style='margin-bottom: 5px;'><strong>AUX Input:<\/strong> 2 canales (AC POWER FAIL)<\/li>\n<\/ul><\/div>\n<\/p><\/div>\n<p> <!-- Especificaciones el\u00e9ctricas --> <\/p>\n<div style='flex: 1 1 250px; border: 1px solid rgba(150&comma; 150&comma; 150&comma; 0.4); border-radius: 8px; overflow: hidden; display: flex; flex-direction: column;'>\n<div style='padding: 15px; border-bottom: 1px solid rgba(150&comma; 150&comma; 150&comma; 0.2); font-weight: bold; font-size: 18px; color: inherit;'>Espec\u00edficas el\u00e9ctricas<\/div>\n<div style='padding: 15px; color: inherit;'>\n<ul style='padding-left: 20px; margin: 0; font-size: 14px; list-style-type: disc;'>\n<li style='margin-bottom: 5px;'><strong>Alimentaci\u00f3n:<\/strong> DC 12 V (Max. 130 mA) o DC 24 V (Max. 82 mA)<sup style='font-size: 12px;'>1<\/sup><\/li>\n<\/ul><\/div>\n<\/p><\/div>\n<\/p><\/div>\n<p> <!-- Notas --> <\/p>\n<div style='margin-top: 20px; padding: 15px; background-color: rgba(150&comma; 150&comma; 150&comma; 0.1); border-left: 4px solid rgba(150&comma; 150&comma; 150&comma; 0.4); font-size: 14px;'>\n<p style='margin: 5px 0;'><sup style='font-size: 12px;'>1<\/sup> Se recomienda adaptador de DC 12 V (\u00b1 10%) con un m\u00ednimo de 1 A o DC 24 V (\u00b110%) con un m\u00ednimo de 1 A.<\/p>\n<p style='margin: 5px 0;'>* Adaptador o fuente se vende por separado. Refierase a las especificaciones recomendadas.<\/p>\n<\/p><\/div>\n<\/p><\/div>\n<\/p><\/div>\n","protected":false},"excerpt":{"rendered":"<p>M\u00f3dulo de Supervisi\u00f3n de  12 Entradas y 2 salidas de Relevador<\/p>\n","protected":false},"featured_media":24104,"comment_status":"open","ping_status":"closed","template":"","meta":[],"product_brand":[],"product_cat":[783],"product_tag":[785,784,798],"class_list":{"0":"post-24105","1":"product","2":"type-product","3":"status-publish","4":"has-post-thumbnail","6":"product_cat-controladores-de-acceso","7":"product_tag-controladores-de-acceso","8":"product_tag-paneles-de-control-de-acceso","9":"product_tag-suprema","11":"first","12":"outofstock","13":"sale","14":"shipping-taxable","15":"purchasable","16":"product-type-simple"},"_links":{"self":[{"href":"https:\/\/soydeaqui.ddns.net\/pachuca\/index.php\/wp-json\/wp\/v2\/product\/24105","targetHints":{"allow":["GET"]}}],"collection":[{"href":"https:\/\/soydeaqui.ddns.net\/pachuca\/index.php\/wp-json\/wp\/v2\/product"}],"about":[{"href":"https:\/\/soydeaqui.ddns.net\/pachuca\/index.php\/wp-json\/wp\/v2\/types\/product"}],"replies":[{"embeddable":true,"href":"https:\/\/soydeaqui.ddns.net\/pachuca\/index.php\/wp-json\/wp\/v2\/comments?post=24105"}],"wp:featuredmedia":[{"embeddable":true,"href":"https:\/\/soydeaqui.ddns.net\/pachuca\/index.php\/wp-json\/wp\/v2\/media\/24104"}],"wp:attachment":[{"href":"https:\/\/soydeaqui.ddns.net\/pachuca\/index.php\/wp-json\/wp\/v2\/media?parent=24105"}],"wp:term":[{"taxonomy":"product_brand","embeddable":true,"href":"https:\/\/soydeaqui.ddns.net\/pachuca\/index.php\/wp-json\/wp\/v2\/product_brand?post=24105"},{"taxonomy":"product_cat","embeddable":true,"href":"https:\/\/soydeaqui.ddns.net\/pachuca\/index.php\/wp-json\/wp\/v2\/product_cat?post=24105"},{"taxonomy":"product_tag","embeddable":true,"href":"https:\/\/soydeaqui.ddns.net\/pachuca\/index.php\/wp-json\/wp\/v2\/product_tag?post=24105"}],"curies":[{"name":"wp","href":"https:\/\/api.w.org\/{rel}","templated":true}]}}